000
CXUS53 KSGF 010800
CF6JLN
PRELIMINARY LOCAL CLIMATOLOGICAL DATA (WS FORM: F-6)

                                          STATION:   JOPLIN MO
                                          MONTH:     JULY
                                          YEAR:      2015
                                          LATITUDE:   37 10 N
                                          LONGITUDE:  94 30 W

  TEMPERATURE IN F:       :PCPN:    SNOW:  WIND      :SUNSHINE: SKY     :PK WND
================================================================================
1   2   3   4   5  6A  6B    7    8   9   10  11  12  13   14  15   16   17  18
                                     12Z  AVG MX 2MIN
DY MAX MIN AVG DEP HDD CDD  WTR  SNW DPTH SPD SPD DIR MIN PSBL S-S WX    SPD DR
================================================================================

 1  86  77  82   3   0  17    T    M    M 12.8 24 210   M    M   2 3      32 210
 2  86  71  79   0   0  14    T    M    M  5.8 20 220   M    M   6 18     26 220
 3  84  67  76  -3   0  11 0.14    M    M  4.3 15  40   M    M   5 13     21  40
 4  87  67  77  -3   0  12 0.00    M    M  5.3 10 160   M    M   2 18     13 120
 5  91  70  81   1   0  16    T    M    M  9.0 22 160   M    M   2 1      27 150
 6  88  69  79  -1   0  14 0.77    M    M 13.0 22 190   M    M   2 13     29 190
 7  74  65  70 -10   0   5 0.11    M    M  5.5 12  10   M    M   9 1      17 360
 8  73  66  70 -10   0   5 3.14    M    M  7.7 22 220   M    M   9 13     31 210
 9  72  68  70 -10   0   5 0.74    M    M  2.6 13 150   M    M  10 13     16 140
10  89  68  79  -1   0  14 0.00    M    M  7.4 17 190   M    M   3 12     22 210
11  90  73  82   2   0  17 0.00    M    M 12.8 23 210   M    M   0        29 210
12  92  75  84   4   0  19 0.00    M    M 12.0 20 200   M    M   0        23 200
13  95  77  86   6   0  21 0.00    M    M 12.5 21 200   M    M   0        26 200
14  92  77  85   5   0  20    T    M    M  8.1 17 340   M    M   1 3      22 210
15  94  76  85   5   0  20 0.00    M    M  6.6 13 130   M    M   2 8      20 320
16  92  74  83   3   0  18 0.00    M    M 12.8 21 180   M    M   0        26 200
17  89  77  83   3   0  18 0.00    M    M 11.3 20 230   M    M   1 8      25 230
18  93  77  85   5   0  20 0.00    M    M 12.5 20 180   M    M   0 8      25 170
19  92  76  84   4   0  19 0.00    M    M  9.6 15 250   M    M   0        20 210
20  94  77  86   5   0  21 0.00    M    M  7.3 16 240   M    M   3 8      19 200
21  86  71  79  -2   0  14    T    M    M  5.7 13 140   M    M   7 3      22  30
22  85  71  78  -3   0  13 0.03    M    M  3.5 12 300   M    M   8 13     17  90
23  90  74  82   1   0  17 0.16    M    M  4.0 12 240   M    M   3 13     15 250
24  96  75  86   5   0  21 0.00    M    M  6.4 13 170   M    M   1 1      17 190
25  95  74  85   4   0  20 0.00    M    M  5.5 15  20   M    M   0        20  40
26  95  77  86   5   0  21 0.00    M    M  7.3 17 200   M    M   0        21 200
27  96  76  86   5   0  21 0.00    M    M  7.1 15 190   M    M   1        19 220
28  96  78  87   6   0  22 0.00    M    M 11.3 21 200   M    M   0        28 210
29  97  72  85   4   0  20 0.00    M    M  6.1 16  20   M    M   2 1      26  60
30  89  71  80  -1   0  15 0.00    M    M  5.6 14  90   M    M   2        19  90
31  92  65  79  -2   0  14 0.00    M    M  3.9 12 170   M    M   1        16 260
================================================================================
SM 2770 2251         0 504  5.09    M    245.3          M       82
================================================================================
AV 89.4 72.6                               7.9 FASTST   M    M   3    MAX(MPH)
                                 MISC ---->  # 24 210               # 32  210
================================================================================
NOTES:
# LAST OF SEVERAL OCCURRENCES

COLUMN 17 PEAK WIND IN M.P.H.

PRELIMINARY LOCAL CLIMATOLOGICAL DATA (WS FORM: F-6) , PAGE 2

                                          STATION:  JOPLIN MO
                                          MONTH:    JULY
                                          YEAR:     2015
                                          LATITUDE:   37 10 N
                                          LONGITUDE:  94 30 W

[TEMPERATURE DATA]      [PRECIPITATION DATA]       SYMBOLS USED IN COLUMN 16

AVERAGE MONTHLY: 81.0   TOTAL FOR MONTH:   5.09    1 = FOG OR MIST
DPTR FM NORMAL:   0.8   DPTR FM NORMAL:    1.28    2 = FOG REDUCING VISIBILITY
HIGHEST:    97 ON 29    GRTST 24HR  3.15 ON  7- 8      TO 1/4 MILE OR LESS
LOWEST:     65 ON 31, 7                            3 = THUNDER
                        SNOW, ICE PELLETS, HAIL    4 = ICE PELLETS
                        TOTAL MONTH:    M          5 = HAIL
                        GRTST 24HR    M  ON   M    6 = FREEZING RAIN OR DRIZZLE
                        GRTST DEPTH:  M  ON   M    7 = DUSTSTORM OR SANDSTORM:
                                                       VSBY 1/2 MILE OR LESS
                                                   8 = SMOKE OR HAZE
[NO. OF DAYS WITH]      [WEATHER - DAYS WITH]      9 = BLOWING SNOW
                                                   X = TORNADO
MAX 32 OR BELOW:   0    0.01 INCH OR MORE:   7
MAX 90 OR ABOVE:  18    0.10 INCH OR MORE:   6
MIN 32 OR BELOW:   0    0.50 INCH OR MORE:   3
MIN  0 OR BELOW:   0    1.00 INCH OR MORE:   1

[HDD (BASE 65) ]
TOTAL THIS MO.     0    CLEAR  (SCALE 0-3)  24
DPTR FM NORMAL     0    PTCLDY (SCALE 4-7)   4
TOTAL FM JUL 1     0    CLOUDY (SCALE 8-10)  3
DPTR FM NORMAL     0

[CDD (BASE 65) ]
TOTAL THIS MO.   504
DPTR FM NORMAL    31    [PRESSURE DATA]
TOTAL FM JAN 1  1033    HIGHEST SLP M ON M
DPTR FM NORMAL    62    LOWEST  SLP 29.74 ON M

[REMARKS]
#FINAL-07-15#
