415
CXUS53 KBIS 200729
CF6JMS
PRELIMINARY LOCAL CLIMATOLOGICAL DATA (WS FORM: F-6)

                                          STATION:   JAMESTOWN ND
                                          MONTH:     FEBRUARY
                                          YEAR:      2017
                                          LATITUDE:   46 55 N
                                          LONGITUDE:  98 40 W

  TEMPERATURE IN F:       :PCPN:    SNOW:  WIND      :SUNSHINE: SKY     :PK WND
================================================================================
1   2   3   4   5  6A  6B    7    8   9   10  11  12  13   14  15   16   17  18
                                     12Z  AVG MX 2MIN
DY MAX MIN AVG DEP HDD CDD  WTR  SNW DPTH SPD SPD DIR MIN PSBL S-S WX    SPD DR
================================================================================

 1  11   0   6  -5  59   0 0.00    M    M 16.9 31 300   M    M   4        37 310
 2   8   0   4  -7  61   0 0.00    M    M 16.0 25 310   M    M   1        31 320
 3  19   0  10  -2  55   0 0.00    M    M 11.0 17 270   M    M   0        22 270
 4  19   7  13   1  52   0    T    M    M 12.3 24 330   M    M   6 1      30 330
 5  13  -2   6  -6  59   0    T    M    M  8.2 17 110   M    M   4        22 120
 6  12   6   9  -3  56   0    T    M    M 14.6 24  40   M    M  10 189    31  40
 7   7  -8   0 -12  65   0    T    M    M 16.2 25 360   M    M   5 189    30 350
 8   2 -12  -5 -18  70   0 0.00    M    M 12.9 23 290   M    M   1        28 290
 9  21  -9   6  -7  59   0    T    M    M 13.6 26 180   M    M   3        35 200
10  44  17  31  18  34   0 0.00    M    M 11.0 25 190   M    M   1        33 190
11  41  24  33  19  32   0    T    M    M 11.3 37 320   M    M   7 12     46 320
12  35  22  29  15  36   0 0.00    M    M 14.9 26 290   M    M   0        34 290
13  38  28  33  19  32   0 0.00    M    M 16.4 25 310   M    M   0        33 300
14  36  21  29  14  36   0 0.00    M    M 14.1 24 320   M    M   0        29 320
15  40  19  30  15  35   0 0.00    M    M  8.0 16 190   M    M   0 1      20 190
16  46  27  37  22  28   0 0.00    M    M  7.8 18 270   M    M   0        22 270
17  46  28  37  21  28   0 0.00    M    M 10.4 23 280   M    M   0        32 280
18  43  33  38  22  27   0 0.00    M    M  6.3 17 280   M    M   1        21 270
19  48  35  42  26  23   0 0.00    M    M 12.3 22 130   M    M   1 1      27 130
================================================================================
SM  529  236       847   0    T     M    234.2          M       44
================================================================================
AV 27.8 12.4                              12.3 FASTST   M    M   2    MAX(MPH)
                                 MISC ---->  # 37 320               # 46  320
================================================================================
NOTES:
# LAST OF SEVERAL OCCURRENCES

COLUMN 17 PEAK WIND IN M.P.H.

PRELIMINARY LOCAL CLIMATOLOGICAL DATA (WS FORM: F-6) , PAGE 2

                                          STATION:  JAMESTOWN ND
                                          MONTH:    FEBRUARY
                                          YEAR:     2017
                                          LATITUDE:   46 55 N
                                          LONGITUDE:  98 40 W

[TEMPERATURE DATA]      [PRECIPITATION DATA]       SYMBOLS USED IN COLUMN 16

AVERAGE MONTHLY: 20.1   TOTAL FOR MONTH:      T    1 = FOG OR MIST
DPTR FM NORMAL:   6.7   DPTR FM NORMAL:   -0.23    2 = FOG REDUCING VISIBILITY
HIGHEST:    48 ON 19    GRTST 24HR    T  ON 11-11      TO 1/4 MILE OR LESS
LOWEST:    -12 ON  8                               3 = THUNDER
                        SNOW, ICE PELLETS, HAIL    4 = ICE PELLETS
                        TOTAL MONTH:    M          5 = HAIL
                        GRTST 24HR    M  ON   M    6 = FREEZING RAIN OR DRIZZLE
                        GRTST DEPTH:  M  ON   M    7 = DUSTSTORM OR SANDSTORM:
                                                       VSBY 1/2 MILE OR LESS
                                                   8 = SMOKE OR HAZE
[NO. OF DAYS WITH]      [WEATHER - DAYS WITH]      9 = BLOWING SNOW
                                                   X = TORNADO
MAX 32 OR BELOW:   9    0.01 INCH OR MORE:   0
MAX 90 OR ABOVE:   0    0.10 INCH OR MORE:   0
MIN 32 OR BELOW:  17    0.50 INCH OR MORE:   0
MIN  0 OR BELOW:   7    1.00 INCH OR MORE:   0

[HDD (BASE 65) ]
TOTAL THIS MO.   847    CLEAR  (SCALE 0-3)  12
DPTR FM NORMAL  -131    PTCLDY (SCALE 4-7)   6
TOTAL FM JUL 1  5659    CLOUDY (SCALE 8-10)  1
DPTR FM NORMAL  -681

[CDD (BASE 65) ]
TOTAL THIS MO.     0
DPTR FM NORMAL     0    [PRESSURE DATA]
TOTAL FM JAN 1     0    HIGHEST SLP M ON M
DPTR FM NORMAL     0    LOWEST  SLP 29.40 ON 17

[REMARKS]
