000
CXUS53 KBIS 280845
CF6JMS
PRELIMINARY LOCAL CLIMATOLOGICAL DATA (WS FORM: F-6)

                                          STATION:   JAMESTOWN ND
                                          MONTH:     SEPTEMBER
                                          YEAR:      2016
                                          LATITUDE:   46 55 N
                                          LONGITUDE:  98 40 W

  TEMPERATURE IN F:       :PCPN:    SNOW:  WIND      :SUNSHINE: SKY     :PK WND
================================================================================
1   2   3   4   5  6A  6B    7    8   9   10  11  12  13   14  15   16   17  18
                                     12Z  AVG MX 2MIN
DY MAX MIN AVG DEP HDD CDD  WTR  SNW DPTH SPD SPD DIR MIN PSBL S-S WX    SPD DR
================================================================================

 1  84  59  72   8   0   7 0.00    M    M 11.7 18 170   M    M   0        25 170
 2  80  59  70   6   0   5 0.00    M    M 19.1 30 170   M    M   0        41 150
 3  82  61  72   9   0   7 0.00    M    M 14.5 23 180   M    M   2        29 180
 4  69  57  63   0   2   0 2.48    M    M  9.8 23  20   M    M   8 13     30  10
 5  63  57  60  -2   5   0    T    M    M  6.2 13 350   M    M  10 1      17 360
 6  69  53  61  -1   4   0 0.00    M    M  5.8 13 330   M    M   3        19 340
 7  67  51  59  -2   6   0 0.75    M    M  8.3 31 310   M    M   5 13     40 320
 8  75  51  63   2   2   0 0.03    M    M  6.7 14 200   M    M   3        18 200
 9  66  51  59  -1   6   0 0.00    M    M  9.6 18 300   M    M   2        25 300
10  69  48  59  -1   6   0 0.00    M    M  7.6 15 280   M    M   1        19 270
11  84  46  65   5   0   0 0.00    M    M  8.1 21 180   M    M   0        26 180
12  63  44  54  -5  11   0 0.00    M    M 13.9 23 320   M    M   4        35 350
13  56  36  46 -13  19   0    T    M    M  7.8 17 310   M    M   4        21 310
14  67  35  51  -7  14   0 0.00    M    M  8.2 18 180   M    M   2        27 170
15  66  50  58   0   7   0 0.02    M    M  5.9 14 170   M    M   7 12     17 170
16  66  47  57   0   8   0    T    M    M  6.4 18 320   M    M   8 12     23 320
17  77  45  61   4   4   0 0.00    M    M  6.7 14 190   M    M   0        17 200
18  79  52  66  10   0   1 0.00    M    M  9.1 20 270   M    M   2        25 270
19  73  47  60   4   5   0 0.00    M    M  8.0 24 280   M    M   0 8      28 270
20  74  46  60   4   5   0 0.25    M    M  4.5 21 210   M    M   2 1      26 210
21  71  53  62   7   3   0    T    M    M 11.9 22  80   M    M   4 3      30  90
22  63  48  56   1   9   0 0.00    M    M 11.9 21  50   M    M   4        30  50
23  64  55  60   6   5   0 0.38    M    M 13.4 23 110   M    M  10 13     31 120
24  77  56  67  13   0   2 0.00    M    M 13.3 23 150   M    M   5 1      31 150
25  63  46  55   2  10   0    T    M    M 19.3 38 320   M    M   5        48 300
26  64  43  54   1  11   0 0.00    M    M 15.8 32 310   M    M   0        41 310
27  67  40  54   2  11   0 0.00    M    M  8.8 21 330   M    M   0        27 310
================================================================================
SM 1898 1336       153  22  3.91    M    272.3          M       91
================================================================================
AV 70.3 49.5                              10.1 FASTST   M    M   3    MAX(MPH)
                                 MISC ---->  # 38 320               # 48  300
================================================================================
NOTES:
# LAST OF SEVERAL OCCURRENCES

COLUMN 17 PEAK WIND IN M.P.H.

PRELIMINARY LOCAL CLIMATOLOGICAL DATA (WS FORM: F-6) , PAGE 2

                                          STATION:  JAMESTOWN ND
                                          MONTH:    SEPTEMBER
                                          YEAR:     2016
                                          LATITUDE:   46 55 N
                                          LONGITUDE:  98 40 W

[TEMPERATURE DATA]      [PRECIPITATION DATA]       SYMBOLS USED IN COLUMN 16

AVERAGE MONTHLY: 59.9   TOTAL FOR MONTH:   3.91    1 = FOG OR MIST
DPTR FM NORMAL:   1.7   DPTR FM NORMAL:    2.08    2 = FOG REDUCING VISIBILITY
HIGHEST:    84 ON 11, 1 GRTST 24HR  2.48 ON  4- 4      TO 1/4 MILE OR LESS
LOWEST:     35 ON 14                               3 = THUNDER
                        SNOW, ICE PELLETS, HAIL    4 = ICE PELLETS
                        TOTAL MONTH:    M          5 = HAIL
                        GRTST 24HR    M  ON   M    6 = FREEZING RAIN OR DRIZZLE
                        GRTST DEPTH:  M  ON   M    7 = DUSTSTORM OR SANDSTORM:
                                                       VSBY 1/2 MILE OR LESS
                                                   8 = SMOKE OR HAZE
[NO. OF DAYS WITH]      [WEATHER - DAYS WITH]      9 = BLOWING SNOW
                                                   X = TORNADO
MAX 32 OR BELOW:   0    0.01 INCH OR MORE:   6
MAX 90 OR ABOVE:   0    0.10 INCH OR MORE:   4
MIN 32 OR BELOW:   0    0.50 INCH OR MORE:   2
MIN  0 OR BELOW:   0    1.00 INCH OR MORE:   1

[HDD (BASE 65) ]
TOTAL THIS MO.   153    CLEAR  (SCALE 0-3)  14
DPTR FM NORMAL   -60    PTCLDY (SCALE 4-7)   9
TOTAL FM JUL 1   186    CLOUDY (SCALE 8-10)  4
DPTR FM NORMAL   -93

[CDD (BASE 65) ]
TOTAL THIS MO.    22
DPTR FM NORMAL    -6    [PRESSURE DATA]
TOTAL FM JAN 1   415    HIGHEST SLP M ON M
DPTR FM NORMAL   -28    LOWEST  SLP 29.60 ON 18

[REMARKS]
