000
CXUS54 KFWD 300730
CF6JWY
PRELIMINARY LOCAL CLIMATOLOGICAL DATA (WS FORM: F-6)

                                          STATION:   WAXAHACHIE
                                          MONTH:     AUGUST
                                          YEAR:      2015
                                          LATITUDE:   32 27 N
                                          LONGITUDE:  96 54 W

  TEMPERATURE IN F:       :PCPN:    SNOW:  WIND      :SUNSHINE: SKY     :PK WND
================================================================================
1   2   3   4   5  6A  6B    7    8   9   10  11  12  13   14  15   16   17  18
                                     12Z  AVG MX 2MIN
DY MAX MIN AVG DEP HDD CDD  WTR  SNW DPTH SPD SPD DIR MIN PSBL S-S WX    SPD DR
================================================================================

 1  97  70  84   0   0  19 0.00  0.0    0  2.7  8  80   M    M   2         M  M
 2  98  74  86   1   0  21 0.00  0.0    0  2.8  9 140   M    M   2         M  M
 3 100  72  86   1   0  21 0.00  0.0    0  3.1  7 110   M    M   0         M  M
 4  99  74  87   2   0  22 0.00  0.0    0  5.5 13 190   M    M   1        17 180
 5 102  78  90   5   0  25 0.00  0.0    0  8.5 20 190   M    M   1        23 190
 6 102  79  91   6   0  26 0.00  0.0    0  9.4 14 210   M    M   0        20 210
 7 102  78  90   5   0  25 0.00  0.0    0  8.2 13 190   M    M   0        17 160
 8 102  76  89   4   0  24 0.00  0.0    0  8.0 13 160   M    M   0        20 150
 9 105  75  90   5   0  25 0.00  0.0    0  7.6 14 210   M    M   0        20 210
10 106  76  91   7   0  26 0.00  0.0    0  4.4 12 210   M    M   0         M  M
11 103  77  90   6   0  25 0.08  0.0    0  2.6 12 350   M    M   1         M  M
12  99  75  87   3   0  22 0.00  0.0    0  6.0 13  50   M    M   0        20 350
13  97  74  86   2   0  21 0.00  0.0    0  4.9  8  70   M    M   0         M  M
14  98  73  86   2   0  21 0.00  0.0    0  3.9  8 110   M    M   2         M  M
15  96  71  84   0   0  19 0.00  0.0    0  4.3  9  90   M    M   1        17 100
16  98  68  83  -1   0  18 0.00  0.0    0  2.5  7 110   M    M   1         M  M
17  98  72  85   1   0  20 0.00  0.0    0  4.3  9 140   M    M   1        21 140
18  98  75  87   3   0  22 0.00  0.0    0  9.3 15 170   M    M   1        23 170
19  95  67  81  -3   0  16 0.01  0.0    0 11.3 18 340   M    M   5        24 170
20  71  64  68 -16   0   3 0.08  0.0    0  4.4  8 360   M    M  10 1       M  M
21  91  69  80  -4   0  15 0.00  0.0    0  5.9 14 140   M    M   5 1      20 140
22  97  73  85   1   0  20 0.00  0.0    0  8.1 15 170   M    M   4 1      20 170
23 100  75  88   5   0  23 0.00  0.0    0  7.3 12 160   M    M   1        16 170
24  96  75  86   3   0  21 0.06  0.0    0  2.9 37  10   M    M   1 1      45  10
25  93  73  83   0   0  18 0.01  0.0    0  4.6 10  70   M    M   2 1      16  90
26  96  69  83   0   0  18 0.00  0.0    0  3.3  7  30   M    M   1         M  M
27  97  68  83   0   0  18 0.00  0.0    0  3.8 10 170   M    M   0         M  M
28  96  68  82   0   0  17 0.00  0.0    0  4.2  9 140   M    M   0        16 150
29  92  74  83   1   0  18 0.00  0.0    0  6.1 13 180   M    M   2        10 280
================================================================================
SM 2824 2112         0 589  0.24     0.0 159.9          M       44
================================================================================
AV 97.4 72.8                               5.5 FASTST   M    M   2    MAX(MPH)
                                 MISC ---->    37   M                 45    M
================================================================================
NOTES:
# LAST OF SEVERAL OCCURRENCES

COLUMN 17 PEAK WIND IN M.P.H.

PRELIMINARY LOCAL CLIMATOLOGICAL DATA (WS FORM: F-6) , PAGE 2

                                          STATION:  WAXAHACHIE
                                          MONTH:    AUGUST
                                          YEAR:     2015
                                          LATITUDE:   32 27 N
                                          LONGITUDE:  96 54 W

[TEMPERATURE DATA]      [PRECIPITATION DATA]       SYMBOLS USED IN COLUMN 16

AVERAGE MONTHLY: 85.1   TOTAL FOR MONTH:   0.24    1 = FOG OR MIST
DPTR FM NORMAL:   1.1   DPTR FM NORMAL:   -1.91    2 = FOG REDUCING VISIBILITY
HIGHEST:   106 ON 10    GRTST 24HR  0.08 ON 20-20      TO 1/4 MILE OR LESS
LOWEST:     64 ON 20                               3 = THUNDER
                        SNOW, ICE PELLETS, HAIL    4 = ICE PELLETS
                        TOTAL MONTH:   0.0 INCH    5 = HAIL
                        GRTST 24HR     0.0         6 = FREEZING RAIN OR DRIZZLE
                        GRTST DEPTH:   0           7 = DUSTSTORM OR SANDSTORM:
                                                       VSBY 1/2 MILE OR LESS
                                                   8 = SMOKE OR HAZE
[NO. OF DAYS WITH]      [WEATHER - DAYS WITH]      9 = BLOWING SNOW
                                                   X = TORNADO
MAX 32 OR BELOW:   0    0.01 INCH OR MORE:   5
MAX 90 OR ABOVE:  28    0.10 INCH OR MORE:   0
MIN 32 OR BELOW:   0    0.50 INCH OR MORE:   0
MIN  0 OR BELOW:   0    1.00 INCH OR MORE:   0

[HDD (BASE 65) ]
TOTAL THIS MO.     0    CLEAR  (SCALE 0-3)  25
DPTR FM NORMAL     0    PTCLDY (SCALE 4-7)   3
TOTAL FM JUL 1     0    CLOUDY (SCALE 8-10)  1
DPTR FM NORMAL     0

[CDD (BASE 65) ]
TOTAL THIS MO.   589
DPTR FM NORMAL    38    [PRESSURE DATA]
TOTAL FM JAN 1  2024    HIGHEST SLP M ON M
DPTR FM NORMAL   119    LOWEST  SLP M ON M

[REMARKS]
