000
CXUS54 KFWD 290730
CF6JWY
PRELIMINARY LOCAL CLIMATOLOGICAL DATA (WS FORM: F-6)

                                          STATION:   WAXAHACHIE
                                          MONTH:     AUGUST
                                          YEAR:      2016
                                          LATITUDE:   32 27 N
                                          LONGITUDE:  96 54 W

  TEMPERATURE IN F:       :PCPN:    SNOW:  WIND      :SUNSHINE: SKY     :PK WND
================================================================================
1   2   3   4   5  6A  6B    7    8   9   10  11  12  13   14  15   16   17  18
                                     12Z  AVG MX 2MIN
DY MAX MIN AVG DEP HDD CDD  WTR  SNW DPTH SPD SPD DIR MIN PSBL S-S WX    SPD DR
================================================================================

 1  99  74  87   3   0  22 0.00  0.0    0  9.0 17 190   M    M   0        23 190
 2  99  70  85   0   0  20 0.00  0.0    0  6.1 14 210   M    M   0        20 210
 3 100  74  87   2   0  22 0.00  0.0    0  4.7  9 170   M    M   0         M  M
 4 100  74  87   2   0  22 0.00  0.0    0  6.4 13 180   M    M   0        17 180
 5 100  73  87   2   0  22 0.00  0.0    0  3.8  8 130   M    M   0         M  M
 6 100  76  88   3   0  23 0.00  0.0    0  4.7 10 220   M    M   1         M  M
 7 100  76  88   3   0  23 0.00  0.0    0  4.8  9 150   M    M   0         M  M
 8 100  75  88   3   0  23 0.00  0.0    0  5.7 10 140   M    M   0        17 140
 9 100  76  88   3   0  23 0.00  0.0    0  6.1 10 160   M    M   0         M  M
10 101  77  89   5   0  24 0.00  0.0    0  6.0 12 170   M    M   0        20 170
11 102  76  89   5   0  24 0.00  0.0    0  5.7 13 220   M    M   0        16 220
12 103  75  89   5   0  24 0.55  0.0    0  6.9 21  40   M    M   3        28  40
13  92  76  84   0   0  19 0.23  0.0    0  8.1 15 360   M    M   6        20 340
14  89  73  81  -3   0  16 0.00  0.0    0  5.4 13 350   M    M   4        17 350
15  77  69  73 -11   0   8 0.25  0.0    0  2.9  7  60   M    M  10 1       M  M
16  77  70  74 -10   0   9 0.63  0.0    0  2.9  8  60   M    M  10 1       M  M
17  79  72  76  -8   0  11 1.73  0.0    0  4.3  9 150   M    M  10 1       M  M
18  83  73  78  -6   0  13 0.23  0.0    0  5.8 12 150   M    M   8 1      17 150
19  88  71  80  -4   0  15 0.00  0.0    0  6.7 14 210   M    M   5 1      22 340
20  80  71  76  -8   0  11 0.55  0.0    0  5.6 17 210   M    M   5 1      22 210
21  83  70  77  -7   0  12 0.00  0.0    0  3.1  8  80   M    M   5 1       M  M
22  86  71  79  -5   0  14 0.00  0.0    0  3.1  7 160   M    M   6 1       9 130
23  92  75  84   1   0  19 0.00  0.0    0 11.0 16 160   M    M   5        27 160
24  91  72  82  -1   0  17 0.00  0.0    0  8.4 14 190   M    M   2 1      18 170
25  92  72  82  -1   0  17 0.00  0.0    0  4.4  9 170   M    M   1         M  M
26  90  72  81  -2   0  16 0.00  0.0    0  4.0  8 130   M    M   1 1       M  M
27  90  70  80  -3   0  15 0.00  0.0    0  1.6  7  80   M    M   3 12      M  M
28  88  69  79  -3   0  14 0.00  0.0    0  3.5 10  70   M    M   3         M  M
================================================================================
SM 2581 2042         0 498  4.17     0.0 150.7          M       88
================================================================================
AV 92.2 72.9                               5.4 FASTST   M    M   3    MAX(MPH)
                                 MISC ---->    21   M                 28    M
================================================================================
NOTES:
# LAST OF SEVERAL OCCURRENCES

COLUMN 17 PEAK WIND IN M.P.H.

PRELIMINARY LOCAL CLIMATOLOGICAL DATA (WS FORM: F-6) , PAGE 2

                                          STATION:  WAXAHACHIE
                                          MONTH:    AUGUST
                                          YEAR:     2016
                                          LATITUDE:   32 27 N
                                          LONGITUDE:  96 54 W

[TEMPERATURE DATA]      [PRECIPITATION DATA]       SYMBOLS USED IN COLUMN 16

AVERAGE MONTHLY: 82.6   TOTAL FOR MONTH:   4.17    1 = FOG OR MIST
DPTR FM NORMAL:  -1.5   DPTR FM NORMAL:    2.11    2 = FOG REDUCING VISIBILITY
HIGHEST:   103 ON 12    GRTST 24HR  1.73 ON 17-17      TO 1/4 MILE OR LESS
LOWEST:     69 ON 28,15                            3 = THUNDER
                        SNOW, ICE PELLETS, HAIL    4 = ICE PELLETS
                        TOTAL MONTH:   0.0 INCH    5 = HAIL
                        GRTST 24HR     0.0         6 = FREEZING RAIN OR DRIZZLE
                        GRTST DEPTH:   0           7 = DUSTSTORM OR SANDSTORM:
                                                       VSBY 1/2 MILE OR LESS
                                                   8 = SMOKE OR HAZE
[NO. OF DAYS WITH]      [WEATHER - DAYS WITH]      9 = BLOWING SNOW
                                                   X = TORNADO
MAX 32 OR BELOW:   0    0.01 INCH OR MORE:   7
MAX 90 OR ABOVE:  18    0.10 INCH OR MORE:   7
MIN 32 OR BELOW:   0    0.50 INCH OR MORE:   4
MIN  0 OR BELOW:   0    1.00 INCH OR MORE:   1

[HDD (BASE 65) ]
TOTAL THIS MO.     0    CLEAR  (SCALE 0-3)  17
DPTR FM NORMAL     0    PTCLDY (SCALE 4-7)   7
TOTAL FM JUL 1     0    CLOUDY (SCALE 8-10)  4
DPTR FM NORMAL     0

[CDD (BASE 65) ]
TOTAL THIS MO.   498
DPTR FM NORMAL   -36    [PRESSURE DATA]
TOTAL FM JAN 1  1927    HIGHEST SLP M ON M
DPTR FM NORMAL    39    LOWEST  SLP M ON M

[REMARKS]
