000
CXUS54 KFWD 270730
CF6JWY
PRELIMINARY LOCAL CLIMATOLOGICAL DATA (WS FORM: F-6)

                                          STATION:   WAXAHACHIE
                                          MONTH:     JUNE
                                          YEAR:      2017
                                          LATITUDE:   32 27 N
                                          LONGITUDE:  96 54 W

  TEMPERATURE IN F:       :PCPN:    SNOW:  WIND      :SUNSHINE: SKY     :PK WND
================================================================================
1   2   3   4   5  6A  6B    7    8   9   10  11  12  13   14  15   16   17  18
                                     12Z  AVG MX 2MIN
DY MAX MIN AVG DEP HDD CDD  WTR  SNW DPTH SPD SPD DIR MIN PSBL S-S WX    SPD DR
================================================================================

 1  88  67  78   1   0  13 0.00  0.0    0  3.8 16  10   M    M   4        20  10
 2  85  67  76  -1   0  11 1.28  0.0    0  4.5 14 360   M    M   7 1      24 360
 3  79  67  73  -4   0   8 0.34  0.0    0  2.1 13 280   M    M   5         M  M
 4  86  67  77   0   0  12 0.74  0.0    0  1.7  8 360   M    M   4 1      18 360
 5  83  67  75  -3   0  10 0.91  0.0    0  3.2 10  80   M    M   6 1       M  M
 6  91  69  80   2   0  15 0.00  0.0    0  7.0 12  10   M    M   2 1      23  30
 7  89  67  78   0   0  13 0.00  0.0    0  3.8 12 340   M    M   3         M  M
 8  87  66  77  -1   0  12 0.00  0.0    0  2.7  8 120   M    M   4         M  M
 9  79  64  72  -6   0   7 0.50  0.0    0  5.7 14 340   M    M   6        17 130
10  87  68  78  -1   0  13 0.00  0.0    0  8.0 14 170   M    M   3        18 160
11  89  71  80   1   0  15 0.00  0.0    0  9.4 16 180   M    M   4        21 180
12  91  71  81   2   0  16 0.00  0.0    0  7.9 13 150   M    M   3 1      18 130
13  92  74  83   4   0  18 0.00  0.0    0  9.8 16 170   M    M   6        23 170
14  93  75  84   4   0  19 0.08  0.0    0 11.0 18 200   M    M   6        21 180
15  93  74  84   4   0  19 0.00  0.0    0  8.8 16 190   M    M   3        21 190
16  94  74  84   4   0  19 0.00  0.0    0  8.9 13 190   M    M   2        20 140
17  92  74  83   3   0  18 0.00  0.0    0 10.0 16 170   M    M   1        24 170
18  94  76  85   5   0  20 0.00  0.0    0  9.3 13 180   M    M   5        18 190
19  88  73  81   1   0  16 0.63  0.0    0  3.3 10 210   M    M   6         M  M
20  91  73  82   1   0  17 0.00  0.0    0  3.5  8  80   M    M   3 1       M  M
21  90  69  80  -1   0  15 0.00  0.0    0  4.4  9  70   M    M   1        16  60
22  88  74  81   0   0  16 0.00  0.0    0  4.1 12  60   M    M   6         M  M
23  96  74  85   4   0  20 0.00  0.0    0  4.6 12 200   M    M   1 1       M  M
24  84  69  77  -4   0  12 0.83  0.0    0  5.6 13  10   M    M   6        23  30
25  85  70  78  -3   0  13 0.00  0.0    0  5.1 10  50   M    M   7         M  M
26  86  69  78  -4   0  13 0.00  0.0    0  1.8  8  80   M    M   6         M  M
================================================================================
SM 2300 1829         0 380  5.31     0.0 150.0          M      110
================================================================================
AV 88.5 70.4                               5.8 FASTST   M    M   4    MAX(MPH)
                                 MISC ---->    18   M                 24    M
================================================================================
NOTES:
# LAST OF SEVERAL OCCURRENCES

COLUMN 17 PEAK WIND IN M.P.H.

PRELIMINARY LOCAL CLIMATOLOGICAL DATA (WS FORM: F-6) , PAGE 2

                                          STATION:  WAXAHACHIE
                                          MONTH:    JUNE
                                          YEAR:     2017
                                          LATITUDE:   32 27 N
                                          LONGITUDE:  96 54 W

[TEMPERATURE DATA]      [PRECIPITATION DATA]       SYMBOLS USED IN COLUMN 16

AVERAGE MONTHLY: 79.4   TOTAL FOR MONTH:   5.31    1 = FOG OR MIST
DPTR FM NORMAL:   0.1   DPTR FM NORMAL:    1.65    2 = FOG REDUCING VISIBILITY
HIGHEST:    96 ON 23    GRTST 24HR  1.28 ON  2- 2      TO 1/4 MILE OR LESS
LOWEST:     64 ON  9                               3 = THUNDER
                        SNOW, ICE PELLETS, HAIL    4 = ICE PELLETS
                        TOTAL MONTH:   0.0 INCH    5 = HAIL
                        GRTST 24HR     0.0         6 = FREEZING RAIN OR DRIZZLE
                        GRTST DEPTH:   0           7 = DUSTSTORM OR SANDSTORM:
                                                       VSBY 1/2 MILE OR LESS
                                                   8 = SMOKE OR HAZE
[NO. OF DAYS WITH]      [WEATHER - DAYS WITH]      9 = BLOWING SNOW
                                                   X = TORNADO
MAX 32 OR BELOW:   0    0.01 INCH OR MORE:   8
MAX 90 OR ABOVE:  11    0.10 INCH OR MORE:   7
MIN 32 OR BELOW:   0    0.50 INCH OR MORE:   6
MIN  0 OR BELOW:   0    1.00 INCH OR MORE:   1

[HDD (BASE 65) ]
TOTAL THIS MO.     0    CLEAR  (SCALE 0-3)  10
DPTR FM NORMAL     0    PTCLDY (SCALE 4-7)  16
TOTAL FM JUL 1  1512    CLOUDY (SCALE 8-10)  0
DPTR FM NORMAL -1022

[CDD (BASE 65) ]
TOTAL THIS MO.   380
DPTR FM NORMAL     7    [PRESSURE DATA]
TOTAL FM JAN 1   818    HIGHEST SLP M ON M
DPTR FM NORMAL   109    LOWEST  SLP M ON M

[REMARKS]
