000
CXUS53 KGID 260730
CF6JYR
PRELIMINARY LOCAL CLIMATOLOGICAL DATA (WS FORM: F-6)

                                          STATION:   YORK
                                          MONTH:     JUNE
                                          YEAR:      2017
                                          LATITUDE:   40 54 N
                                          LONGITUDE:  97 37 W

  TEMPERATURE IN F:       :PCPN:    SNOW:  WIND      :SUNSHINE: SKY     :PK WND
================================================================================
1   2   3   4   5  6A  6B    7    8   9   10  11  12  13   14  15   16   17  18
                                     12Z  AVG MX 2MIN
DY MAX MIN AVG DEP HDD CDD  WTR  SNW DPTH SPD SPD DIR MIN PSBL S-S WX    SPD DR
================================================================================

 1  82  57  70   M   0   5 0.00    M    M  9.3 15 170   M    M   2        21 170
 2  88  64  76   M   0  11 0.00    M    M 12.8 22 170   M    M   0        25 170
 3  86  63  75   M   0  10 0.00    M    M  7.5 12 160   M    M   0        16 160
 4  90  63  77   M   0  12 0.00    M    M  2.8  7 130   M    M   1         M  M
 5  91  64  78   M   0  13 0.00    M    M  4.7 14  80   M    M   1         M  M
 6  82  64  73   M   0   8    T    M    M  7.6 20 130   M    M   2 3      16 140
 7  82  63  73   M   0   8 0.00    M    M  7.3 12 200   M    M   3         M  M
 8  86  57  72   M   0   7 0.00    M    M  8.2 14 200   M    M   0        18 190
 9  90  61  76   M   0  11 0.00    M    M 12.8 22 180   M    M   0        27 200
10  90  68  79   M   0  14 0.00    M    M 17.3 23 190   M    M   4        32 190
11  93  73  83   M   0  18 0.00    M    M 16.8 28 170   M    M   3        33 170
12  91  72  82   M   0  17 0.00    M    M 15.4 24 160   M    M   1        29 160
13  95  64  80   M   0  15    M    M    M 20.1 25 160   M    M   2 3      53 220
14  84  63  74   M   0   9    M    M    M  7.2 16 340   M    M   2 3      28 160
15  90  61  76   M   0  11 0.00    M    M  4.1 14 170   M    M   0        17 170
16  91  64  78   M   0  13 0.06    M    M  7.7 18 220   M    M   0 3      24 230
17  79  63  71   M   0   6    T    M    M  8.7 16  10   M    M   3 12     24  10
18  81  57  69   M   0   4 0.00    M    M 10.0 18 310   M    M   1        29 310
19  84  59  72   M   0   7 0.00    M    M  6.9 16 290   M    M   1        24 290
20  91  59  75   M   0  10 0.00    M    M  6.9 15 280   M    M   2         M  M
21  95  70  83   M   0  18 0.00    M    M 13.3 21 230   M    M   0        27 200
22  90  70  80   M   0  15 0.00    M    M 12.9 25  10   M    M   1        32  10
23  75  54  65   M   0   0    T    M    M 11.1 17 330   M    M   2        25 350
24  81  46  64   M   1   0 0.00    M    M  7.0 17 270   M    M   1        24 280
25  75  46  61   M   4   0 0.00    M    M  3.4 10  10   M    M   0         M  M
================================================================================
SM 2162 1545         5 242  0.06    M    241.8          M       32
================================================================================
AV 86.5 61.8                               9.7 FASTST   M    M   1    MAX(MPH)
                                 MISC ---->  # 28 170               # 53  220
================================================================================
NOTES:
# LAST OF SEVERAL OCCURRENCES

COLUMN 17 PEAK WIND IN M.P.H.

PRELIMINARY LOCAL CLIMATOLOGICAL DATA (WS FORM: F-6) , PAGE 2

                                          STATION:  YORK
                                          MONTH:    JUNE
                                          YEAR:     2017
                                          LATITUDE:   40 54 N
                                          LONGITUDE:  97 37 W

[TEMPERATURE DATA]      [PRECIPITATION DATA]       SYMBOLS USED IN COLUMN 16

AVERAGE MONTHLY: 74.1   TOTAL FOR MONTH:   0.06    1 = FOG OR MIST
DPTR FM NORMAL:     M   DPTR FM NORMAL:       M    2 = FOG REDUCING VISIBILITY
HIGHEST:    95 ON 21,13 GRTST 24HR  0.06 ON 16-16      TO 1/4 MILE OR LESS
LOWEST:     46 ON 25,24                            3 = THUNDER
                        SNOW, ICE PELLETS, HAIL    4 = ICE PELLETS
                        TOTAL MONTH:    M          5 = HAIL
                        GRTST 24HR    M  ON   M    6 = FREEZING RAIN OR DRIZZLE
                        GRTST DEPTH:  M  ON   M    7 = DUSTSTORM OR SANDSTORM:
                                                       VSBY 1/2 MILE OR LESS
                                                   8 = SMOKE OR HAZE
[NO. OF DAYS WITH]      [WEATHER - DAYS WITH]      9 = BLOWING SNOW
                                                   X = TORNADO
MAX 32 OR BELOW:   0    0.01 INCH OR MORE:   1
MAX 90 OR ABOVE:  12    0.10 INCH OR MORE:   0
MIN 32 OR BELOW:   0    0.50 INCH OR MORE:   0
MIN  0 OR BELOW:   0    1.00 INCH OR MORE:   0

[HDD (BASE 65) ]
TOTAL THIS MO.     5    CLEAR  (SCALE 0-3)  24
DPTR FM NORMAL     M    PTCLDY (SCALE 4-7)   1
TOTAL FM JUL 1  5360    CLOUDY (SCALE 8-10)  0
DPTR FM NORMAL     M

[CDD (BASE 65) ]
TOTAL THIS MO.   242
DPTR FM NORMAL     M    [PRESSURE DATA]
TOTAL FM JAN 1   293    HIGHEST SLP M ON M
DPTR FM NORMAL     M    LOWEST  SLP M ON M

[REMARKS]
