000
CXHW53 PHFO 301250
CF6KOA
PRELIMINARY LOCAL CLIMATOLOGICAL DATA (WS FORM: F-6)

                                          STATION:   KONA HI
                                          MONTH:     APRIL
                                          YEAR:      2016
                                          LATITUDE:   19 38 N
                                          LONGITUDE: 156  0 W

  TEMPERATURE IN F:       :PCPN:    SNOW:  WIND      :SUNSHINE: SKY     :PK WND
================================================================================
1   2   3   4   5  6A  6B    7    8   9   10  11  12  13   14  15   16   17  18
                                     12Z  AVG MX 2MIN
DY MAX MIN AVG DEP HDD CDD  WTR  SNW DPTH SPD SPD DIR MIN PSBL S-S WX    SPD DR
================================================================================

 1  85  70  78   1   0  13    M  0.0    0  6.0 12 140   M    M   0        14 150
 2  84  75  80   3   0  15 0.00  0.0    0  6.0 14 120   M    M   7        17 120
 3  84  72  78   1   0  13 0.00  0.0    0  7.3 16  40   M    M   5        22  40
 4  85  72  79   2   0  14 0.00  0.0    0  7.6 14 220   M    M   3        18 190
 5  85  75  80   3   0  15 0.00  0.0    0  8.0 20 350   M    M   5        24 340
 6  82  73  78   1   0  13    T  0.0    0 13.4 30 350   M    M   7 1      36 340
 7  84  74  79   2   0  14    T  0.0    0  6.7 18  10   M    M   9        22 360
 8  85  74  80   3   0  15    T  0.0    0  8.7 25  30   M    M   5        31  30
 9  84  72  78   1   0  13 0.00  0.0    0  8.4 17  50   M    M   4        30  50
10  85  74  80   3   0  15    T  0.0    0  6.9 16 190   M    M   6 1      20 180
11  83  72  78   1   0  13    T  0.0    0  8.9 23  20   M    M   5        29  30
12  84  75  80   3   0  15 0.00  0.0    0  6.5 12 240   M    M   3        14 270
13  85  72  79   2   0  14 0.00  0.0    0  7.8 17 170   M    M   4        21 170
14  85  72  79   2   0  14 0.00  0.0    0  7.7 16 220   M    M   4        21 190
15  87  75  81   4   0  16 0.00  0.0    0  8.1 16 230   M    M   5        18 240
16  86  72  79   2   0  14 0.00  0.0    0 10.3 20  50   M    M   2        24  50
17  85  71  78   1   0  13 0.00  0.0    0  8.1 15 180   M    M   4        20 200
18  85  71  78   1   0  13    T  0.0    0  8.8 22 340   M    M   7        26 350
19  84  73  79   2   0  14 0.00  0.0    0  6.9 15  30   M    M   5        17  30
20  85  74  80   3   0  15 0.00  0.0    0  8.4 17 180   M    M   5        21 190
21  85  72  79   2   0  14 0.00  0.0    0  6.9 15 240   M    M   4        19 230
22  84  72  78   1   0  13 0.00  0.0    0  6.6 13 190   M    M   6        17 210
23  86  71  79   2   0  14    T  0.0    0  7.4 13 280   M    M   5        18 170
24  86  73  80   3   0  15    T  0.0    0  6.0 13 240   M    M   6 1      16 230
25  86  73  80   3   0  15 0.00  0.0    0  7.5 14 210   M    M   4        16 220
26  86  73  80   3   0  15 0.00  0.0    0  7.2 15 130   M    M   4        22 120
27  85  74  80   3   0  15 0.00  0.0    0  6.6 14 240   M    M   6        17 210
28  85  73  79   2   0  14 0.00  0.0    0  7.0 14 190   M    M   6        17 200
29  85  74  80   3   0  15    T  0.0    0  6.9 14 280   M    M   6        16 280
================================================================================
SM 2460 2113         0 411    T      0.0 222.6          M      142
================================================================================
AV 84.8 72.9                               7.7 FASTST   M    M   5    MAX(MPH)
                                 MISC ---->  # 30 350               # 36  340
================================================================================
NOTES:
# LAST OF SEVERAL OCCURRENCES

COLUMN 17 PEAK WIND IN M.P.H.

PRELIMINARY LOCAL CLIMATOLOGICAL DATA (WS FORM: F-6) , PAGE 2

                                          STATION:  KONA HI
                                          MONTH:    APRIL
                                          YEAR:     2016
                                          LATITUDE:   19 38 N
                                          LONGITUDE: 156  0 W

[TEMPERATURE DATA]      [PRECIPITATION DATA]       SYMBOLS USED IN COLUMN 16

AVERAGE MONTHLY: 78.8   TOTAL FOR MONTH:      T    1 = FOG OR MIST
DPTR FM NORMAL:   1.8   DPTR FM NORMAL:   -1.33    2 = FOG REDUCING VISIBILITY
HIGHEST:    87 ON 15    GRTST 24HR    T  ON 29-29      TO 1/4 MILE OR LESS
LOWEST:     70 ON  1                               3 = THUNDER
                        SNOW, ICE PELLETS, HAIL    4 = ICE PELLETS
                        TOTAL MONTH:   0.0 INCH    5 = HAIL
                        GRTST 24HR     0.0         6 = FREEZING RAIN OR DRIZZLE
                        GRTST DEPTH:   0           7 = DUSTSTORM OR SANDSTORM:
                                                       VSBY 1/2 MILE OR LESS
                                                   8 = SMOKE OR HAZE
[NO. OF DAYS WITH]      [WEATHER - DAYS WITH]      9 = BLOWING SNOW
                                                   X = TORNADO
MAX 32 OR BELOW:   0    0.01 INCH OR MORE:   0
MAX 90 OR ABOVE:   0    0.10 INCH OR MORE:   0
MIN 32 OR BELOW:   0    0.50 INCH OR MORE:   0
MIN  0 OR BELOW:   0    1.00 INCH OR MORE:   0

[HDD (BASE 65) ]
TOTAL THIS MO.     0    CLEAR  (SCALE 0-3)   4
DPTR FM NORMAL     0    PTCLDY (SCALE 4-7)  24
TOTAL FM JUL 1     0    CLOUDY (SCALE 8-10)  1
DPTR FM NORMAL     0

[CDD (BASE 65) ]
TOTAL THIS MO.   411
DPTR FM NORMAL    63    [PRESSURE DATA]
TOTAL FM JAN 1  1455    HIGHEST SLP M ON M
DPTR FM NORMAL   187    LOWEST  SLP 29.99 ON 17

[REMARKS]
