000
CXHW53 PHFO 231250
CF6KOA
PRELIMINARY LOCAL CLIMATOLOGICAL DATA (WS FORM: F-6)

                                          STATION:   KONA HI
                                          MONTH:     OCTOBER
                                          YEAR:      2017
                                          LATITUDE:   19 38 N
                                          LONGITUDE: 156  0 W

  TEMPERATURE IN F:       :PCPN:    SNOW:  WIND      :SUNSHINE: SKY     :PK WND
================================================================================
1   2   3   4   5  6A  6B    7    8   9   10  11  12  13   14  15   16   17  18
                                     12Z  AVG MX 2MIN
DY MAX MIN AVG DEP HDD CDD  WTR  SNW DPTH SPD SPD DIR MIN PSBL S-S WX    SPD DR
================================================================================

 1  86  75  81   1   0  16 0.00  0.0    M  6.4 12 260   M    M   M        15 270
 2  87  76  82   2   0  17 0.00  0.0    M  8.9 16 240   M    M   M        19 270
 3  87  76  82   2   0  17 0.00  0.0    M  7.9 13 270   M    M   M        16 260
 4  88  77  83   3   0  18    M  0.0    M  7.5 18 180   M    M   M        24 180
 5  89  78  84   4   0  19 0.00  0.0    M  7.1 17 180   M    M   M        20 260
 6  89  74  82   2   0  17 0.67  0.0    M  9.0 18 210   M    M   M 1      23 200
 7  85  74  80   0   0  15 0.31  0.0    M  5.9 15 140   M    M   M 1      17 140
 8  85  74  80   0   0  15 0.04  0.0    M  8.0 14 320   M    M   M 1      16 320
 9  85  75  80   0   0  15 0.00  0.0    M  7.3 13 210   M    M   M        16 190
10  86  74  80   0   0  15 0.00  0.0    M  6.0 13 210   M    M   M        17 230
11  86  75  81   1   0  16    M  0.0    M  7.7 15 190   M    M   M        19 180
12  87  75  81   1   0  16    T  0.0    M  9.3 23 150   M    M   M        29 160
13  89  76  83   3   0  18    T  0.0    M  9.4 32  30   M    M   M        38  30
14  87  75  81   1   0  16 0.00  0.0    M  7.0 14 210   M    M   M        19 200
15  88  76  82   2   0  17    T  0.0    M  8.3 16 150   M    M   M        19 120
16  87  76  82   2   0  17    T  0.0    M  8.2 17 150   M    M   M        21 150
17  86  74  80   0   0  15 0.00  0.0    M  7.4 17 170   M    M   M        22 160
18  87  72  80   0   0  15 0.00  0.0    M  8.5 21  90   M    M   M        32  70
19  86  72  79  -1   0  14 0.00  0.0    M  8.5 16  30   M    M   M        20  20
20  86  72  79  -1   0  14 0.00  0.0    M  8.1 18 170   M    M   M        25 350
21  86  73  80   0   0  15 0.00  0.0    M  6.8 13 210   M    M   M        15 210
22  87  73  80   0   0  15    M  0.0    M  6.2 13 200   M    M   M        16 220
================================================================================
SM 1909 1642         0 352  1.02     0.0 169.4          M        M
================================================================================
AV 86.8 74.6                               7.7 FASTST   M    M -nan   MAX(MPH)
                                 MISC ---->  # 32  30               # 38   30
================================================================================
NOTES:
# LAST OF SEVERAL OCCURRENCES

COLUMN 17 PEAK WIND IN M.P.H.

PRELIMINARY LOCAL CLIMATOLOGICAL DATA (WS FORM: F-6) , PAGE 2

                                          STATION:  KONA HI
                                          MONTH:    OCTOBER
                                          YEAR:     2017
                                          LATITUDE:   19 38 N
                                          LONGITUDE: 156  0 W

[TEMPERATURE DATA]      [PRECIPITATION DATA]       SYMBOLS USED IN COLUMN 16

AVERAGE MONTHLY: 80.7   TOTAL FOR MONTH:   1.02    1 = FOG OR MIST
DPTR FM NORMAL:   0.7   DPTR FM NORMAL:    0.10    2 = FOG REDUCING VISIBILITY
HIGHEST:    89 ON 13, 6 GRTST 24HR  0.67 ON  6- 6      TO 1/4 MILE OR LESS
LOWEST:     72 ON 20,19                            3 = THUNDER
                        SNOW, ICE PELLETS, HAIL    4 = ICE PELLETS
                        TOTAL MONTH:   0.0 INCH    5 = HAIL
                        GRTST 24HR     0.0         6 = FREEZING RAIN OR DRIZZLE
                        GRTST DEPTH:  M  ON   M    7 = DUSTSTORM OR SANDSTORM:
                                                       VSBY 1/2 MILE OR LESS
                                                   8 = SMOKE OR HAZE
[NO. OF DAYS WITH]      [WEATHER - DAYS WITH]      9 = BLOWING SNOW
                                                   X = TORNADO
MAX 32 OR BELOW:   0    0.01 INCH OR MORE:   3
MAX 90 OR ABOVE:   0    0.10 INCH OR MORE:   2
MIN 32 OR BELOW:   0    0.50 INCH OR MORE:   1
MIN  0 OR BELOW:   0    1.00 INCH OR MORE:   0

[HDD (BASE 65) ]
TOTAL THIS MO.     0    CLEAR  (SCALE 0-3)   0
DPTR FM NORMAL     0    PTCLDY (SCALE 4-7)   0
TOTAL FM JUL 1     0    CLOUDY (SCALE 8-10)  0
DPTR FM NORMAL     0

[CDD (BASE 65) ]
TOTAL THIS MO.   352
DPTR FM NORMAL    22    [PRESSURE DATA]
TOTAL FM JAN 1  4120    HIGHEST SLP M ON M
DPTR FM NORMAL   264    LOWEST  SLP 29.83 ON 12

[REMARKS]
