000
CXUS55 KPUB 202047
CF6LAA
PRELIMINARY LOCAL CLIMATOLOGICAL DATA (WS FORM: F-6)

                                          STATION:   LAMAR CO
                                          MONTH:     FEBRUARY
                                          YEAR:      2018
                                          LATITUDE:   38  4 N
                                          LONGITUDE: 102 41 W

  TEMPERATURE IN F:       :PCPN:    SNOW:  WIND      :SUNSHINE: SKY     :PK WND
================================================================================
1   2   3   4   5  6A  6B    7    8   9   10  11  12  13   14  15   16   17  18
                                     12Z  AVG MX 2MIN
DY MAX MIN AVG DEP HDD CDD  WTR  SNW DPTH SPD SPD DIR MIN PSBL S-S WX    SPD DR
================================================================================

 1  43  18  31   0  34   0 0.00  0.0    0  5.1 14 140   M    M   7        19 120
 2  58  18  38   7  27   0 0.00  0.0    0  6.7 17 200   M    M   0        21 200
 3  66  17  42  11  23   0 0.00  0.0    0  7.6 22  50   M    M   1        29  50
 4  31  13  22  -9  43   0    T    M    0  8.2 28  50   M    M   5 168    34  50
 5  65  12  39   8  26   0    T    M    0 13.4 35 360   M    M   3        45 360
 6  33  11  22 -10  43   0    T    M    M  7.5 16 130   M    M   3        21 110
 7  55   7  31  -1  34   0 0.00  0.0    M  6.1 16  70   M    M   0        19  70
 8  68  14  41   9  24   0 0.00  0.0    0  6.9 16 260   M    M   0        25 250
 9  31  15  23  -9  42   0    T    M    0 10.4 20  50   M    M   7 18     24  50
10  18  13  16 -16  49   0 0.01    M    0  6.4 14  80   M    M  10 18     17  80
11  45   9  27  -5  38   0 0.00  0.0    M 10.5 20 160   M    M   2        26 150
12  52  24  38   5  27   0 0.00  0.0    0 16.5 33 180   M    M   1        42 190
13  66  20  43  10  22   0 0.00  0.0    0  6.3 16 170   M    M   0        20 170
14  70  27  49  16  16   0 0.00  0.0    0  7.2 22 260   M    M   0        29 260
15  66  29  48  15  17   0 0.00  0.0    0 11.8 25  40   M    M   1        31  20
16  46  11  29  -5  36   0 0.00  0.0    0  9.6 25 170   M    M   2        32 180
17  58  25  42   8  23   0 0.00  0.0    0 11.1 28 190   M    M   0        39 190
18  76  28  52  18  13   0 0.00  0.0    0 12.9 38  10   M    M   0        45  10
19  37  17  27  -7  38   0    T    M    M 13.0 23  30   M    M   7        28  30
================================================================================
SM  984  328       575   0  0.01     0.0 177.2          M       49
================================================================================
AV 51.8 17.3                               9.3 FASTST   M    M   3    MAX(MPH)
                                 MISC ---->  # 38  10               # 45  360
================================================================================
NOTES:
# LAST OF SEVERAL OCCURRENCES

COLUMN 17 PEAK WIND IN M.P.H.

PRELIMINARY LOCAL CLIMATOLOGICAL DATA (WS FORM: F-6) , PAGE 2

                                          STATION:  LAMAR CO
                                          MONTH:    FEBRUARY
                                          YEAR:     2018
                                          LATITUDE:   38  4 N
                                          LONGITUDE: 102 41 W

[TEMPERATURE DATA]      [PRECIPITATION DATA]       SYMBOLS USED IN COLUMN 16

AVERAGE MONTHLY: 34.5   TOTAL FOR MONTH:   0.01    1 = FOG OR MIST
DPTR FM NORMAL:   2.2   DPTR FM NORMAL:   -0.24    2 = FOG REDUCING VISIBILITY
HIGHEST:    76 ON 18    GRTST 24HR  0.01 ON 10-10      TO 1/4 MILE OR LESS
LOWEST:      7 ON  7                               3 = THUNDER
                        SNOW, ICE PELLETS, HAIL    4 = ICE PELLETS
                        TOTAL MONTH:   0.0 INCH    5 = HAIL
                        GRTST 24HR     0.0         6 = FREEZING RAIN OR DRIZZLE
                        GRTST DEPTH:   0           7 = DUSTSTORM OR SANDSTORM:
                                                       VSBY 1/2 MILE OR LESS
                                                   8 = SMOKE OR HAZE
[NO. OF DAYS WITH]      [WEATHER - DAYS WITH]      9 = BLOWING SNOW
                                                   X = TORNADO
MAX 32 OR BELOW:   3    0.01 INCH OR MORE:   1
MAX 90 OR ABOVE:   0    0.10 INCH OR MORE:   0
MIN 32 OR BELOW:  19    0.50 INCH OR MORE:   0
MIN  0 OR BELOW:   0    1.00 INCH OR MORE:   0

[HDD (BASE 65) ]
TOTAL THIS MO.   575    CLEAR  (SCALE 0-3)  13
DPTR FM NORMAL   -44    PTCLDY (SCALE 4-7)   5
TOTAL FM JUL 1  3640    CLOUDY (SCALE 8-10)  1
DPTR FM NORMAL  -410

[CDD (BASE 65) ]
TOTAL THIS MO.     0
DPTR FM NORMAL     0    [PRESSURE DATA]
TOTAL FM JAN 1     0    HIGHEST SLP M ON M
DPTR FM NORMAL     0    LOWEST  SLP 29.34 ON 18

[REMARKS]
