000
CXUS55 KTBW 281000
CF6LAL
PRELIMINARY LOCAL CLIMATOLOGICAL DATA (WS FORM: F-6)

                                          STATION:   Lakeland Linder
                                          MONTH:     JULY
                                          YEAR:      2017
                                          LATITUDE:   28  0 N
                                          LONGITUDE:  82  3 W

  TEMPERATURE IN F:       :PCPN:    SNOW:  WIND      :SUNSHINE: SKY     :PK WND
================================================================================
1   2   3   4   5  6A  6B    7    8   9   10  11  12  13   14  15   16   17  18
                                     12Z  AVG MX 2MIN
DY MAX MIN AVG DEP HDD CDD  WTR  SNW DPTH SPD SPD DIR MIN PSBL S-S WX    SPD DR
================================================================================

 1  95  75  85   2   0  20 0.35  0.0    0  3.9 17 300   M    M   3 3      23 300
 2  94  75  85   2   0  20 0.00  0.0    0  1.2 10 280   M    M   4 3      20 280
 3  95  73  84   1   0  19 0.10  0.0    0  2.4 18 350   M    M   4 3      33 350
 4  95  73  84   1   0  19 1.30  0.0    0  2.2  9  40   M    M   3 38      M  M
 5  94  76  85   2   0  20    T  0.0    0  2.8 14 120   M    M   2        22 120
 6  95  75  85   2   0  20 0.00  0.0    0  3.0  8 140   M    M   3        16 140
 7  96  76  86   3   0  21 0.00  0.0    0  3.2 16 310   M    M   3 3       M  M
 8  90  77  84   1   0  19 0.08  0.0    0  3.2 15 260   M    M   3 3      21 260
 9  93  73  83   0   0  18 0.55  0.0    0  3.2 13 260   M    M   3 3      22 360
10  94  76  85   2   0  20 0.02  0.0    0  5.6 24 190   M    M   4 3      31 190
11  93  74  84   1   0  19 0.45  0.0    0  3.2 16 300   M    M   5 3      21 300
12  92  70  81  -2   0  16 4.25  0.0    0  4.5 23  50   M    M   5 3      29  50
13  87  73  80  -3   0  15 0.15  0.0    0  6.2 10  40   M    M   5         M  M
14  90  78  84   1   0  19 0.10  0.0    0  4.4 12 120   M    M   4 3       M  M
15  93  75  84   1   0  19 0.80  0.0    0  3.3  8 120   M    M   4 1       M  M
16  94  76  85   2   0  20 0.03  0.0    0  2.0 14 310   M    M   4 3      18 310
17  94  73  84   1   0  19 2.00  0.0    0  2.1 10  80   M    M   3 3       M  M
18  92  74  83   0   0  18 0.75  0.0    0  3.6  9 180   M    M   4 3       M  M
19  92  76  84   1   0  19 0.75  0.0    0  2.5 12 190   M    M   4 13     17 190
20  92  75  84   1   0  19 0.55  0.0    0  2.1 13 180   M    M   5 3      17 180
21  93  73  83   0   0  18 1.80  0.0    0  3.5 23  20   M    M   4 123    29  20
22  88  74  81  -2   0  16 0.06  0.0    0  4.2 12 270   M    M   4         M  M
23  85  74  80  -4   0  15 0.12  0.0    0  3.2  8 210   M    M   5 3       M  M
24  93  76  85   1   0  20 0.00  0.0    0  3.8 12 360   M    M   4         M  M
25  96  75  86   2   0  21 0.00  0.0    0  3.3 10 320   M    M   2         M  M
26  96  76  86   2   0  21 0.00  0.0    0  1.1  6 350   M    M   4         M  M
27  96  76  86   2   0  21 0.20  0.0    0  2.8  9 200   M    M   3 3       M  M
================================================================================
SM 2507 2017         0 511 14.41     0.0  86.5          M      101
================================================================================
AV 92.9 74.7                               3.2 FASTST   M    M   4    MAX(MPH)
                                 MISC ---->  # 24 190               # 33  350
================================================================================
NOTES:
# LAST OF SEVERAL OCCURRENCES

COLUMN 17 PEAK WIND IN M.P.H.

PRELIMINARY LOCAL CLIMATOLOGICAL DATA (WS FORM: F-6) , PAGE 2

                                          STATION:  Lakeland Linder
                                          MONTH:    JULY
                                          YEAR:     2017
                                          LATITUDE:   28  0 N
                                          LONGITUDE:  82  3 W

[TEMPERATURE DATA]      [PRECIPITATION DATA]       SYMBOLS USED IN COLUMN 16

AVERAGE MONTHLY: 83.8   TOTAL FOR MONTH:  14.41    1 = FOG OR MIST
DPTR FM NORMAL:   0.6   DPTR FM NORMAL:    7.50    2 = FOG REDUCING VISIBILITY
HIGHEST:    96 ON 27,26 GRTST 24HR  4.25 ON 12-12      TO 1/4 MILE OR LESS
LOWEST:     70 ON 12                               3 = THUNDER
                        SNOW, ICE PELLETS, HAIL    4 = ICE PELLETS
                        TOTAL MONTH:   0.0 INCH    5 = HAIL
                        GRTST 24HR     0.0         6 = FREEZING RAIN OR DRIZZLE
                        GRTST DEPTH:   0           7 = DUSTSTORM OR SANDSTORM:
                                                       VSBY 1/2 MILE OR LESS
                                                   8 = SMOKE OR HAZE
[NO. OF DAYS WITH]      [WEATHER - DAYS WITH]      9 = BLOWING SNOW
                                                   X = TORNADO
MAX 32 OR BELOW:   0    0.01 INCH OR MORE:  20
MAX 90 OR ABOVE:  24    0.10 INCH OR MORE:  16
MIN 32 OR BELOW:   0    0.50 INCH OR MORE:   9
MIN  0 OR BELOW:   0    1.00 INCH OR MORE:   4

[HDD (BASE 65) ]
TOTAL THIS MO.     0    CLEAR  (SCALE 0-3)   8
DPTR FM NORMAL     0    PTCLDY (SCALE 4-7)  19
TOTAL FM JUL 1     0    CLOUDY (SCALE 8-10)  0
DPTR FM NORMAL     0

[CDD (BASE 65) ]
TOTAL THIS MO.   511
DPTR FM NORMAL    23    [PRESSURE DATA]
TOTAL FM JAN 1  2186    HIGHEST SLP M ON M
DPTR FM NORMAL   231    LOWEST  SLP M ON M

[REMARKS]
