000
CXUS55 KTBW 221000
CF6LAL
PRELIMINARY LOCAL CLIMATOLOGICAL DATA (WS FORM: F-6)

                                          STATION:   Lakeland Linder
                                          MONTH:     FEBRUARY
                                          YEAR:      2017
                                          LATITUDE:   28  0 N
                                          LONGITUDE:  82  3 W

  TEMPERATURE IN F:       :PCPN:    SNOW:  WIND      :SUNSHINE: SKY     :PK WND
================================================================================
1   2   3   4   5  6A  6B    7    8   9   10  11  12  13   14  15   16   17  18
                                     12Z  AVG MX 2MIN
DY MAX MIN AVG DEP HDD CDD  WTR  SNW DPTH SPD SPD DIR MIN PSBL S-S WX    SPD DR
================================================================================

 1  76  44  60  -2   5   0 0.00  0.0    0  0.8  9 170   M    M   0 1       M  M
 2  78  51  65   3   0   0 0.00  0.0    0  1.6  7 310   M    M   2         M  M
 3  77  54  66   4   0   1 0.00  0.0    0  3.5  9 320   M    M   1         M  M
 4  74  55  65   3   0   0 0.00  0.0    0  5.6 12  40   M    M   3 1      18  30
 5  79  55  67   5   0   2 0.00  0.0    0  4.5 12 310   M    M   5 1       M  M
 6  79  53  66   4   0   1 0.00  0.0    0  3.5  9 100   M    M   3 12      M  M
 7  85  62  74  11   0   9 0.00  0.0    0  6.3 16 160   M    M   4        22 160
 8  82  60  71   8   0   6 0.86  0.0    0  8.4 20 330   M    M   6 13     40 330
 9  81  71  76  13   0  11 0.00  0.0    0 11.3 18 320   M    M   5 1      27 320
10  74  47  61  -2   4   0 0.00  0.0    0  9.0 15  60   M    M   0        20  60
11  81  50  66   3   0   1 0.00  0.0    0  2.2  8 180   M    M   0 1       M  M
12  82  52  67   4   0   2 0.00  0.0    0  3.1  9 250   M    M   0 12      M  M
13  82  57  70   7   0   5 0.00  0.0    0  4.6 14  40   M    M   6 12      M  M
14  82  59  71   8   0   6 0.00  0.0    0  3.2  9 270   M    M   5 12      M  M
15  81  63  72   9   0   7 0.00  0.0    0 13.8 29 250   M    M   8 123    40 250
16  74  58  66   2   0   1 0.00  0.0    0  7.9 13 290   M    M   3        18 340
17  77  41  59  -5   6   0 0.00  0.0    0  0.8  5  20   M    M   0         M  M
18   M   M   M   M   M   M    M  0.0    0  3.9 16 180   M    M   5 1      20 210
19  83  62  73   9   0   8 0.00  0.0    0  3.6 12 330   M    M   6 12     16 340
20  82  55  69   5   0   4 0.00  0.0    0  2.7 10  90   M    M   0         M  M
21  82  62  72   8   0   7 0.00  0.0    0  7.1 14 130   M    M   4 1      17 160
================================================================================
SM 1591 1111        15  71  0.86     0.0 107.4          M       66
================================================================================
AV 79.6 55.6                               5.1 FASTST   M    M   3    MAX(MPH)
                                 MISC ---->    29   M                 40    M
================================================================================
NOTES:
# LAST OF SEVERAL OCCURRENCES

COLUMN 17 PEAK WIND IN M.P.H.

PRELIMINARY LOCAL CLIMATOLOGICAL DATA (WS FORM: F-6) , PAGE 2

                                          STATION:  Lakeland Linder
                                          MONTH:    FEBRUARY
                                          YEAR:     2017
                                          LATITUDE:   28  0 N
                                          LONGITUDE:  82  3 W

[TEMPERATURE DATA]      [PRECIPITATION DATA]       SYMBOLS USED IN COLUMN 16

AVERAGE MONTHLY: 67.6   TOTAL FOR MONTH:   0.86    1 = FOG OR MIST
DPTR FM NORMAL:   4.6   DPTR FM NORMAL:   -1.38    2 = FOG REDUCING VISIBILITY
HIGHEST:    85 ON  7    GRTST 24HR  0.86 ON  8- 8      TO 1/4 MILE OR LESS
LOWEST:     41 ON 17                               3 = THUNDER
                        SNOW, ICE PELLETS, HAIL    4 = ICE PELLETS
                        TOTAL MONTH:   0.0 INCH    5 = HAIL
                        GRTST 24HR     0.0         6 = FREEZING RAIN OR DRIZZLE
                        GRTST DEPTH:   0           7 = DUSTSTORM OR SANDSTORM:
                                                       VSBY 1/2 MILE OR LESS
                                                   8 = SMOKE OR HAZE
[NO. OF DAYS WITH]      [WEATHER - DAYS WITH]      9 = BLOWING SNOW
                                                   X = TORNADO
MAX 32 OR BELOW:   0    0.01 INCH OR MORE:   1
MAX 90 OR ABOVE:   0    0.10 INCH OR MORE:   1
MIN 32 OR BELOW:   0    0.50 INCH OR MORE:   1
MIN  0 OR BELOW:   0    1.00 INCH OR MORE:   0

[HDD (BASE 65) ]
TOTAL THIS MO.    15    CLEAR  (SCALE 0-3)  11
DPTR FM NORMAL   -73    PTCLDY (SCALE 4-7)  10
TOTAL FM JUL 1   149    CLOUDY (SCALE 8-10)  0
DPTR FM NORMAL  -258

[CDD (BASE 65) ]
TOTAL THIS MO.    71
DPTR FM NORMAL    28    [PRESSURE DATA]
TOTAL FM JAN 1   180    HIGHEST SLP M ON M
DPTR FM NORMAL    80    LOWEST  SLP M ON M

[REMARKS]
