000
CXUS55 KTBW 311000
CF6LAL
PRELIMINARY LOCAL CLIMATOLOGICAL DATA (WS FORM: F-6)

                                          STATION:   Lakeland Linder
                                          MONTH:     JANUARY
                                          YEAR:      2015
                                          LATITUDE:   28  0 N
                                          LONGITUDE:  82  3 W

  TEMPERATURE IN F:       :PCPN:    SNOW:  WIND      :SUNSHINE: SKY     :PK WND
================================================================================
1   2   3   4   5  6A  6B    7    8   9   10  11  12  13   14  15   16   17  18
                                     12Z  AVG MX 2MIN
DY MAX MIN AVG DEP HDD CDD  WTR  SNW DPTH SPD SPD DIR MIN PSBL S-S WX    SPD DR
================================================================================

 1  73  56  65   4   0   0 0.02  0.0    0  6.4 12  30   M    M  10 1      16  30
 2  74  61  68   7   0   3    T  0.0    0  6.1  8  80   M    M   9 12      M  M
 3  84  67  76  15   0  11 0.00  0.0    0  8.3 15 170   M    M   6 1      24 170
 4  84  68  76  16   0  11 0.00  0.0    0  8.6 17 200   M    M   5        23 170
 5  82  64  73  13   0   8 0.00  0.0    0  7.2 13  60   M    M   6 1      17  20
 6  80  53  67   7   0   2 0.00  0.0    0  5.6 12 310   M    M   4         M  M
 7  74  45  60   0   5   0 0.00  0.0    0  6.3 13 320   M    M   0        18 320
 8  65  35  50 -10  15   0 0.00  0.0    0 13.3 22  60   M    M   3        29  60
 9  57  43  50 -10  15   0 0.00  0.0    0  6.2 10 350   M    M   7 1       M  M
10  64  40  52  -8  13   0 0.00  0.0    0  8.2 13  60   M    M   4        17  60
11  77  50  64   4   1   0 0.00  0.0    0  7.0 12  90   M    M   6        16 110
12  76  63  70  10   0   5 0.07  0.0    0  5.3 13  50   M    M   8 123     M  M
13  76  59  68   8   0   3 0.75  0.0    0  4.5  9 360   M    M   6 12      M  M
14  76  59  68   8   0   3 0.03  0.0    0  6.9 10  10   M    M  10         M  M
15  65  50  58  -2   7   0 0.00  0.0    0  6.2 10   3   M    M  10 1       M  M
16  66  51  59  -1   6   0 0.08  0.0    0  5.9 10 360   M    M   5         M  M
17  73  43  58  -3   7   0 0.00  0.0    0  6.1 13 120   M    M   2        17 100
18  72  51  62   1   3   0 0.00  0.0    0  5.4 14 310   M    M   6 1      21 310
19  69  41  55  -6  10   0 0.00  0.0    0  4.1 12  40   M    M   2 12     17  40
20  71  47  59  -2   6   0 0.00  0.0    0  1.8  7 120   M    M   4 1       M  M
21  78  51  65   4   0   0 0.00  0.0    0  2.1  9  80   M    M   1         M  M
22  79  54  67   6   0   2 0.00  0.0    0  5.5 14 100   M    M   4 18     18 100
23  78  64  71  10   0   6 0.00  0.0    0 11.4 17 210   M    M   7        29 160
24  77  57  67   6   0   2 0.39  0.0    0 14.2 23 290   M    M   7 13     31 300
25  64  40  52  -9  13   0 0.00  0.0    0  3.7  9 280   M    M   0 1       M  M
26  65  49  57  -4   8   0 0.37  0.0    0 10.0 21 290   M    M   4        32 290
27  65  38  52  -9  13   0 0.00  0.0    0  8.1 21 300   M    M   1        27 300
28  66  39  53  -8  12   0 0.00  0.0    0  6.5 12 360   M    M   0         M  M
29  69  39  54  -8  11   0 0.00  0.0    0  3.3  9 110   M    M   0         M  M
30  71  42  57  -5   8   0 0.00  0.0    0  4.8 13 260   M    M   2         M  M
================================================================================
SM 2170 1519       153  56  1.71     0.0 199.0          M      139
================================================================================
AV 72.3 50.6                               6.6 FASTST   M    M   5    MAX(MPH)
                                 MISC ---->  # 23 290                 32    M
================================================================================
NOTES:
# LAST OF SEVERAL OCCURRENCES

COLUMN 17 PEAK WIND IN M.P.H.

PRELIMINARY LOCAL CLIMATOLOGICAL DATA (WS FORM: F-6) , PAGE 2

                                          STATION:  Lakeland Linder
                                          MONTH:    JANUARY
                                          YEAR:     2015
                                          LATITUDE:   28  0 N
                                          LONGITUDE:  82  3 W

[TEMPERATURE DATA]      [PRECIPITATION DATA]       SYMBOLS USED IN COLUMN 16

AVERAGE MONTHLY: 61.5   TOTAL FOR MONTH:   1.71    1 = FOG OR MIST
DPTR FM NORMAL:   0.9   DPTR FM NORMAL:   -0.85    2 = FOG REDUCING VISIBILITY
HIGHEST:    84 ON  4, 3 GRTST 24HR  0.75 ON 13-13      TO 1/4 MILE OR LESS
LOWEST:     35 ON  8                               3 = THUNDER
                        SNOW, ICE PELLETS, HAIL    4 = ICE PELLETS
                        TOTAL MONTH:   0.0 INCH    5 = HAIL
                        GRTST 24HR     0.0         6 = FREEZING RAIN OR DRIZZLE
                        GRTST DEPTH:   0           7 = DUSTSTORM OR SANDSTORM:
                                                       VSBY 1/2 MILE OR LESS
                                                   8 = SMOKE OR HAZE
[NO. OF DAYS WITH]      [WEATHER - DAYS WITH]      9 = BLOWING SNOW
                                                   X = TORNADO
MAX 32 OR BELOW:   0    0.01 INCH OR MORE:   7
MAX 90 OR ABOVE:   0    0.10 INCH OR MORE:   3
MIN 32 OR BELOW:   0    0.50 INCH OR MORE:   1
MIN  0 OR BELOW:   0    1.00 INCH OR MORE:   0

[HDD (BASE 65) ]
TOTAL THIS MO.   153    CLEAR  (SCALE 0-3)  10
DPTR FM NORMAL   -19    PTCLDY (SCALE 4-7)  15
TOTAL FM JUL 1   352    CLOUDY (SCALE 8-10)  5
DPTR FM NORMAL    14

[CDD (BASE 65) ]
TOTAL THIS MO.    56
DPTR FM NORMAL    14    [PRESSURE DATA]
TOTAL FM JAN 1    56    HIGHEST SLP M ON M
DPTR FM NORMAL    14    LOWEST  SLP M ON M

[REMARKS]
