000
CXUS53 KGRR 171017
CF6LAN
PRELIMINARY LOCAL CLIMATOLOGICAL DATA (WS FORM: F-6)

                                          STATION:   LANSING
                                          MONTH:     OCTOBER
                                          YEAR:      2017
                                          LATITUDE:   42 46 N
                                          LONGITUDE:  84 36 W

  TEMPERATURE IN F:       :PCPN:    SNOW:  WIND      :SUNSHINE: SKY     :PK WND
================================================================================
1   2   3   4   5  6A  6B    7    8   9   10  11  12  13   14  15   16   17  18
                                     12Z  AVG MX 2MIN
DY MAX MIN AVG DEP HDD CDD  WTR  SNW DPTH SPD SPD DIR MIN PSBL S-S WX    SPD DR
================================================================================

 1  70  39  55  -1  10   0 0.00  0.0    0  6.2 14 150   M    M   0        18 130
 2  79  45  62   7   3   0 0.00  0.0    0  8.1 18 140   M    M   0        21 140
 3  85  56  71  16   0   6 0.00  0.0    0 11.2 22 220   M    M   4        27 220
 4  73  50  62   8   3   0 0.06  0.0    0 11.5 20 260   M    M   6 138    25 230
 5  75  46  61   7   4   0 0.01  0.0    0  4.8 15 260   M    M   3        20 250
 6  65  53  59   5   6   0 0.62  0.0    0  5.1 12 140   M    M  10 1      14 140
 7  82  61  72  19   0   7 0.72  0.0    0 14.7 38 260   M    M   5 13     49 240
 8  78  55  67  14   0   2    T  0.0    0  8.8 21 220   M    M   3 1      29 240
 9  79  53  66  13   0   1    T  0.0    0  2.3  8 250   M    M   2 1      14 270
10  67  51  59   7   6   0    T  0.0    0  7.9 20  90   M    M   3 1      25 100
11  55  51  53   1  12   0 1.12  0.0    0 13.4 22  50   M    M  10 1      29  70
12  59  49  54   2  11   0 0.00  0.0    0  5.8 13  50   M    M  10 18     17  30
13  70  57  64  13   1   0    T  0.0    0  6.2 16 220   M    M   9 18     22 220
14  63  57  60   9   5   0 2.89  0.0    0  9.1 21 150   M    M   9 13     25 160
15  67  42  55   5  10   0 0.45  0.0    0 14.0 30 270   M    M   8 18     37 270
16  57  39  48  -2  17   0    T  0.0    0  4.0 13 220   M    M   6        16 220
================================================================================
SM 1124  804        88  16  5.87     0.0 133.1          M       88
================================================================================
AV 70.3 50.3                               8.3 FASTST   M    M   6    MAX(MPH)
                                 MISC ---->  # 38 260               # 49  240
================================================================================
NOTES:
# LAST OF SEVERAL OCCURRENCES

COLUMN 17 PEAK WIND IN M.P.H.

PRELIMINARY LOCAL CLIMATOLOGICAL DATA (WS FORM: F-6) , PAGE 2

                                          STATION:  LANSING
                                          MONTH:    OCTOBER
                                          YEAR:     2017
                                          LATITUDE:   42 46 N
                                          LONGITUDE:  84 36 W

[TEMPERATURE DATA]      [PRECIPITATION DATA]       SYMBOLS USED IN COLUMN 16

AVERAGE MONTHLY: 60.3   TOTAL FOR MONTH:   5.87    1 = FOG OR MIST
DPTR FM NORMAL:   7.4   DPTR FM NORMAL:    4.51    2 = FOG REDUCING VISIBILITY
HIGHEST:    85 ON  3    GRTST 24HR  2.89 ON 14-14      TO 1/4 MILE OR LESS
LOWEST:     39 ON 16, 1                            3 = THUNDER
                        SNOW, ICE PELLETS, HAIL    4 = ICE PELLETS
                        TOTAL MONTH:   0.0 INCH    5 = HAIL
                        GRTST 24HR     0.0         6 = FREEZING RAIN OR DRIZZLE
                        GRTST DEPTH:   0           7 = DUSTSTORM OR SANDSTORM:
                                                       VSBY 1/2 MILE OR LESS
                                                   8 = SMOKE OR HAZE
[NO. OF DAYS WITH]      [WEATHER - DAYS WITH]      9 = BLOWING SNOW
                                                   X = TORNADO
MAX 32 OR BELOW:   0    0.01 INCH OR MORE:   7
MAX 90 OR ABOVE:   0    0.10 INCH OR MORE:   5
MIN 32 OR BELOW:   0    0.50 INCH OR MORE:   4
MIN  0 OR BELOW:   0    1.00 INCH OR MORE:   2

[HDD (BASE 65) ]
TOTAL THIS MO.    88    CLEAR  (SCALE 0-3)   6
DPTR FM NORMAL  -112    PTCLDY (SCALE 4-7)   4
TOTAL FM JUL 1   220    CLOUDY (SCALE 8-10)  6
DPTR FM NORMAL  -168

[CDD (BASE 65) ]
TOTAL THIS MO.    16
DPTR FM NORMAL    12    [PRESSURE DATA]
TOTAL FM JAN 1   780    HIGHEST SLP M ON M
DPTR FM NORMAL   158    LOWEST  SLP 29.46 ON  7

[REMARKS]
