000
CXUS55 KCYS 251000
CF6LAR
PRELIMINARY LOCAL CLIMATOLOGICAL DATA (WS FORM: F-6)

                                          STATION:   LARAMIE WYOMING AIRPORT
                                          MONTH:     DECEMBER
                                          YEAR:      2014
                                          LATITUDE:   41 18 N
                                          LONGITUDE: 105 40 W

  TEMPERATURE IN F:       :PCPN:    SNOW:  WIND      :SUNSHINE: SKY     :PK WND
================================================================================
1   2   3   4   5  6A  6B    7    8   9   10  11  12  13   14  15   16   17  18
                                     12Z  AVG MX 2MIN
DY MAX MIN AVG DEP HDD CDD  WTR  SNW DPTH SPD SPD DIR MIN PSBL S-S WX    SPD DR
================================================================================

 1  42  12  27   4  38   0    T    M    M 15.1 29 260   M    M   5 1      39 250
 2  46  32  39  17  26   0 0.00    M    M 20.0 37 270   M    M   0        46 270
 3  48  27  38  16  27   0 0.00    M    M 13.4 29 240   M    M   4        34 220
 4  47  26  37  15  28   0 0.00    M    M 12.8 28 240   M    M   0        36 240
 5  47  19  33  11  32   0 0.00    M    M  7.8 21 260   M    M   2        25 270
 6  47  24  36  14  29   0 0.00    M    M  8.9 21 240   M    M   3        23 250
 7  49  23  36  15  29   0 0.00    M    M 13.1 24 250   M    M   2        30 250
 8  50  22  36  15  29   0 0.00    M    M  7.1 15 230   M    M   0        19 220
 9  53  19  36  15  29   0 0.00    M    M  9.4 23 240   M    M   0        30 250
10  52  19  36  15  29   0 0.00    M    M  5.7 13 210   M    M   0        15 360
11  56  18  37  16  28   0 0.00    M    M 10.8 23 240   M    M   0        28 240
12  60  23  42  21  23   0 0.00    M    M  6.8 16 260   M    M   1        19 270
13  52  19  36  15  29   0 0.00    M    M  5.0 12 330   M    M   1        14 330
14  29  17  23   2  42   0 0.03    M    M 12.3 25 330   M    M   9 12     33 330
15  26  -3  12  -9  53   0    T    M    M 13.1 26 320   M    M   5 1      32 320
16  34  -1  17  -3  48   0 0.00    M    M  6.0 17 180   M    M   3        18 170
17  36   7  22   2  43   0 0.00    M    M  7.9 16 210   M    M   1        18 230
18  32   7  20   0  45   0 0.00    M    M  6.7 16 220   M    M   0        20 210
19  32  10  21   0  44   0 0.00    M    M 14.2 29 260   M    M   0        36 270
20  35  20  28   7  37   0 0.00    M    M 13.1 21 220   M    M   6        28 230
21  38  21  30   9  35   0    T    M    M 19.0 41 330   M    M   7 18     53 330
22  26  17  22   1  43   0 0.01    M    M 19.7 31 330   M    M   7 1289   41 340
23  22   1  12  -9  53   0    T    M    M 18.7 33 320   M    M   5 19     41 320
24  34   2  18  -3  47   0 0.00    M    M 18.4 39 230   M    M   0        51 240
================================================================================
SM  993  381       866   0  0.04    M    285.0          M       61
================================================================================
AV 41.4 15.9                              11.9 FASTST   M    M   3    MAX(MPH)
                                 MISC ---->  # 41 330               # 53  330
================================================================================
NOTES:
# LAST OF SEVERAL OCCURRENCES

COLUMN 17 PEAK WIND IN M.P.H.

PRELIMINARY LOCAL CLIMATOLOGICAL DATA (WS FORM: F-6) , PAGE 2

                                          STATION:  LARAMIE WYOMING AIRPORT
                                          MONTH:    DECEMBER
                                          YEAR:     2014
                                          LATITUDE:   41 18 N
                                          LONGITUDE: 105 40 W

[TEMPERATURE DATA]      [PRECIPITATION DATA]       SYMBOLS USED IN COLUMN 16

AVERAGE MONTHLY: 28.6   TOTAL FOR MONTH:   0.04    1 = FOG OR MIST
DPTR FM NORMAL:   7.5   DPTR FM NORMAL:   -0.22    2 = FOG REDUCING VISIBILITY
HIGHEST:    60 ON 12    GRTST 24HR  0.03 ON 14-14      TO 1/4 MILE OR LESS
LOWEST:     -3 ON 15                               3 = THUNDER
                        SNOW, ICE PELLETS, HAIL    4 = ICE PELLETS
                        TOTAL MONTH:    M          5 = HAIL
                        GRTST 24HR    M  ON   M    6 = FREEZING RAIN OR DRIZZLE
                        GRTST DEPTH:  M  ON   M    7 = DUSTSTORM OR SANDSTORM:
                                                       VSBY 1/2 MILE OR LESS
                                                   8 = SMOKE OR HAZE
[NO. OF DAYS WITH]      [WEATHER - DAYS WITH]      9 = BLOWING SNOW
                                                   X = TORNADO
MAX 32 OR BELOW:   6    0.01 INCH OR MORE:   2
MAX 90 OR ABOVE:   0    0.10 INCH OR MORE:   0
MIN 32 OR BELOW:  24    0.50 INCH OR MORE:   0
MIN  0 OR BELOW:   2    1.00 INCH OR MORE:   0

[HDD (BASE 65) ]
TOTAL THIS MO.   866    CLEAR  (SCALE 0-3)  16
DPTR FM NORMAL  -182    PTCLDY (SCALE 4-7)   7
TOTAL FM JUL 1  2994    CLOUDY (SCALE 8-10)  1
DPTR FM NORMAL  -366

[CDD (BASE 65) ]
TOTAL THIS MO.     0
DPTR FM NORMAL     0    [PRESSURE DATA]
TOTAL FM JAN 1    67    HIGHEST SLP M ON M
DPTR FM NORMAL     0    LOWEST  SLP 29.40 ON 24

[REMARKS]
