000
CXUS55 KVEF 240940
CF6LAS
PRELIMINARY LOCAL CLIMATOLOGICAL DATA (WS FORM: F-6)

                                          STATION:   LAS VEGAS NV
                                          MONTH:     OCTOBER
                                          YEAR:      2014
                                          LATITUDE:   36  4 N
                                          LONGITUDE: 115 10 W

  TEMPERATURE IN F:       :PCPN:    SNOW:  WIND      :SUNSHINE: SKY     :PK WND
================================================================================
1   2   3   4   5  6A  6B    7    8   9   10  11  12  13   14  15   16   17  18
                                     12Z  AVG MX 2MIN
DY MAX MIN AVG DEP HDD CDD  WTR  SNW DPTH SPD SPD DIR MIN PSBL S-S WX    SPD DR
================================================================================

 1  84  66  75  -1   0  10 0.00  0.0    0  9.8 21 330   M    M   1        26 350
 2  82  59  71  -5   0   6 0.00  0.0    0  4.9 15  70   M    M   0        19  70
 3  90  61  76   1   0  11 0.00  0.0    0  6.1 13 200   M    M   1        16  50
 4  91  64  78   3   0  13 0.00  0.0    0  6.2 13 220   M    M   4        14 210
 5  92  65  79   5   0  14 0.00  0.0    0  5.9 13 200   M    M   1        14 200
 6  93  67  80   6   0  15 0.00  0.0    0  6.2 13 200   M    M   3        14 200
 7  83  72  78   5   0  13 0.00  0.0    0  5.6 12 210   M    M   9        14 180
 8  88  67  78   5   0  13 0.00  0.0    0  7.1 18 180   M    M   6        23 190
 9  88  67  78   6   0  13 0.00  0.0    0  5.0 14 180   M    M   5        18 170
10  90  68  79   7   0  14 0.00  0.0    0  7.1 15 220   M    M   2        19 220
11  91  65  78   6   0  13 0.00  0.0    0  6.5 14 200   M    M   2        17 180
12  89  68  79   8   0  14 0.00  0.0    0  9.0 24 330   M    M   1        35 330
13  82  61  72   1   0   7 0.00  0.0    0  4.2 12 200   M    M   0        16  50
14  85  60  73   3   0   8 0.00  0.0    0  6.1 14 200   M    M   3        17 190
15  91  65  78   8   0  13 0.00  0.0    0 11.9 21 180   M    M   5        28 180
16  86  62  74   4   0   9 0.00  0.0    0  6.9 15 190   M    M   3        20 170
17  85  62  74   5   0   9 0.00  0.0    0  7.0 15  90   M    M   5        19  70
18  84  68  76   7   0  11    T  0.0    0  5.5 10 230   M    M   7        12 220
19  88  64  76   8   0  11 0.00  0.0    0  5.9 13 200   M    M   1        14 200
20  88  65  77   9   0  12 0.00  0.0    0  8.3 16 190   M    M   2        21 190
21  86  67  77  10   0  12 0.00  0.0    0 13.8 23 190   M    M   3        30 200
22  84  60  72   5   0   7 0.00  0.0    0  5.8 12 200   M    M   4        13 200
23  86  62  74   7   0   9 0.00  0.0    0  5.7 13 200   M    M   3        13 200
================================================================================
SM 2006 1485         0 257    T      0.0 160.5          M       71
================================================================================
AV 87.2 64.6                               7.0 FASTST   M    M   3    MAX(MPH)
                                 MISC ---->  # 24 330               # 35  330
================================================================================
NOTES:
# LAST OF SEVERAL OCCURRENCES

COLUMN 17 PEAK WIND IN M.P.H.

PRELIMINARY LOCAL CLIMATOLOGICAL DATA (WS FORM: F-6) , PAGE 2

                                          STATION:  LAS VEGAS NV
                                          MONTH:    OCTOBER
                                          YEAR:     2014
                                          LATITUDE:   36  4 N
                                          LONGITUDE: 115 10 W

[TEMPERATURE DATA]      [PRECIPITATION DATA]       SYMBOLS USED IN COLUMN 16

AVERAGE MONTHLY: 75.9   TOTAL FOR MONTH:      T    1 = FOG OR MIST
DPTR FM NORMAL:   4.6   DPTR FM NORMAL:   -0.18    2 = FOG REDUCING VISIBILITY
HIGHEST:    93 ON  6    GRTST 24HR    T  ON 18-18      TO 1/4 MILE OR LESS
LOWEST:     59 ON  2                               3 = THUNDER
                        SNOW, ICE PELLETS, HAIL    4 = ICE PELLETS
                        TOTAL MONTH:   0.0 INCH    5 = HAIL
                        GRTST 24HR     0.0         6 = FREEZING RAIN OR DRIZZLE
                        GRTST DEPTH:   0           7 = DUSTSTORM OR SANDSTORM:
                                                       VSBY 1/2 MILE OR LESS
                                                   8 = SMOKE OR HAZE
[NO. OF DAYS WITH]      [WEATHER - DAYS WITH]      9 = BLOWING SNOW
                                                   X = TORNADO
MAX 32 OR BELOW:   0    0.01 INCH OR MORE:   0
MAX 90 OR ABOVE:   7    0.10 INCH OR MORE:   0
MIN 32 OR BELOW:   0    0.50 INCH OR MORE:   0
MIN  0 OR BELOW:   0    1.00 INCH OR MORE:   0

[HDD (BASE 65) ]
TOTAL THIS MO.     0    CLEAR  (SCALE 0-3)  13
DPTR FM NORMAL   -15    PTCLDY (SCALE 4-7)   9
TOTAL FM JUL 1     0    CLOUDY (SCALE 8-10)  1
DPTR FM NORMAL   -16

[CDD (BASE 65) ]
TOTAL THIS MO.   257
DPTR FM NORMAL    99    [PRESSURE DATA]
TOTAL FM JAN 1  3902    HIGHEST SLP M ON M
DPTR FM NORMAL   367    LOWEST  SLP 29.66 ON  1

[REMARKS]
