000
CXUS55 KVEF 300940
CF6LAS
PRELIMINARY LOCAL CLIMATOLOGICAL DATA (WS FORM: F-6)

                                          STATION:   LAS VEGAS NV
                                          MONTH:     MARCH
                                          YEAR:      2017
                                          LATITUDE:   36  4 N
                                          LONGITUDE: 115 10 W

  TEMPERATURE IN F:       :PCPN:    SNOW:  WIND      :SUNSHINE: SKY     :PK WND
================================================================================
1   2   3   4   5  6A  6B    7    8   9   10  11  12  13   14  15   16   17  18
                                     12Z  AVG MX 2MIN
DY MAX MIN AVG DEP HDD CDD  WTR  SNW DPTH SPD SPD DIR MIN PSBL S-S WX    SPD DR
================================================================================

 1  62  40  51  -5  14   0 0.00  0.0    0  4.5 14  70   M    M   0        17  10
 2  69  42  56  -1   9   0 0.00  0.0    0  5.8 14  20   M    M   0        23  50
 3  71  45  58   1   7   0 0.00  0.0    0  3.9 12  30   M    M   3        15  20
 4  77  53  65   8   0   0 0.00  0.0    0  8.6 17 190   M    M   9        26 200
 5  68  47  58   0   7   0    T  0.0    0 16.5 37 220   M    M   6        51 210
 6  57  43  50  -8  15   0 0.00  0.0    0  7.8 18 340   M    M   1        23 320
 7  66  41  54  -4  11   0 0.00  0.0    0  3.0  9  70   M    M   3        11  50
 8  76  48  62   4   3   0 0.00  0.0    0  2.9  8 200   M    M   5        11  30
 9  81  53  67   9   0   2 0.00  0.0    0  3.4  8 210   M    M   4        11  80
10  79  54  67   8   0   2 0.00  0.0    0  2.7  7 190   M    M   8        10  90
11  83  56  70  11   0   5 0.00  0.0    0  3.3 12 100   M    M   5        16  70
12  86  57  72  13   0   7 0.00  0.0    0  4.0 10  20   M    M   5        12  20
13  85  57  71  12   0   6 0.00  0.0    0  3.8 10 210   M    M   4        13 210
14  88  59  74  14   0   9 0.00  0.0    0  4.4 12  70   M    M   1        15  40
15  88  61  75  15   0  10 0.00  0.0    0  5.8 17 210   M    M   6        24 210
16  87  63  75  15   0  10 0.00  0.0    0  6.2 15 190   M    M   4        18 190
17  87  61  74  14   0   9 0.00  0.0    0  5.2 13 170   M    M   6        16 180
18  90  63  77  17   0  12 0.00  0.0    0  6.1 17 230   M    M   7        27 190
19  90  63  77  16   0  12 0.00  0.0    0  5.9 17 230   M    M   5        21 230
20  88  68  78  17   0  13 0.00  0.0    0  7.7 18 250   M    M   7        24 250
21  82  69  76  15   0  11 0.00  0.0    0 11.5 22 250   M    M   7        33 180
22  72  55  64   3   1   0 0.00  0.0    0 13.5 24 230   M    M   7        32 230
23  72  52  62   1   3   0    T  0.0    0  8.7 25 340   M    M   5        32 340
24  79  51  65   3   0   0 0.00  0.0    0  6.9 21  70   M    M   2        25  60
25  71  59  65   3   0   0    T  0.0    0 11.4 26 310   M    M   6        32 230
26  75  53  64   2   1   0 0.00  0.0    0  5.8 16  70   M    M   5        23  30
27  71  58  65   3   0   0 0.01  0.0    0 13.8 29 350   M    M   4 3      39 340
28  73  55  64   2   1   0 0.00  0.0    0 14.2 31 330   M    M   1        37 340
29  77  52  65   3   0   0 0.00  0.0    0  3.5 15  20   M    M   4        18  10
================================================================================
SM 2250 1578        72 108  0.01     0.0 200.8          M      130
================================================================================
AV 77.6 54.4                               6.9 FASTST   M    M   4    MAX(MPH)
                                 MISC ---->  # 37 220               # 51  210
================================================================================
NOTES:
# LAST OF SEVERAL OCCURRENCES

COLUMN 17 PEAK WIND IN M.P.H.

PRELIMINARY LOCAL CLIMATOLOGICAL DATA (WS FORM: F-6) , PAGE 2

                                          STATION:  LAS VEGAS NV
                                          MONTH:    MARCH
                                          YEAR:     2017
                                          LATITUDE:   36  4 N
                                          LONGITUDE: 115 10 W

[TEMPERATURE DATA]      [PRECIPITATION DATA]       SYMBOLS USED IN COLUMN 16

AVERAGE MONTHLY: 66.0   TOTAL FOR MONTH:   0.01    1 = FOG OR MIST
DPTR FM NORMAL:   6.3   DPTR FM NORMAL:   -0.41    2 = FOG REDUCING VISIBILITY
HIGHEST:    90 ON 19,18 GRTST 24HR  0.01 ON 27-27      TO 1/4 MILE OR LESS
LOWEST:     40 ON  1                               3 = THUNDER
                        SNOW, ICE PELLETS, HAIL    4 = ICE PELLETS
                        TOTAL MONTH:   0.0 INCH    5 = HAIL
                        GRTST 24HR     0.0         6 = FREEZING RAIN OR DRIZZLE
                        GRTST DEPTH:   0           7 = DUSTSTORM OR SANDSTORM:
                                                       VSBY 1/2 MILE OR LESS
                                                   8 = SMOKE OR HAZE
[NO. OF DAYS WITH]      [WEATHER - DAYS WITH]      9 = BLOWING SNOW
                                                   X = TORNADO
MAX 32 OR BELOW:   0    0.01 INCH OR MORE:   1
MAX 90 OR ABOVE:   2    0.10 INCH OR MORE:   0
MIN 32 OR BELOW:   0    0.50 INCH OR MORE:   0
MIN  0 OR BELOW:   0    1.00 INCH OR MORE:   0

[HDD (BASE 65) ]
TOTAL THIS MO.    72    CLEAR  (SCALE 0-3)   8
DPTR FM NORMAL  -109    PTCLDY (SCALE 4-7)  20
TOTAL FM JUL 1  1444    CLOUDY (SCALE 8-10)  1
DPTR FM NORMAL  -428

[CDD (BASE 65) ]
TOTAL THIS MO.   108
DPTR FM NORMAL    84    [PRESSURE DATA]
TOTAL FM JAN 1   111    HIGHEST SLP M ON M
DPTR FM NORMAL    86    LOWEST  SLP 29.59 ON  5

[REMARKS]
