000
CXUS54 KOUN 290700
CF6LAW
PRELIMINARY LOCAL CLIMATOLOGICAL DATA (WS FORM: F-6)

                                          STATION:   LAWTON MUNICIPAL
                                          MONTH:     JULY
                                          YEAR:      2017
                                          LATITUDE:   34 34 N
                                          LONGITUDE:  98 25 W

  TEMPERATURE IN F:       :PCPN:    SNOW:  WIND      :SUNSHINE: SKY     :PK WND
================================================================================
1   2   3   4   5  6A  6B    7    8   9   10  11  12  13   14  15   16   17  18
                                     12Z  AVG MX 2MIN
DY MAX MIN AVG DEP HDD CDD  WTR  SNW DPTH SPD SPD DIR MIN PSBL S-S WX    SPD DR
================================================================================

 1  89  68  79  -3   0  14 0.01  0.0    0  4.8 21 150   M    M   0        26 170
 2  95  70  83   1   0  18 0.00  0.0    0  7.4 18  60   M    M   2        23 230
 3  97  65  81  -2   0  16 1.28  0.0    0 11.2 49 360   M    M   2 13     63 360
 4  88  66  77  -6   0  12 0.05  0.0    0  6.5 18 180   M    M   1 3      25 190
 5  89  70  80  -3   0  15 0.12  0.0    0  5.2 14  40   M    M   1 13     17  50
 6  95  69  82  -1   0  17 0.00  0.0    0  2.5  9 130   M    M   0 1      13 100
 7  97  70  84   1   0  19 0.00  0.0    0  4.2 13 160   M    M   0 1      19 160
 8  96  72  84   1   0  19 0.39  0.0    0  6.6 25 110   M    M   2 13     31 110
 9  89  73  81  -3   0  16 0.77  0.0    0  7.6 20 130   M    M   2 13     28 270
10  93  70  82  -2   0  17 0.00  0.0    0  8.5 16 160   M    M   0        21 160
11  97  73  85   1   0  20 0.00  0.0    0 10.2 20 170   M    M   1        25 180
12  96  73  85   1   0  20 0.00  0.0    0  9.2 20 140   M    M   0        24 170
13  96  71  84   0   0  19 0.00  0.0    0  6.3 14 140   M    M   0        20 210
14  99  71  85   1   0  20 0.00  0.0    0  3.9 10 160   M    M   0        18 190
15 101  73  87   3   0  22    T  0.0    0  6.6 28  70   M    M   1 3      37  70
16  94  73  84   0   0  19    T  0.0    0  5.6 20 120   M    M   1 3      23 130
17  95  73  84   0   0  19 0.00  0.0    0  5.6 14 140   M    M   1 1      18 160
18  96  74  85   0   0  20 0.00  0.0    0  8.1 16 130   M    M   1        21 160
19  98  74  86   1   0  21 0.00  0.0    0  7.6 16 130   M    M   0 1      20 180
20 100  75  88   3   0  23 0.00  0.0    0  8.0 15 160   M    M   0        20 180
21 101  75  88   3   0  23 0.00  0.0    0  7.6 15 140   M    M   1        20 140
22 104  73  89   4   0  24 0.00  0.0    0  5.3 15 150   M    M   0 8      19 150
23 101  74  88   3   0  23 0.18  0.0    0  6.6 28  10   M    M   1 3      41 360
24  92  69  81  -4   0  16 0.00  0.0    0  4.9 14 120   M    M   0 1      17 110
25  98  75  87   2   0  22 0.00  0.0    0  9.1 17 150   M    M   0        24 160
26 100  73  87   2   0  22 0.00  0.0    0 10.8 21 160   M    M   0        29 160
27 103  71  87   1   0  22 0.00  0.0    0  6.8 15 170   M    M   0        20 200
28 101  77  89   3   0  24 0.00  0.0    0  6.3 13 360   M    M   1        17  50
================================================================================
SM 2700 2010         0 542  2.80     0.0 193.0          M       18
================================================================================
AV 96.4 71.8                               6.9 FASTST   M    M   1    MAX(MPH)
                                 MISC ---->  # 49 360               # 63  360
================================================================================
NOTES:
# LAST OF SEVERAL OCCURRENCES

COLUMN 17 PEAK WIND IN M.P.H.

PRELIMINARY LOCAL CLIMATOLOGICAL DATA (WS FORM: F-6) , PAGE 2

                                          STATION:  LAWTON MUNICIPAL
                                          MONTH:    JULY
                                          YEAR:     2017
                                          LATITUDE:   34 34 N
                                          LONGITUDE:  98 25 W

[TEMPERATURE DATA]      [PRECIPITATION DATA]       SYMBOLS USED IN COLUMN 16

AVERAGE MONTHLY: 84.1   TOTAL FOR MONTH:   2.80    1 = FOG OR MIST
DPTR FM NORMAL:   0.0   DPTR FM NORMAL:    0.76    2 = FOG REDUCING VISIBILITY
HIGHEST:   104 ON 22    GRTST 24HR  1.38 ON 30- 1      TO 1/4 MILE OR LESS
LOWEST:     65 ON  3                               3 = THUNDER
                        SNOW, ICE PELLETS, HAIL    4 = ICE PELLETS
                        TOTAL MONTH:   0.0 INCH    5 = HAIL
                        GRTST 24HR     0.0         6 = FREEZING RAIN OR DRIZZLE
                        GRTST DEPTH:   0           7 = DUSTSTORM OR SANDSTORM:
                                                       VSBY 1/2 MILE OR LESS
                                                   8 = SMOKE OR HAZE
[NO. OF DAYS WITH]      [WEATHER - DAYS WITH]      9 = BLOWING SNOW
                                                   X = TORNADO
MAX 32 OR BELOW:   0    0.01 INCH OR MORE:   7
MAX 90 OR ABOVE:  24    0.10 INCH OR MORE:   5
MIN 32 OR BELOW:   0    0.50 INCH OR MORE:   2
MIN  0 OR BELOW:   0    1.00 INCH OR MORE:   1

[HDD (BASE 65) ]
TOTAL THIS MO.     0    CLEAR  (SCALE 0-3)  28
DPTR FM NORMAL     0    PTCLDY (SCALE 4-7)   0
TOTAL FM JUL 1     0    CLOUDY (SCALE 8-10)  0
DPTR FM NORMAL     0

[CDD (BASE 65) ]
TOTAL THIS MO.   542
DPTR FM NORMAL     8    [PRESSURE DATA]
TOTAL FM JAN 1  1247    HIGHEST SLP M ON M
DPTR FM NORMAL   -17    LOWEST  SLP 29.77 ON M

[REMARKS]
