000
CXUS55 KLBF 271200
CF6LBF
PRELIMINARY LOCAL CLIMATOLOGICAL DATA (WS FORM: F-6)

                                          STATION:   NORTH PLATTE
                                          MONTH:     JULY
                                          YEAR:      2016
                                          LATITUDE:   41  7 N
                                          LONGITUDE: 100 41 W

  TEMPERATURE IN F:       :PCPN:    SNOW:  WIND      :SUNSHINE: SKY     :PK WND
================================================================================
1   2   3   4   5  6A  6B    7    8   9   10  11  12  13   14  15   16   17  18
                                     12Z  AVG MX 2MIN
DY MAX MIN AVG DEP HDD CDD  WTR  SNW DPTH SPD SPD DIR MIN PSBL S-S WX    SPD DR
================================================================================

 1  69  57  63 -10   2   0 0.27  0.0    0  9.9 16 110   M    M   7 1      20 110
 2  65  56  61 -12   4   0 0.07  0.0    0  8.3 17 100   M    M   9 1      21 110
 3  76  61  69  -4   0   4    T  0.0    0  4.7 13 130   M    M   7 1      19 150
 4  92  64  78   5   0  13 0.00  0.0    0  5.4 16 170   M    M   4 1      21 170
 5  92  65  79   5   0  14 0.01  0.0    0  4.8 22 340   M    M   0 1      28 350
 6  90  62  76   2   0  11    T  0.0    0  7.8 39 350   M    M   1 3      53 350
 7  87  60  74   0   0   9 0.00  0.0    0  7.4 20  20   M    M   1        24  20
 8  87  58  73  -1   0   8 0.07  0.0    0  7.4 18 180   M    M   2 13     24 170
 9  94  66  80   6   0  15 0.00  0.0    0 10.0 20 160   M    M   3 12     26 160
10  96  66  81   7   0  16 0.00  0.0    0 12.8 25 160   M    M   0        37 170
11  88  56  72  -2   0   7 0.00  0.0    0 11.5 26 160   M    M   0        36 170
12  89  53  71  -3   0   6 0.00  0.0    0  8.9 20  10   M    M   M 3      26  10
13  86  60  73  -1   0   8 0.00  0.0    0  6.9 20 300   M    M   M 3      25 290
14  87  57  72  -3   0   7 0.02  0.0    M  6.8 17  50   M    M   0 38     23  40
15  75  54  65 -10   0   0 0.69  0.0    0  9.6 31  40   M    M   3 13     40  40
16  85  61  73  -2   0   8 0.00  0.0    0 11.1 22 160   M    M   4        33 180
17  84  68  76   1   0  11    T  0.0    0  8.7 20  50   M    M   3        26  50
18  86  67  77   2   0  12 1.08  0.0    0 10.2 39 260   M    M   5 13     56 250
19  95  66  81   6   0  16 0.28  0.0    0 10.7 25 130   M    M   1 13     32 130
20  94  71  83   8   0  18 0.00  0.0    0  6.3 15 190   M    M   0        21 180
21  98  68  83   8   0  18 0.00  0.0    0  3.2 15  80   M    M   0        20 210
22  96  68  82   7   0  17 0.09  0.0    0  7.4 25 320   M    M   0 13     35 320
23  96  67  82   7   0  17 0.17  0.0    0  8.3 25 180   M    M   1 13     33 180
24  85  66  76   1   0  11 0.00  0.0    0  8.2 21 100   M    M   1        26 110
25  86  59  73  -2   0   8 0.00  0.0    0  7.4 15 130   M    M   0 1      19 130
26  88  63  76   1   0  11    T  0.0    0  9.8 39  30   M    M   0 3      57  20
================================================================================
SM 2266 1619         6 265  2.75     0.0 213.5          M       52
================================================================================
AV 87.2 62.3                               8.2 FASTST   M    M   2    MAX(MPH)
                                 MISC ---->  # 39 350               # 57   20
================================================================================
NOTES:
# LAST OF SEVERAL OCCURRENCES

COLUMN 17 PEAK WIND IN M.P.H.

PRELIMINARY LOCAL CLIMATOLOGICAL DATA (WS FORM: F-6) , PAGE 2

                                          STATION:  NORTH PLATTE
                                          MONTH:    JULY
                                          YEAR:     2016
                                          LATITUDE:   41  7 N
                                          LONGITUDE: 100 41 W

[TEMPERATURE DATA]      [PRECIPITATION DATA]       SYMBOLS USED IN COLUMN 16

AVERAGE MONTHLY: 74.7   TOTAL FOR MONTH:   2.75    1 = FOG OR MIST
DPTR FM NORMAL:   0.4   DPTR FM NORMAL:    0.19    2 = FOG REDUCING VISIBILITY
HIGHEST:    98 ON 21    GRTST 24HR  1.36 ON 18-19      TO 1/4 MILE OR LESS
LOWEST:     53 ON 12                               3 = THUNDER
                        SNOW, ICE PELLETS, HAIL    4 = ICE PELLETS
                        TOTAL MONTH:   0.0 INCH    5 = HAIL
                        GRTST 24HR     0.0         6 = FREEZING RAIN OR DRIZZLE
                        GRTST DEPTH:   0           7 = DUSTSTORM OR SANDSTORM:
                                                       VSBY 1/2 MILE OR LESS
                                                   8 = SMOKE OR HAZE
[NO. OF DAYS WITH]      [WEATHER - DAYS WITH]      9 = BLOWING SNOW
                                                   X = TORNADO
MAX 32 OR BELOW:   0    0.01 INCH OR MORE:  10
MAX 90 OR ABOVE:  10    0.10 INCH OR MORE:   5
MIN 32 OR BELOW:   0    0.50 INCH OR MORE:   2
MIN  0 OR BELOW:   0    1.00 INCH OR MORE:   1

[HDD (BASE 65) ]
TOTAL THIS MO.     6    CLEAR  (SCALE 0-3)  17
DPTR FM NORMAL     6    PTCLDY (SCALE 4-7)   6
TOTAL FM JUL 1     6    CLOUDY (SCALE 8-10)  1
DPTR FM NORMAL     6

[CDD (BASE 65) ]
TOTAL THIS MO.   265
DPTR FM NORMAL    19    [PRESSURE DATA]
TOTAL FM JAN 1   523    HIGHEST SLP M ON M
DPTR FM NORMAL   111    LOWEST  SLP 29.43 ON 11

[REMARKS]
