000
CXUS52 KILM 251000
CF6LBT
PRELIMINARY LOCAL CLIMATOLOGICAL DATA (WS FORM: F-6)

                                          STATION:   LUMBERTON NORTH CAROLINA
                                          MONTH:     APRIL
                                          YEAR:      2017
                                          LATITUDE:   34 35 N
                                          LONGITUDE:  79  4 W

  TEMPERATURE IN F:       :PCPN:    SNOW:  WIND      :SUNSHINE: SKY     :PK WND
================================================================================
1   2   3   4   5  6A  6B    7    8   9   10  11  12  13   14  15   16   17  18
                                     12Z  AVG MX 2MIN
DY MAX MIN AVG DEP HDD CDD  WTR  SNW DPTH SPD SPD DIR MIN PSBL S-S WX    SPD DR
================================================================================

 1  77  51  64   6   1   0 0.00    M    M  6.9 16 350   M    M   0        22 320
 2  72  50  61   2   4   0 0.00    M    M  7.4 16  60   M    M   0        23  70
 3  80  52  66   7   0   1 0.81    M    M  9.3 26 290   M    M   6 13     36 300
 4  82  63  73  14   0   8 0.00    M    M 11.6 21 240   M    M   2        26 250
 5  76  62  69  10   0   4 1.31    M    M  6.7 33 300   M    M   4 13     41 300
 6  69  52  61   1   4   0    T    M    M 18.4 38 250   M    M   6 3      52 250
 7  64  45  55  -5  10   0    T    M    M 14.5 30 270   M    M   2        39 280
 8  67  35  51  -9  14   0 0.00    M    M  3.4 15 340   M    M   0        24  10
 9  75  39  57  -3   8   0 0.00    M    M  3.0 12 200   M    M   0        15 180
10  77  46  62   2   3   0 0.00    M    M  4.1 13 220   M    M   0 1      19 240
11  80  49  65   4   0   0 0.00    M    M  5.0 14 160   M    M   0        19 150
12  80  52  66   5   0   1 0.00    M    M  2.7 12 210   M    M   0 1      18 250
13  82  55  69   8   0   4 0.20    M    M  4.0 17 110   M    M   4 13     20 110
14  81  53  67   6   0   2 0.00    M    M  3.4 10 150   M    M   0        15 140
15  81  57  69   7   0   4 0.00    M    M  6.0 15 230   M    M   3 12     19 240
16  81  59  70   8   0   5 0.00    M    M  8.7 17 250   M    M   0        29 280
17  83  59  71   9   0   6    T    M    M  8.2 17 220   M    M   2 1      22 230
18  71  65  68   6   0   3 0.01    M    M  7.4 20  70   M    M   9        24  70
19  80  58  69   7   0   4 0.55    M    M  4.5 17 200   M    M   6 1      22 210
20  83  60  72   9   0   7 0.00    M    M  4.0 12 280   M    M   5 12     15 220
21  86  65  76  13   0  11 0.00    M    M  9.9 18 240   M    M   0        23 300
22  86  63  75  12   0  10 0.00    M    M  9.6 18 230   M    M   3        29 210
23  68  57  63  -1   2   0 0.04    M    M 10.7 17  70   M    M   9 1      24  70
24  61  57  59  -5   6   0 2.96    M    M  8.4 22  10   M    M  10 13     27  10
================================================================================
SM 1842 1304        52  70  5.88    M    177.8          M       71
================================================================================
AV 76.8 54.3                               7.4 FASTST   M    M   3    MAX(MPH)
                                 MISC ---->  # 38 250               # 52  250
================================================================================
NOTES:
# LAST OF SEVERAL OCCURRENCES

COLUMN 17 PEAK WIND IN M.P.H.

PRELIMINARY LOCAL CLIMATOLOGICAL DATA (WS FORM: F-6) , PAGE 2

                                          STATION:  LUMBERTON NORTH CAROLINA
                                          MONTH:    APRIL
                                          YEAR:     2017
                                          LATITUDE:   34 35 N
                                          LONGITUDE:  79  4 W

[TEMPERATURE DATA]      [PRECIPITATION DATA]       SYMBOLS USED IN COLUMN 16

AVERAGE MONTHLY: 65.5   TOTAL FOR MONTH:   5.88    1 = FOG OR MIST
DPTR FM NORMAL:   4.5   DPTR FM NORMAL:    3.53    2 = FOG REDUCING VISIBILITY
HIGHEST:    86 ON 22,21 GRTST 24HR  2.96 ON 24-24      TO 1/4 MILE OR LESS
LOWEST:     35 ON  8                               3 = THUNDER
                        SNOW, ICE PELLETS, HAIL    4 = ICE PELLETS
                        TOTAL MONTH:    M          5 = HAIL
                        GRTST 24HR    M  ON   M    6 = FREEZING RAIN OR DRIZZLE
                        GRTST DEPTH:  M  ON   M    7 = DUSTSTORM OR SANDSTORM:
                                                       VSBY 1/2 MILE OR LESS
                                                   8 = SMOKE OR HAZE
[NO. OF DAYS WITH]      [WEATHER - DAYS WITH]      9 = BLOWING SNOW
                                                   X = TORNADO
MAX 32 OR BELOW:   0    0.01 INCH OR MORE:   7
MAX 90 OR ABOVE:   0    0.10 INCH OR MORE:   5
MIN 32 OR BELOW:   0    0.50 INCH OR MORE:   4
MIN  0 OR BELOW:   0    1.00 INCH OR MORE:   2

[HDD (BASE 65) ]
TOTAL THIS MO.    52    CLEAR  (SCALE 0-3)  13
DPTR FM NORMAL   -83    PTCLDY (SCALE 4-7)   8
TOTAL FM JUL 1  2064    CLOUDY (SCALE 8-10)  3
DPTR FM NORMAL  -647

[CDD (BASE 65) ]
TOTAL THIS MO.    70
DPTR FM NORMAL    30    [PRESSURE DATA]
TOTAL FM JAN 1   107    HIGHEST SLP M ON M
DPTR FM NORMAL    54    LOWEST  SLP 29.55 ON  6

[REMARKS]
