000
CXUS52 KMLB 290653
CF6LEE
PRELIMINARY LOCAL CLIMATOLOGICAL DATA (WS FORM: F-6)

                                          STATION:   LEESBURG
                                          MONTH:     MARCH
                                          YEAR:      2017
                                          LATITUDE:   28 49 N
                                          LONGITUDE:  81 49 W

  TEMPERATURE IN F:       :PCPN:    SNOW:  WIND      :SUNSHINE: SKY     :PK WND
================================================================================
1   2   3   4   5  6A  6B    7    8   9   10  11  12  13   14  15   16   17  18
                                     12Z  AVG MX 2MIN
DY MAX MIN AVG DEP HDD CDD  WTR  SNW DPTH SPD SPD DIR MIN PSBL S-S WX    SPD DR
================================================================================

 1  87  66  77  13   0  12 0.00  0.0    0  5.8 13 180   M    M   2        18 200
 2  83  61  72   8   0   7 0.36  0.0    0  7.9 17  10   M    M   8 1      23  20
 3  73  50  62  -2   3   0 0.00  0.0    0 11.6 22  30   M    M   1        28  40
 4  76  46  61  -3   4   0 0.00  0.0    0  9.8 20  50   M    M   1        28  70
 5  75  56  66   2   0   1 0.00  0.0    0 11.2 22  80   M    M   2        31  80
 6  78  57  68   4   0   3 0.00  0.0    0 10.2 21 110   M    M   1        28 120
 7  80  58  69   5   0   4 0.00  0.0    0  7.5 15 120   M    M   3        19 150
 8  81  62  72   7   0   7 0.00  0.0    0  4.8 10 300   M    M   4        14 140
 9  84  60  72   7   0   7 0.00  0.0    0  3.6 13  30   M    M   1 1      15  50
10  82  62  72   7   0   7 0.00  0.0    0  7.2 16 280   M    M   2 12     22 280
11  84  54  69   4   0   4 0.00  0.0    0  7.8 16  60   M    M   0        21  30
12  80  61  71   6   0   6 0.00  0.0    0  7.4 21  40   M    M   3        26  60
13  76  62  69   4   0   4 0.42  0.0    0  7.0 20  50   M    M   8 1      24  40
14  65  51  58  -8   7   0 0.02  0.0    0 12.5 22 280   M    M   4 1      32 320
15  60  43  52 -14  13   0 0.00  0.0    0  9.9 22 340   M    M   0        27  20
16  63  36  50 -16  15   0 0.00  0.0    0  6.9 14  10   M    M   0        21  30
17  73  41  57  -9   8   0 0.00  0.0    0  4.8 10 100   M    M   0        16 180
18  78  48  63  -3   2   0 0.00  0.0    0  4.9 15 290   M    M   0 1      21 290
19  80  51  66   0   0   1 0.00  0.0    0  8.7 20 340   M    M   0        24 340
20  76  46  61  -5   4   0 0.00  0.0    0  2.8 13 110   M    M   0        19 140
21  83  50  67   1   0   2 0.00  0.0    0  4.6 13 290   M    M   0        20 300
22  86  61  74   7   0   9 0.00  0.0    0  6.8 15  50   M    M   4 13     20 310
23  80  63  72   5   0   7 0.00  0.0    0 11.2 23  70   M    M   4        31  60
24  80  57  69   2   0   4 0.00  0.0    0 10.4 20  80   M    M   3        30 110
25  82  60  71   4   0   6 0.00  0.0    0  7.5 16  90   M    M   2        27 130
26  85  59  72   5   0   7 0.00  0.0    0  6.0 16 120   M    M   1 1      20 100
27  84  60  72   4   0   7 0.00  0.0    0  5.1 14 110   M    M   1        20 120
28  87  59  73   5   0   8 0.00  0.0    0  2.6 12 290   M    M   1 1      24 280
================================================================================
SM 2201 1540        56 113  0.80     0.0 206.5          M       56
================================================================================
AV 78.6 55.0                               7.4 FASTST   M    M   2    MAX(MPH)
                                 MISC ---->  # 23  70               # 32  320
================================================================================
NOTES:
# LAST OF SEVERAL OCCURRENCES

COLUMN 17 PEAK WIND IN M.P.H.

PRELIMINARY LOCAL CLIMATOLOGICAL DATA (WS FORM: F-6) , PAGE 2

                                          STATION:  LEESBURG
                                          MONTH:    MARCH
                                          YEAR:     2017
                                          LATITUDE:   28 49 N
                                          LONGITUDE:  81 49 W

[TEMPERATURE DATA]      [PRECIPITATION DATA]       SYMBOLS USED IN COLUMN 16

AVERAGE MONTHLY: 66.8   TOTAL FOR MONTH:   0.80    1 = FOG OR MIST
DPTR FM NORMAL:   1.2   DPTR FM NORMAL:   -3.24    2 = FOG REDUCING VISIBILITY
HIGHEST:    87 ON 28, 1 GRTST 24HR  0.42 ON 13-13      TO 1/4 MILE OR LESS
LOWEST:     36 ON 16                               3 = THUNDER
                        SNOW, ICE PELLETS, HAIL    4 = ICE PELLETS
                        TOTAL MONTH:   0.0 INCH    5 = HAIL
                        GRTST 24HR     0.0         6 = FREEZING RAIN OR DRIZZLE
                        GRTST DEPTH:   0           7 = DUSTSTORM OR SANDSTORM:
                                                       VSBY 1/2 MILE OR LESS
                                                   8 = SMOKE OR HAZE
[NO. OF DAYS WITH]      [WEATHER - DAYS WITH]      9 = BLOWING SNOW
                                                   X = TORNADO
MAX 32 OR BELOW:   0    0.01 INCH OR MORE:   3
MAX 90 OR ABOVE:   0    0.10 INCH OR MORE:   2
MIN 32 OR BELOW:   0    0.50 INCH OR MORE:   0
MIN  0 OR BELOW:   0    1.00 INCH OR MORE:   0

[HDD (BASE 65) ]
TOTAL THIS MO.    56    CLEAR  (SCALE 0-3)  20
DPTR FM NORMAL   -13    PTCLDY (SCALE 4-7)   8
TOTAL FM JUL 1   275    CLOUDY (SCALE 8-10)  0
DPTR FM NORMAL  -407

[CDD (BASE 65) ]
TOTAL THIS MO.   113
DPTR FM NORMAL    24    [PRESSURE DATA]
TOTAL FM JAN 1   299    HIGHEST SLP M ON M
DPTR FM NORMAL   133    LOWEST  SLP 29.73 ON 14

[REMARKS]
