000
CXUS52 KMLB 280842
CF6LEE
PRELIMINARY LOCAL CLIMATOLOGICAL DATA (WS FORM: F-6)

                                          STATION:   LEESBURG
                                          MONTH:     JULY
                                          YEAR:      2015
                                          LATITUDE:   28 49 N
                                          LONGITUDE:  81 49 W

  TEMPERATURE IN F:       :PCPN:    SNOW:  WIND      :SUNSHINE: SKY     :PK WND
================================================================================
1   2   3   4   5  6A  6B    7    8   9   10  11  12  13   14  15   16   17  18
                                     12Z  AVG MX 2MIN
DY MAX MIN AVG DEP HDD CDD  WTR  SNW DPTH SPD SPD DIR MIN PSBL S-S WX    SPD DR
================================================================================

 1  90  75  83   1   0  18    T  0.0    0  4.9 16 250   M    M   1 3      25 240
 2  92  74  83   1   0  18 0.06  0.0    0  5.3 23 200   M    M   1 3      28 200
 3  94  73  84   2   0  19    T  0.0    0  5.4 18 190   M    M   0 3      23 180
 4  95  72  84   2   0  19 0.14  0.0    0  4.4 29 290   M    M   0 13     36 270
 5  94  73  84   2   0  19 0.11  0.0    0  5.9 20 290   M    M   2 138    26 290
 6  91  71  81  -1   0  16 0.41  0.0    0  4.9 21 290   M    M   0 13     29 320
 7  90  73  82   0   0  17 0.03  0.0    0  3.4 21 110   M    M   2 38     28 220
 8  93  73  83   0   0  18 1.68  0.0    0  4.4 15 310   M    M   2 13     18 320
 9  92  75  84   1   0  19 0.00  0.0    0  5.2 17 150   M    M   0        25 160
10  93  77  85   2   0  20 0.00  0.0    0  5.2 13 360   M    M   1 3      17  10
11  96  78  87   4   0  22 0.01  0.0    0  5.9 17  20   M    M   1 3      23  30
12  93  74  84   1   0  19 0.03  0.0    0  4.2 18 290   M    M   0 13     24 290
13  95  73  84   1   0  19 0.00  0.0    0  4.4 15 300   M    M   1 3      20 300
14  89  78  84   1   0  19    T  0.0    0  7.9 18 220   M    M   1 3      26 230
15  89  74  82  -1   0  17 0.64  0.0    0  7.3 26 230   M    M   2 138    35 250
16  88  76  82  -1   0  17 0.03  0.0    0  8.5 20 240   M    M   3        27 250
17  89  74  82  -1   0  17 3.32  0.0    0  8.2 21 230   M    M   5 13     31 250
18  91  76  84   1   0  19 0.14  0.0    0  6.8 18 180   M    M   4 13     24 180
19  91  76  84   1   0  19 0.00  0.0    0  7.3 17 280   M    M   1        23 280
20  92  77  85   2   0  20 0.00  0.0    0  6.5 14 230   M    M   1        21 250
21  90  77  84   1   0  19 0.15  0.0    0  5.9 16 290   M    M   0 138    23 270
22  91  76  84   1   0  19 0.44  0.0    0  5.3 17 330   M    M   1 13     22 330
23  91  79  85   2   0  20 0.00  0.0    0  5.4 14 230   M    M   1 3      18 230
24  88  76  82  -1   0  17 0.60  0.0    0  7.3 21 290   M    M   3 13     27 290
25  90  74  82  -1   0  17 0.47  0.0    0  4.9 28 350   M    M   5 13     35 350
26  93  75  84   1   0  19 1.39  0.0    0  3.2 18 150   M    M   4 13     23 140
27  85  77  81  -2   0  16 0.34  0.0    0  5.5 10 210   M    M   8 13      M  M
================================================================================
SM 2465 2026         0 498  9.99     0.0 153.5          M       50
================================================================================
AV 91.3 75.0                               5.7 FASTST   M    M   2    MAX(MPH)
                                 MISC ---->  # 29 290               # 36  270
================================================================================
NOTES:
# LAST OF SEVERAL OCCURRENCES

COLUMN 17 PEAK WIND IN M.P.H.

PRELIMINARY LOCAL CLIMATOLOGICAL DATA (WS FORM: F-6) , PAGE 2

                                          STATION:  LEESBURG
                                          MONTH:    JULY
                                          YEAR:     2015
                                          LATITUDE:   28 49 N
                                          LONGITUDE:  81 49 W

[TEMPERATURE DATA]      [PRECIPITATION DATA]       SYMBOLS USED IN COLUMN 16

AVERAGE MONTHLY: 83.2   TOTAL FOR MONTH:   9.99    1 = FOG OR MIST
DPTR FM NORMAL:   0.4   DPTR FM NORMAL:    3.99    2 = FOG REDUCING VISIBILITY
HIGHEST:    96 ON 11    GRTST 24HR  3.35 ON 17-18      TO 1/4 MILE OR LESS
LOWEST:     71 ON  6                               3 = THUNDER
                        SNOW, ICE PELLETS, HAIL    4 = ICE PELLETS
                        TOTAL MONTH:   0.0 INCH    5 = HAIL
                        GRTST 24HR     0.0         6 = FREEZING RAIN OR DRIZZLE
                        GRTST DEPTH:   0           7 = DUSTSTORM OR SANDSTORM:
                                                       VSBY 1/2 MILE OR LESS
                                                   8 = SMOKE OR HAZE
[NO. OF DAYS WITH]      [WEATHER - DAYS WITH]      9 = BLOWING SNOW
                                                   X = TORNADO
MAX 32 OR BELOW:   0    0.01 INCH OR MORE:  18
MAX 90 OR ABOVE:  21    0.10 INCH OR MORE:  13
MIN 32 OR BELOW:   0    0.50 INCH OR MORE:   5
MIN  0 OR BELOW:   0    1.00 INCH OR MORE:   3

[HDD (BASE 65) ]
TOTAL THIS MO.     0    CLEAR  (SCALE 0-3)  22
DPTR FM NORMAL     0    PTCLDY (SCALE 4-7)   4
TOTAL FM JUL 1     0    CLOUDY (SCALE 8-10)  1
DPTR FM NORMAL     0

[CDD (BASE 65) ]
TOTAL THIS MO.   498
DPTR FM NORMAL    17    [PRESSURE DATA]
TOTAL FM JAN 1  2130    HIGHEST SLP M ON M
DPTR FM NORMAL   396    LOWEST  SLP 29.83 ON 26

[REMARKS]
