000
CXUS54 KSHV 011300
CF6LFK
PRELIMINARY LOCAL CLIMATOLOGICAL DATA (WS FORM: F-6)

                                          STATION:   LUFKIN
                                          MONTH:     FEBRUARY
                                          YEAR:      2015
                                          LATITUDE:   31 14 N
                                          LONGITUDE:  94 45 W

  TEMPERATURE IN F:       :PCPN:    SNOW:  WIND      :SUNSHINE: SKY     :PK WND
================================================================================
1   2   3   4   5  6A  6B    7    8   9   10  11  12  13   14  15   16   17  18
                                     12Z  AVG MX 2MIN
DY MAX MIN AVG DEP HDD CDD  WTR  SNW DPTH SPD SPD DIR MIN PSBL S-S WX    SPD DR
================================================================================

 1  78  44  61  11   4   0 0.06  0.0    0 11.0 22 240   M    M   7 138    29 310
 2  49  31  40 -10  25   0 0.00  0.0    0  5.8 14 320   M    M   0        20 330
 3  51  36  44  -7  21   0 0.00  0.0    0  3.1  9 180   M    M   1        11 180
 4  57  43  50  -1  15   0 0.01  0.0    0  3.0 14 130   M    M   9        17 120
 5  52  44  48  -3  17   0 0.04  0.0    0  5.5 12 310   M    M  10 18     16 310
 6  57  41  49  -2  16   0 0.00  0.0    0  3.4 10 210   M    M   8 18     13 200
 7  71  37  54   3  11   0 0.00  0.0    0  8.6 22 210   M    M   1 128    28 210
 8  79  56  68  17   0   3 0.00  0.0    0  7.3 20 210   M    M   7 18     26 220
 9  83  48  66  14   0   1 0.00  0.0    0  6.3 21 320   M    M   2 128    29 310
10  74  45  60   8   5   0 0.00  0.0    0  5.4 13  80   M    M   0        16  80
11  78  45  62  10   3   0 0.00  0.0    0  3.9 10 120   M    M   2 18     13  30
12  66  43  55   3  10   0 0.00  0.0    0  6.8 16 360   M    M   0        22 350
13  65  36  51  -1  14   0 0.00  0.0    0  4.2 12 210   M    M   0        16 220
14  80  40  60   8   5   0 0.00  0.0    0  3.8 12 280   M    M   1 128    16 290
15  72  47  60   7   5   0 0.26  0.0    0  5.4 15 160   M    M   4 18     20 170
16  66  36  51  -2  14   0 0.51  0.0    0 10.2 22 320   M    M  10 1      30 330
17  49  33  41 -12  24   0 0.00  0.0    0  6.4 15  20   M    M   7        23  10
18  62  31  47  -6  18   0 0.00  0.0    0  3.2 12 310   M    M   0        14 310
19  62  34  48  -6  17   0 0.00  0.0    0  7.4 14 150   M    M   1        19 160
20  69  49  59   5   6   0    T  0.0    0 13.2 25 180   M    M  10        34 190
21  72  60  66  12   0   1 0.13  0.0    0 10.5 23 180   M    M  10 1      35 170
22  60  43  52  -2  13   0 0.01  0.0    0  7.9 16  10   M    M  10 18     25 360
23  43  33  38 -16  27   0 0.02  0.0    0  9.8 17  20   M    M  10 18     24  10
24  42  32  37 -18  28   0 0.00  0.0    0  5.3 10 360   M    M  10 8      13  10
25  44  33  39 -16  26   0 0.25    T    0  4.1 10 350   M    M   9 138    16 320
26  46  31  39 -16  26   0 0.00  0.0    0  6.4 15  10   M    M   7 18     19  20
27  47  32  40 -16  25   0 0.00  0.0    0  8.6 18  70   M    M   7 8      23  60
28  54  35  45 -11  20   0 0.09  0.0    0  6.5 14  80   M    M  10        18  70
================================================================================
SM 1728 1118       395   5  1.38    T    183.0          M      153
================================================================================
AV 61.7 39.9                               6.5 FASTST   M    M   5    MAX(MPH)
                                 MISC ---->  # 25 180               # 35  170
================================================================================
NOTES:
# LAST OF SEVERAL OCCURRENCES

COLUMN 17 PEAK WIND IN M.P.H.

PRELIMINARY LOCAL CLIMATOLOGICAL DATA (WS FORM: F-6) , PAGE 2

                                          STATION:  LUFKIN
                                          MONTH:    FEBRUARY
                                          YEAR:     2015
                                          LATITUDE:   31 14 N
                                          LONGITUDE:  94 45 W

[TEMPERATURE DATA]      [PRECIPITATION DATA]       SYMBOLS USED IN COLUMN 16

AVERAGE MONTHLY: 50.8   TOTAL FOR MONTH:   1.38    1 = FOG OR MIST
DPTR FM NORMAL:  -1.9   DPTR FM NORMAL:   -2.49    2 = FOG REDUCING VISIBILITY
HIGHEST:    83 ON  9    GRTST 24HR  0.75 ON 15-16      TO 1/4 MILE OR LESS
LOWEST:     31 ON 26,18                            3 = THUNDER
                        SNOW, ICE PELLETS, HAIL    4 = ICE PELLETS
                        TOTAL MONTH:    T          5 = HAIL
                        GRTST 24HR    T  ON 25-25  6 = FREEZING RAIN OR DRIZZLE
                        GRTST DEPTH:   0           7 = DUSTSTORM OR SANDSTORM:
                                                       VSBY 1/2 MILE OR LESS
                                                   8 = SMOKE OR HAZE
[NO. OF DAYS WITH]      [WEATHER - DAYS WITH]      9 = BLOWING SNOW
                                                   X = TORNADO
MAX 32 OR BELOW:   0    0.01 INCH OR MORE:  10
MAX 90 OR ABOVE:   0    0.10 INCH OR MORE:   4
MIN 32 OR BELOW:   5    0.50 INCH OR MORE:   1
MIN  0 OR BELOW:   0    1.00 INCH OR MORE:   0

[HDD (BASE 65) ]
TOTAL THIS MO.   395    CLEAR  (SCALE 0-3)  11
DPTR FM NORMAL    41    PTCLDY (SCALE 4-7)   7
TOTAL FM JUL 1  1520    CLOUDY (SCALE 8-10) 10
DPTR FM NORMAL  -114

[CDD (BASE 65) ]
TOTAL THIS MO.     5
DPTR FM NORMAL    -6    [PRESSURE DATA]
TOTAL FM JAN 1     6    HIGHEST SLP 30.46 ON 27
DPTR FM NORMAL   -13    LOWEST  SLP 29.82 ON 25

[REMARKS]
#FINAL-02-15#
