000
CXUS51 KOKX 210702
CF6LGA
PRELIMINARY LOCAL CLIMATOLOGICAL DATA (WS FORM: F-6)

                                          STATION:   LAGUARDIA NY
                                          MONTH:     AUGUST
                                          YEAR:      2017
                                          LATITUDE:   40 46 N
                                          LONGITUDE:  73 54 W

  TEMPERATURE IN F:       :PCPN:    SNOW:  WIND      :SUNSHINE: SKY     :PK WND
================================================================================
1   2   3   4   5  6A  6B    7    8   9   10  11  12  13   14  15   16   17  18
                                     12Z  AVG MX 2MIN
DY MAX MIN AVG DEP HDD CDD  WTR  SNW DPTH SPD SPD DIR MIN PSBL S-S WX    SPD DR
================================================================================

 1  91  72  82   4   0  17 0.00  0.0    0  6.3 16 170   M    M   2        20 160
 2  88  69  79   1   0  14 0.08  0.0    0  5.8 26 300   M    M   7 13     33 300
 3  87  70  79   1   0  14 0.01  0.0    0  8.2 18 160   M    M   6        25 180
 4  85  71  78   0   0  13 0.75  0.0    0 12.2 22 160   M    M   5 13     30 170
 5  80  70  75  -3   0  10 0.16  0.0    0 11.5 26 290   M    M   6 13     33 290
 6  78  66  72  -5   0   7 0.00  0.0    0 10.9 20 290   M    M   6        24 270
 7  73  66  70  -7   0   5 0.43  0.0    0  7.0 13 130   M    M   9 1      27  60
 8  80  65  73  -4   0   8    T  0.0    0  7.4 18 340   M    M   8        22 340
 9  85  68  77   0   0  12 0.00  0.0    0  6.5 16 170   M    M   2        19 170
10  86  71  79   2   0  14 0.00  0.0    0  6.9 16 160   M    M   4        20 170
11  82  72  77   0   0  12 0.01  0.0    0  9.5 17 170   M    M   7 3      23 180
12  78  65  72  -5   0   7 0.16  0.0    0  6.7 20 170   M    M   8 3      24 170
13  85  72  79   2   0  14 0.00  0.0    0  8.1 17 310   M    M   5        21 330
14  83  71  77   0   0  12    T  0.0    0  7.3 14 160   M    M   8        22  50
15  76  69  73  -4   0   8 0.44  0.0    0  5.1 13 230   M    M   8 1      17 220
16  86  71  79   2   0  14 0.00  0.0    0  6.0 14 330   M    M   5        18 320
17  82  70  76   0   0  11 0.00  0.0    0  8.9 15 190   M    M   6        21  50
18  83  73  78   2   0  13 0.91  0.0    0  9.2 16 170   M    M  10 13     20 160
19  89  75  82   6   0  17    T  0.0    0  9.2 17 260   M    M   6        25 250
20  83  71  77   1   0  12 0.00  0.0    0 11.1 18 320   M    M   4        23 320
================================================================================
SM 1660 1397         0 234  2.95     0.0 163.8          M      122
================================================================================
AV 83.0 69.9                               8.2 FASTST   M    M   6    MAX(MPH)
                                 MISC ---->  # 26 300               # 33  300
================================================================================
NOTES:
# LAST OF SEVERAL OCCURRENCES

COLUMN 17 PEAK WIND IN M.P.H.

PRELIMINARY LOCAL CLIMATOLOGICAL DATA (WS FORM: F-6) , PAGE 2

                                          STATION:  LAGUARDIA NY
                                          MONTH:    AUGUST
                                          YEAR:     2017
                                          LATITUDE:   40 46 N
                                          LONGITUDE:  73 54 W

[TEMPERATURE DATA]      [PRECIPITATION DATA]       SYMBOLS USED IN COLUMN 16

AVERAGE MONTHLY: 76.4   TOTAL FOR MONTH:   2.95    1 = FOG OR MIST
DPTR FM NORMAL:  -0.6   DPTR FM NORMAL:    0.17    2 = FOG REDUCING VISIBILITY
HIGHEST:    91 ON  1    GRTST 24HR  0.91 ON 18-18      TO 1/4 MILE OR LESS
LOWEST:     65 ON 12, 8                            3 = THUNDER
                        SNOW, ICE PELLETS, HAIL    4 = ICE PELLETS
                        TOTAL MONTH:   0.0 INCH    5 = HAIL
                        GRTST 24HR     0.0         6 = FREEZING RAIN OR DRIZZLE
                        GRTST DEPTH:   0           7 = DUSTSTORM OR SANDSTORM:
                                                       VSBY 1/2 MILE OR LESS
                                                   8 = SMOKE OR HAZE
[NO. OF DAYS WITH]      [WEATHER - DAYS WITH]      9 = BLOWING SNOW
                                                   X = TORNADO
MAX 32 OR BELOW:   0    0.01 INCH OR MORE:   9
MAX 90 OR ABOVE:   1    0.10 INCH OR MORE:   6
MIN 32 OR BELOW:   0    0.50 INCH OR MORE:   2
MIN  0 OR BELOW:   0    1.00 INCH OR MORE:   0

[HDD (BASE 65) ]
TOTAL THIS MO.     0    CLEAR  (SCALE 0-3)   2
DPTR FM NORMAL     0    PTCLDY (SCALE 4-7)  14
TOTAL FM JUL 1     0    CLOUDY (SCALE 8-10)  4
DPTR FM NORMAL     0

[CDD (BASE 65) ]
TOTAL THIS MO.   234
DPTR FM NORMAL    -6    [PRESSURE DATA]
TOTAL FM JAN 1  1034    HIGHEST SLP 30.17 ON 10
DPTR FM NORMAL   112    LOWEST  SLP 29.76 ON 18

[REMARKS]
