000
CXUS51 KOKX 240701
CF6LGA
PRELIMINARY LOCAL CLIMATOLOGICAL DATA (WS FORM: F-6)

                                          STATION:   LAGUARDIA NY
                                          MONTH:     APRIL
                                          YEAR:      2014
                                          LATITUDE:   40 46 N
                                          LONGITUDE:  73 54 W

  TEMPERATURE IN F:       :PCPN:    SNOW:  WIND      :SUNSHINE: SKY     :PK WND
================================================================================
1   2   3   4   5  6A  6B    7    8   9   10  11  12  13   14  15   16   17  18
                                     12Z  AVG MX 2MIN
DY MAX MIN AVG DEP HDD CDD  WTR  SNW DPTH SPD SPD DIR MIN PSBL S-S WX    SPD DR
================================================================================

 1  59  39  49   2  16   0 0.00  0.0    0  8.7 18 180   M    M   3        23 360
 2  53  41  47  -1  18   0    T  0.0    0  4.5 12 180   M    M   8        16  50
 3  64  42  53   5  12   0 0.07  0.0    0  5.6 14 190   M    M   7        18  60
 4  47  39  43  -5  22   0 0.19  0.0    0 13.2 22  50   M    M  10 18     28  80
 5  54  39  47  -2  18   0 0.00  0.0    0 15.8 33 290   M    M   5        46 290
 6  59  37  48  -1  17   0 0.00  0.0    0  8.3 21 320   M    M   1        26 310
 7  53  41  47  -3  18   0 0.66  0.0    0 10.3 22  50   M    M   9 18     25  50
 8  65  43  54   4  11   0 0.34  0.0    0 12.6 28 260   M    M   8 128    37 260
 9  59  44  52   2  13   0 0.00  0.0    0 14.3 29 320   M    M   2        36 340
10  58  42  50  -1  15   0 0.00  0.0    0 11.4 25 170   M    M   2        33 170
11  74  50  62  11   3   0    T  0.0    0  8.9 22 170   M    M   9        25 170
12  72  49  61   9   4   0 0.00  0.0    0  8.4 22 160   M    M   5        25 160
13  74  50  62  10   3   0 0.00  0.0    0  9.4 21 180   M    M   6        28 190
14  72  54  63  11   2   0 0.00  0.0    0 12.6 30 170   M    M   8        37 170
15  62  34  48  -5  17   0 0.87  0.1    0 18.4 30 180   M    M  10 1248   43 180
16  47  32  40 -13  25   0 0.05  0.2    T 14.4 26 320   M    M   2 14     35 320
17  47  36  42 -11  23   0 0.00  0.0    0 12.1 21  60   M    M   4        24  50
18  47  35  41 -13  24   0 0.00  0.0    0  8.3 17  50   M    M   9        20  50
19  65  42  54   0  11   0 0.00  0.0    0  8.5 16  30   M    M   7        21  40
20  55  44  50  -4  15   0 0.00  0.0    0  9.2 20  50   M    M   5        30 170
21  63  41  52  -3  13   0 0.00  0.0    0  7.3 16 170   M    M   4        20 170
22  66  50  58   3   7   0    T  0.0    0  8.5 18 170   M    M   8        22 160
23  62  45  54  -1  11   0 0.00  0.0    0 21.2 38 320   M    M   7        47 310
================================================================================
SM 1377  969       318   0  2.18     0.3 251.9          M      139
================================================================================
AV 59.9 42.1                              11.0 FASTST   M    M   6    MAX(MPH)
                                 MISC ---->  # 38 320               # 47  310
================================================================================
NOTES:
# LAST OF SEVERAL OCCURRENCES

COLUMN 17 PEAK WIND IN M.P.H.

PRELIMINARY LOCAL CLIMATOLOGICAL DATA (WS FORM: F-6) , PAGE 2

                                          STATION:  LAGUARDIA NY
                                          MONTH:    APRIL
                                          YEAR:     2014
                                          LATITUDE:   40 46 N
                                          LONGITUDE:  73 54 W

[TEMPERATURE DATA]      [PRECIPITATION DATA]       SYMBOLS USED IN COLUMN 16

AVERAGE MONTHLY: 51.0   TOTAL FOR MONTH:   2.18    1 = FOG OR MIST
DPTR FM NORMAL:  -0.4   DPTR FM NORMAL:   -0.95    2 = FOG REDUCING VISIBILITY
HIGHEST:    74 ON 13,11 GRTST 24HR  1.00 ON  7- 8      TO 1/4 MILE OR LESS
LOWEST:     32 ON 16                               3 = THUNDER
                        SNOW, ICE PELLETS, HAIL    4 = ICE PELLETS
                        TOTAL MONTH:   0.3 INCH    5 = HAIL
                        GRTST 24HR   0.2 ON   M    6 = FREEZING RAIN OR DRIZZLE
                        GRTST DEPTH:   T           7 = DUSTSTORM OR SANDSTORM:
                                                       VSBY 1/2 MILE OR LESS
                                                   8 = SMOKE OR HAZE
[NO. OF DAYS WITH]      [WEATHER - DAYS WITH]      9 = BLOWING SNOW
                                                   X = TORNADO
MAX 32 OR BELOW:   0    0.01 INCH OR MORE:   6
MAX 90 OR ABOVE:   0    0.10 INCH OR MORE:   4
MIN 32 OR BELOW:   1    0.50 INCH OR MORE:   2
MIN  0 OR BELOW:   0    1.00 INCH OR MORE:   0

[HDD (BASE 65) ]
TOTAL THIS MO.   318    CLEAR  (SCALE 0-3)   4
DPTR FM NORMAL     2    PTCLDY (SCALE 4-7)  14
TOTAL FM JUL 1  4833    CLOUDY (SCALE 8-10)  5
DPTR FM NORMAL   381

[CDD (BASE 65) ]
TOTAL THIS MO.     0
DPTR FM NORMAL     0    [PRESSURE DATA]
TOTAL FM JAN 1     0    HIGHEST SLP M ON M
DPTR FM NORMAL     0    LOWEST  SLP 29.40 ON  8

[REMARKS]
