000
CXUS51 KOKX 310701
CF6LGA
PRELIMINARY LOCAL CLIMATOLOGICAL DATA (WS FORM: F-6)

                                          STATION:   LAGUARDIA NY
                                          MONTH:     JULY
                                          YEAR:      2014
                                          LATITUDE:   40 46 N
                                          LONGITUDE:  73 54 W

  TEMPERATURE IN F:       :PCPN:    SNOW:  WIND      :SUNSHINE: SKY     :PK WND
================================================================================
1   2   3   4   5  6A  6B    7    8   9   10  11  12  13   14  15   16   17  18
                                     12Z  AVG MX 2MIN
DY MAX MIN AVG DEP HDD CDD  WTR  SNW DPTH SPD SPD DIR MIN PSBL S-S WX    SPD DR
================================================================================

 1  88  73  81   5   0  16    T  0.0    0 12.0 23 180   M    M   5        29 180
 2  91  72  82   6   0  17 0.63  0.0    0 10.4 28 180   M    M   5 13     37 180
 3  89  70  80   4   0  15 0.73  0.0    0  6.9 35 330   M    M   8 13     44 330
 4  74  65  70  -7   0   5 0.16  0.0    0 12.9 24 310   M    M   8 1      33 320
 5  83  65  74  -3   0   9 0.00  0.0    0 13.9 25 310   M    M   2        33 310
 6  87  69  78   1   0  13 0.00  0.0    0 10.9 22 210   M    M   4        29 210
 7  92  73  83   6   0  18 0.00  0.0    0 14.5 24 320   M    M   6        31 320
 8  93  72  83   6   0  18 0.18  0.0    0 11.4 18 160   M    M   6 3      23 230
 9  88  73  81   4   0  16 0.00  0.0    0  9.0 21 160   M    M   7 8      25 160
10  82  70  76  -1   0  11 0.00  0.0    0  6.6 14  50   M    M   7        22  50
11  85  70  78   1   0  13 0.00  0.0    0  7.6 13 160   M    M   6        23  60
12  86  71  79   2   0  14 0.00  0.0    0  9.4 21 170   M    M   5        28 180
13  82  71  77  -1   0  12 0.24  0.0    0 11.6 25 300   M    M   8 13     30 290
14  85  72  79   1   0  14 0.74  0.0    0  7.0 17 170   M    M   8 13     20 180
15  88  71  80   2   0  15 0.93  0.0    0  8.0 18 190   M    M   9 13     22 190
16  83  68  76  -2   0  11    T  0.0    0  6.7 16 350   M    M   9        23 350
17  83  68  76  -2   0  11 0.00  0.0    0  6.7 15 260   M    M   7        18 180
18  82  68  75  -3   0  10 0.00  0.0    0  6.3 13  60   M    M   5        20  90
19  77  68  73  -5   0   8 0.00  0.0    0  7.1 12  90   M    M   9        16  50
20  76  67  72  -6   0   7    T  0.0    0  9.7 17  50   M    M   6        23  50
21  84  67  76  -2   0  11 0.00  0.0    0  6.4 15 160   M    M   4        18 190
22  87  72  80   2   0  15 0.00  0.0    0  9.2 18 210   M    M   3        24 170
23  89  74  82   4   0  17 0.12  0.0    0 10.4 24 250   M    M   5 3      30 270
24  81  72  77  -1   0  12 0.00  0.0    0  9.5 17  20   M    M   7        21 360
25  83  67  75  -3   0  10 0.00  0.0    0  8.1 15 200   M    M   4        17 210
26  82  71  77  -1   0  12    T  0.0    0  9.4 17 160   M    M   8        21 180
27  88  72  80   2   0  15    T  0.0    0  9.5 17 160   M    M   8 3      21 160
28  84  68  76  -2   0  11 0.26  0.0    0 13.1 26 290   M    M   7 13     33 290
29  76  65  71  -7   0   6 0.00  0.0    0 10.4 25 310   M    M   5        32 300
30  83  65  74  -4   0   9 0.00  0.0    0  7.6 16 180   M    M   5        20 180
================================================================================
SM 2531 2089         0 371  3.99     0.0 282.2          M      186
================================================================================
AV 84.4 69.6                               9.4 FASTST   M    M   6    MAX(MPH)
                                 MISC ---->  # 35 330               # 44  330
================================================================================
NOTES:
# LAST OF SEVERAL OCCURRENCES

COLUMN 17 PEAK WIND IN M.P.H.

PRELIMINARY LOCAL CLIMATOLOGICAL DATA (WS FORM: F-6) , PAGE 2

                                          STATION:  LAGUARDIA NY
                                          MONTH:    JULY
                                          YEAR:     2014
                                          LATITUDE:   40 46 N
                                          LONGITUDE:  73 54 W

[TEMPERATURE DATA]      [PRECIPITATION DATA]       SYMBOLS USED IN COLUMN 16

AVERAGE MONTHLY: 77.0   TOTAL FOR MONTH:   3.99    1 = FOG OR MIST
DPTR FM NORMAL:  -0.5   DPTR FM NORMAL:   -0.34    2 = FOG REDUCING VISIBILITY
HIGHEST:    93 ON  8    GRTST 24HR  1.38 ON 14-15      TO 1/4 MILE OR LESS
LOWEST:     65 ON 30,29                            3 = THUNDER
                        SNOW, ICE PELLETS, HAIL    4 = ICE PELLETS
                        TOTAL MONTH:   0.0 INCH    5 = HAIL
                        GRTST 24HR     0.0         6 = FREEZING RAIN OR DRIZZLE
                        GRTST DEPTH:   0           7 = DUSTSTORM OR SANDSTORM:
                                                       VSBY 1/2 MILE OR LESS
                                                   8 = SMOKE OR HAZE
[NO. OF DAYS WITH]      [WEATHER - DAYS WITH]      9 = BLOWING SNOW
                                                   X = TORNADO
MAX 32 OR BELOW:   0    0.01 INCH OR MORE:   9
MAX 90 OR ABOVE:   3    0.10 INCH OR MORE:   9
MIN 32 OR BELOW:   0    0.50 INCH OR MORE:   4
MIN  0 OR BELOW:   0    1.00 INCH OR MORE:   0

[HDD (BASE 65) ]
TOTAL THIS MO.     0    CLEAR  (SCALE 0-3)   2
DPTR FM NORMAL     0    PTCLDY (SCALE 4-7)  23
TOTAL FM JUL 1     0    CLOUDY (SCALE 8-10)  5
DPTR FM NORMAL     0

[CDD (BASE 65) ]
TOTAL THIS MO.   371
DPTR FM NORMAL    -4    [PRESSURE DATA]
TOTAL FM JAN 1   653    HIGHEST SLP M ON M
DPTR FM NORMAL   -19    LOWEST  SLP 29.52 ON 28

[REMARKS]
