000
CXUS55 KBOU 170900
CF6LIC
PRELIMINARY LOCAL CLIMATOLOGICAL DATA (WS FORM: F-6)

                                          STATION:   LIMON CO
                                          MONTH:     NOVEMBER
                                          YEAR:      2017
                                          LATITUDE:   39 10 N
                                          LONGITUDE: 103 42 W

  TEMPERATURE IN F:       :PCPN:    SNOW:  WIND      :SUNSHINE: SKY     :PK WND
================================================================================
1   2   3   4   5  6A  6B    7    8   9   10  11  12  13   14  15   16   17  18
                                     12Z  AVG MX 2MIN
DY MAX MIN AVG DEP HDD CDD  WTR  SNW DPTH SPD SPD DIR MIN PSBL S-S WX    SPD DR
================================================================================

 1  73  25  49   M  16   0 0.00    M    M  7.9 16 210   M    M   0        22 260
 2  48  31  40   M  25   0 0.00    M    M  9.7 18 150   M    M   6 1      23 160
 3  55  21  38   M  27   0 0.00    M    M 12.4 22 150   M    M   5 1      29 140
 4  73  21  47   M  18   0 0.00    M    M 10.4 35 270   M    M   0        45 250
 5  48  23  36   M  29   0 0.00    M    M  9.8 22  20   M    M   5 12     25  20
 6  48  28  38   M  27   0 0.00    M    M  6.1 15 180   M    M   6 12     19 180
 7  33  27  30   M  35   0    T    M    M  7.7 14 360   M    M  10 16     17  10
 8  50  16  33   M  32   0 0.00    M    M  8.3 18 180   M    M   2 1      24 180
 9  44  20  32   M  33   0 0.00    M    M 10.2 22 160   M    M   2        28 140
10  45  19  32   M  33   0 0.00    M    M  8.1 17 160   M    M   5 12     22 160
11  61  20  41   M  24   0 0.00    M    M  8.4 17 350   M    M   1 12     24  10
12  54  19  37   M  28   0 0.00    M    M  7.8 22 180   M    M   0        30 190
13  73  23  48   M  17   0 0.00    M    M  5.5 17 150   M    M   0 8      21 140
14  68  24  46   M  19   0 0.00    M    M  6.9 21  10   M    M   0        26  10
15  50  16  33   M  32   0 0.00    M    M  8.2 22 170   M    M   0        29 160
16  73  15  44   M  21   0 0.00    M    M  7.3 20 270   M    M   0        27 240
================================================================================
SM  896  348       416   0    T     M    134.7          M       42
================================================================================
AV 56.0 21.8                               8.4 FASTST   M    M   3    MAX(MPH)
                                 MISC ---->  # 35 270               # 45  250
================================================================================
NOTES:
# LAST OF SEVERAL OCCURRENCES

COLUMN 17 PEAK WIND IN M.P.H.

PRELIMINARY LOCAL CLIMATOLOGICAL DATA (WS FORM: F-6) , PAGE 2

                                          STATION:  LIMON CO
                                          MONTH:    NOVEMBER
                                          YEAR:     2017
                                          LATITUDE:   39 10 N
                                          LONGITUDE: 103 42 W

[TEMPERATURE DATA]      [PRECIPITATION DATA]       SYMBOLS USED IN COLUMN 16

AVERAGE MONTHLY: 38.9   TOTAL FOR MONTH:      T    1 = FOG OR MIST
DPTR FM NORMAL:     M   DPTR FM NORMAL:       M    2 = FOG REDUCING VISIBILITY
HIGHEST:    73 ON 16,13 GRTST 24HR  0.01 ON 31- 1      TO 1/4 MILE OR LESS
LOWEST:     15 ON 16                               3 = THUNDER
                        SNOW, ICE PELLETS, HAIL    4 = ICE PELLETS
                        TOTAL MONTH:    M          5 = HAIL
                        GRTST 24HR    M  ON   M    6 = FREEZING RAIN OR DRIZZLE
                        GRTST DEPTH:  M  ON   M    7 = DUSTSTORM OR SANDSTORM:
                                                       VSBY 1/2 MILE OR LESS
                                                   8 = SMOKE OR HAZE
[NO. OF DAYS WITH]      [WEATHER - DAYS WITH]      9 = BLOWING SNOW
                                                   X = TORNADO
MAX 32 OR BELOW:   0    0.01 INCH OR MORE:   0
MAX 90 OR ABOVE:   0    0.10 INCH OR MORE:   0
MIN 32 OR BELOW:  16    0.50 INCH OR MORE:   0
MIN  0 OR BELOW:   0    1.00 INCH OR MORE:   0

[HDD (BASE 65) ]
TOTAL THIS MO.   416    CLEAR  (SCALE 0-3)  10
DPTR FM NORMAL     M    PTCLDY (SCALE 4-7)   5
TOTAL FM JUL 1  1117    CLOUDY (SCALE 8-10)  1
DPTR FM NORMAL     M

[CDD (BASE 65) ]
TOTAL THIS MO.     0
DPTR FM NORMAL     M    [PRESSURE DATA]
TOTAL FM JAN 1   411    HIGHEST SLP M ON M
DPTR FM NORMAL   268    LOWEST  SLP 29.46 ON  1

[REMARKS]
