000
CXUS55 KBOU 011121
CF6LIC
PRELIMINARY LOCAL CLIMATOLOGICAL DATA (WS FORM: F-6)

                                          STATION:   LIMON CO
                                          MONTH:     OCTOBER
                                          YEAR:      2014
                                          LATITUDE:   39 10 N
                                          LONGITUDE: 103 42 W

  TEMPERATURE IN F:       :PCPN:    SNOW:  WIND      :SUNSHINE: SKY     :PK WND
================================================================================
1   2   3   4   5  6A  6B    7    8   9   10  11  12  13   14  15   16   17  18
                                     12Z  AVG MX 2MIN
DY MAX MIN AVG DEP HDD CDD  WTR  SNW DPTH SPD SPD DIR MIN PSBL S-S WX    SPD DR
================================================================================

 1  69  37  53   M  12   0 0.03    M    M 12.8 40 340   M    M   4        51 350
 2  61  37  49   M  16   0 0.01    M    M 11.4 33  10   M    M   2        40 360
 3  57  30  44   M  21   0 0.00    M    M  8.9 33  10   M    M   2        41  10
 4  71  29  50   M  15   0 0.00    M    M  6.3 17 350   M    M   1        21 300
 5  70  36  53   M  12   0 0.00    M    M  7.6 23 310   M    M   0        29 350
 6  77  34  56   M   9   0 0.00    M    M  7.2 23 310   M    M   0        27 310
 7  77  38  58   M   7   0 0.00    M    M  4.3 15 190   M    M   0        20 180
 8  74  41  58   M   7   0 0.00    M    M  7.0 16 160   M    M   0        21 140
 9  60  46  53   M  12   0 0.99    M    M  8.1 23  50   M    M   6 1      28  50
10  50  40  45   M  20   0 0.05    M    M  8.0 13 210   M    M   8 1      16  60
11  64  42  53   M  12   0 0.00    M    M  9.2 16 160   M    M   5        20 160
12  58  39  49   M  16   0 0.06    M    M 15.0 36 340   M    M   6 13     44 340
13  55  33  44   M  21   0 0.00    M    M 17.9 32 330   M    M   1        38 350
14  71  30  51   M  14   0 0.00    M    M  5.0 12 290   M    M   0        17 310
15  78  32  55   M  10   0 0.00    M    M  8.3 20 170   M    M   0        25 170
16  69  36  53   M  12   0 0.00    M    M  8.1 18  40   M    M   0        21  40
17  61  30  46   M  19   0 0.00    M    M  5.4 16 130   M    M   0        20 140
18  63  30  47   M  18   0 0.00    M    M  8.6 23 160   M    M   0        29 160
19  74  34  54   M  11   0 0.00    M    M  7.5 18 350   M    M   0        23 350
20  71  34  53   M  12   0    T    M    M  8.6 22 160   M    M   0        27 160
21  73  34  54   M  11   0 0.00    M    M  8.1 23 190   M    M   1 12     29 190
22  68  41  55   M  10   0 0.01    M    M  4.3 18 260   M    M   5        23 270
23  73  36  55   M  10   0 0.00    M    M  4.9 13 290   M    M   0        17 290
24  80  38  59   M   6   0 0.00    M    M  5.6 13 280   M    M   0 8      18 270
25  80  36  58   M   7   0 0.00    M    M  6.2 14 130   M    M   0        20  30
26  79  36  58   M   7   0 0.00    M    M  8.8 28 310   M    M   0        34 310
27  52  28  40   M  25   0    T    M    M 15.0 33 360   M    M   4        40  10
28  57  24  41   M  24   0 0.00    M    M  5.6 18 180   M    M   0        22 190
29  69  21  45   M  20   0 0.00    M    M  4.8 12 310   M    M   0        15 180
30  61  28  45   M  20   0 0.00    M    M  5.2 13  40   M    M   0        16 330
31  52  23  38   M  27   0 0.00    M    M 14.2 31 160   M    M   0        38 160
================================================================================
SM 2074 1053       443   0  1.15    M    257.9          M       45
================================================================================
AV 66.9 34.0                               8.3 FASTST   M    M   1    MAX(MPH)
                                 MISC ---->  # 40 340               # 51  350
================================================================================
NOTES:
# LAST OF SEVERAL OCCURRENCES

COLUMN 17 PEAK WIND IN M.P.H.

PRELIMINARY LOCAL CLIMATOLOGICAL DATA (WS FORM: F-6) , PAGE 2

                                          STATION:  LIMON CO
                                          MONTH:    OCTOBER
                                          YEAR:     2014
                                          LATITUDE:   39 10 N
                                          LONGITUDE: 103 42 W

[TEMPERATURE DATA]      [PRECIPITATION DATA]       SYMBOLS USED IN COLUMN 16

AVERAGE MONTHLY: 50.4   TOTAL FOR MONTH:   1.15    1 = FOG OR MIST
DPTR FM NORMAL:     M   DPTR FM NORMAL:       M    2 = FOG REDUCING VISIBILITY
HIGHEST:    80 ON 25,24 GRTST 24HR  1.04 ON  9-10      TO 1/4 MILE OR LESS
LOWEST:     21 ON 29                               3 = THUNDER
                        SNOW, ICE PELLETS, HAIL    4 = ICE PELLETS
                        TOTAL MONTH:    M          5 = HAIL
                        GRTST 24HR    M  ON   M    6 = FREEZING RAIN OR DRIZZLE
                        GRTST DEPTH:  M  ON   M    7 = DUSTSTORM OR SANDSTORM:
                                                       VSBY 1/2 MILE OR LESS
                                                   8 = SMOKE OR HAZE
[NO. OF DAYS WITH]      [WEATHER - DAYS WITH]      9 = BLOWING SNOW
                                                   X = TORNADO
MAX 32 OR BELOW:   0    0.01 INCH OR MORE:   6
MAX 90 OR ABOVE:   0    0.10 INCH OR MORE:   1
MIN 32 OR BELOW:  11    0.50 INCH OR MORE:   1
MIN  0 OR BELOW:   0    1.00 INCH OR MORE:   0

[HDD (BASE 65) ]
TOTAL THIS MO.   443    CLEAR  (SCALE 0-3)  24
DPTR FM NORMAL     M    PTCLDY (SCALE 4-7)   6
TOTAL FM JUL 1   594    CLOUDY (SCALE 8-10)  1
DPTR FM NORMAL     M

[CDD (BASE 65) ]
TOTAL THIS MO.     0
DPTR FM NORMAL     M    [PRESSURE DATA]
TOTAL FM JAN 1   376    HIGHEST SLP M ON M
DPTR FM NORMAL     M    LOWEST  SLP 29.52 ON 26

[REMARKS]
