000
CXHW51 PHFO 231250
CF6LIH
PRELIMINARY LOCAL CLIMATOLOGICAL DATA (WS FORM: F-6)

                                          STATION:   LIHUE HI
                                          MONTH:     APRIL
                                          YEAR:      2017
                                          LATITUDE:   21 58 N
                                          LONGITUDE: 159 21 W

  TEMPERATURE IN F:       :PCPN:    SNOW:  WIND      :SUNSHINE: SKY     :PK WND
================================================================================
1   2   3   4   5  6A  6B    7    8   9   10  11  12  13   14  15   16   17  18
                                     12Z  AVG MX 2MIN
DY MAX MIN AVG DEP HDD CDD  WTR  SNW DPTH SPD SPD DIR MIN PSBL S-S WX    SPD DR
================================================================================

 1  82  74  78   4   0  13 0.00  0.0    M 15.0 22  80   M    M   M        27  80
 2  82  73  78   4   0  13    T  0.0    M 15.1 21  50   M    M   M        24  50
 3  82  73  78   4   0  13 0.00  0.0    M 13.4 20  60   M    M   M        23  60
 4  81  73  77   3   0  12 0.03  0.0    M 11.8 16  40   M    M   M        19  50
 5  81  70  76   2   0  11    T  0.0    M 10.4 16  80   M    M   M 8      20  80
 6  81  67  74   0   0   9    T  0.0    M 11.1 17  40   M    M   M        21  70
 7  82  73  78   4   0  13 0.03  0.0    M 10.9 17  60   M    M   M        21  40
 8  82  71  77   3   0  12 0.00  0.0    M  9.0 13 100   M    M   M        15 130
 9  83  68  76   2   0  11    T  0.0    M  6.7 14 170   M    M   M        17 170
10  82  68  75   1   0  10    T  0.0    M  8.9 16  40   M    M   M        18  60
11  83  70  77   3   0  12 0.06  0.0    M 11.7 22  80   M    M   M        27 100
12  83  70  77   3   0  12 0.47  0.0    M  9.4 15  80   M    M   M 1      19  90
13  83  72  78   4   0  13 0.04  0.0    M 10.1 17  40   M    M   M        20  40
14  83  70  77   3   0  12 0.01  0.0    M  8.7 15  50   M    M   M        17  50
15  83  69  76   2   0  11 0.06  0.0    M  7.4 13  70   M    M   M        15  60
16  80  69  75   1   0  10 0.25  0.0    M 14.6 24  20   M    M   M 1      31  20
17  81  74  78   4   0  13    T  0.0    M 18.8 24  40   M    M   M        28  40
18  81  70  76   2   0  11 0.00  0.0    M 11.7 21  90   M    M   M        25  90
19  84  68  76   2   0  11    T  0.0    M 10.8 21 200   M    M   M        26 210
20  81  70  76   2   0  11    T  0.0    M 11.0 22  20   M    M   M 1      26  20
21  78  70  74   0   0   9 0.10  0.0    M 14.0 22  70   M    M   M 1      26  70
22  80  71  76   2   0  11 0.16  0.0    M 16.2 25  90   M    M   M 18     30  90
================================================================================
SM 1798 1553         0 253  1.21     0.0 256.7          M        M
================================================================================
AV 81.7 70.6                              11.7 FASTST   M    M -nan   MAX(MPH)
                                 MISC ---->  # 25  90               # 31   20
================================================================================
NOTES:
# LAST OF SEVERAL OCCURRENCES

COLUMN 17 PEAK WIND IN M.P.H.

PRELIMINARY LOCAL CLIMATOLOGICAL DATA (WS FORM: F-6) , PAGE 2

                                          STATION:  LIHUE HI
                                          MONTH:    APRIL
                                          YEAR:     2017
                                          LATITUDE:   21 58 N
                                          LONGITUDE: 159 21 W

[TEMPERATURE DATA]      [PRECIPITATION DATA]       SYMBOLS USED IN COLUMN 16

AVERAGE MONTHLY: 76.2   TOTAL FOR MONTH:   1.21    1 = FOG OR MIST
DPTR FM NORMAL:   2.2   DPTR FM NORMAL:   -0.54    2 = FOG REDUCING VISIBILITY
HIGHEST:    84 ON 19    GRTST 24HR  0.47 ON 12-12      TO 1/4 MILE OR LESS
LOWEST:     67 ON  6                               3 = THUNDER
                        SNOW, ICE PELLETS, HAIL    4 = ICE PELLETS
                        TOTAL MONTH:   0.0 INCH    5 = HAIL
                        GRTST 24HR     0.0         6 = FREEZING RAIN OR DRIZZLE
                        GRTST DEPTH:  M  ON   M    7 = DUSTSTORM OR SANDSTORM:
                                                       VSBY 1/2 MILE OR LESS
                                                   8 = SMOKE OR HAZE
[NO. OF DAYS WITH]      [WEATHER - DAYS WITH]      9 = BLOWING SNOW
                                                   X = TORNADO
MAX 32 OR BELOW:   0    0.01 INCH OR MORE:  10
MAX 90 OR ABOVE:   0    0.10 INCH OR MORE:   4
MIN 32 OR BELOW:   0    0.50 INCH OR MORE:   0
MIN  0 OR BELOW:   0    1.00 INCH OR MORE:   0

[HDD (BASE 65) ]
TOTAL THIS MO.     0    CLEAR  (SCALE 0-3)   0
DPTR FM NORMAL     0    PTCLDY (SCALE 4-7)   0
TOTAL FM JUL 1     0    CLOUDY (SCALE 8-10)  0
DPTR FM NORMAL     0

[CDD (BASE 65) ]
TOTAL THIS MO.   253
DPTR FM NORMAL    56    [PRESSURE DATA]
TOTAL FM JAN 1   974    HIGHEST SLP M ON M
DPTR FM NORMAL   143    LOWEST  SLP 29.96 ON M

[REMARKS]
