000
CXUS55 KPIH 231200
CF6LLJ

PRELIMINARY LOCAL CLIMATOLOGICAL DATA (WS FORM: F-6)

                                          STATION:   CHALLIS ID
                                          MONTH:     JULY
                                          YEAR:      2016
                                          LATITUDE:   44 31 N
                                          LONGITUDE: 114 13 W

  TEMPERATURE IN F:       :PCPN:    SNOW:  WIND      :SUNSHINE: SKY     :PK WND
================================================================================
1   2   3   4   5  6A  6B    7    8   9   10  11  12  13   14  15   16   17  18
                                     12Z  AVG MX 2MIN
DY MAX MIN AVG DEP HDD CDD  WTR  SNW DPTH SPD SPD DIR MIN PSBL S-S WX    SPD DR
================================================================================

 1  88  49  69   4   0   4    T    M    M  3.9 18 220   M    M   1 3      26 230
 2  92  51  72   6   0   7 0.00    M    M  6.6 21 260   M    M   0        29 310
 3  89  56  73   7   0   8    T    M    M  6.3 25 270   M    M   2        34 260
 4  84  48  66   0   0   1 0.00    M    M  9.3 30 270   M    M   0        40 270
 5  81  46  64  -2   1   0 0.00    M    M  6.8 23 270   M    M   0        32 280
 6  77  43  60  -7   5   0 0.00    M    M  6.9 22 260   M    M   1        32 240
 7  84  42  63  -4   2   0 0.00    M    M  5.9 17 280   M    M   0        27 310
 8  90  47  69   2   0   4 0.00    M    M  7.3 26 230   M    M   0        34 230
 9  84  51  68   0   0   3    T    M    M  7.5 29 220   M    M   3        39 310
10  73  51  62  -6   3   0    T    M    M 10.6 36 260   M    M   7 3      49 260
11  71  48  60  -8   5   0 0.00    M    M  5.4 13 340   M    M   7        18 340
12  77  41  59  -9   6   0 0.01    M    M  5.4 33 280   M    M   2 3      45 270
13  79  38  59 -10   6   0 0.00    M    M  3.5 14  20   M    M   0        22  20
14  86  43  65  -4   0   0 0.00    M    M  3.1 10 310   M    M   0        13  30
15  89  46  68  -1   0   3 0.00    M    M  7.9 24 290   M    M   0        33 260
16  84  46  65  -4   0   0 0.00    M    M  6.1 18 260   M    M   0        26 230
17  88  45  67  -2   0   2 0.00    M    M  5.0 21 210   M    M   0        27 220
18  94  50  72   2   0   7 0.00    M    M  7.4 35 190   M    M   0        41 190
19  93  46  70   0   0   5 0.00    M    M  8.0 26 180   M    M   0        35 220
20  92  50  71   1   0   6 0.00    M    M  6.8 25 290   M    M   0        39 240
21  97  46  72   2   0   7 0.00    M    M  4.5 23 290   M    M   0        31 290
22  93  55  74   4   0   9 0.00    M    M  8.4 28 260   M    M   0 8      40 240
================================================================================
SM 1885 1038        28  66  0.01    M    142.6          M       23
================================================================================
AV 85.7 47.2                               6.5 FASTST   M    M   1    MAX(MPH)
                                 MISC ---->  # 36 260               # 49  260
================================================================================
NOTES:
# LAST OF SEVERAL OCCURRENCES
PRECIPITATION SUSPECT DURING FREEZING/FROZEN EVENTS

COLUMN 17 PEAK WIND IN M.P.H.

PRELIMINARY LOCAL CLIMATOLOGICAL DATA (WS FORM: F-6) , PAGE 2

                                          STATION:  CHALLIS ID
                                          MONTH:    JULY
                                          YEAR:     2016
                                          LATITUDE:   44 31 N
                                          LONGITUDE: 114 13 W

[TEMPERATURE DATA]      [PRECIPITATION DATA]       SYMBOLS USED IN COLUMN 16

AVERAGE MONTHLY: 66.4   TOTAL FOR MONTH:   0.01    1 = FOG OR MIST
DPTR FM NORMAL:  -1.6   DPTR FM NORMAL:   -0.58    2 = FOG REDUCING VISIBILITY
HIGHEST:    97 ON 21    GRTST 24HR  0.07 ON 30- 1      TO 1/4 MILE OR LESS
LOWEST:     38 ON 13                               3 = THUNDER
                        SNOW, ICE PELLETS, HAIL    4 = ICE PELLETS
                        TOTAL MONTH:    M          5 = HAIL
                        GRTST 24HR    M  ON   M    6 = FREEZING RAIN OR DRIZZLE
                        GRTST DEPTH:  M  ON   M    7 = DUSTSTORM OR SANDSTORM:
                                                       VSBY 1/2 MILE OR LESS
                                                   8 = SMOKE OR HAZE
[NO. OF DAYS WITH]      [WEATHER - DAYS WITH]      9 = BLOWING SNOW
                                                   X = TORNADO
MAX 32 OR BELOW:   0    0.01 INCH OR MORE:   1
MAX 90 OR ABOVE:   7    0.10 INCH OR MORE:   0
MIN 32 OR BELOW:   0    0.50 INCH OR MORE:   0
MIN  0 OR BELOW:   0    1.00 INCH OR MORE:   0

[HDD (BASE 65) ]
TOTAL THIS MO.    28    CLEAR  (SCALE 0-3)  20
DPTR FM NORMAL    10    PTCLDY (SCALE 4-7)   2
TOTAL FM JUL 1    28    CLOUDY (SCALE 8-10)  0
DPTR FM NORMAL    10

[CDD (BASE 65) ]
TOTAL THIS MO.    66
DPTR FM NORMAL   -19    [PRESSURE DATA]
TOTAL FM JAN 1   131    HIGHEST SLP M ON M
DPTR FM NORMAL    22    LOWEST  SLP 25.51 ON 22

[REMARKS]
