000
CXUS56 KMFR 180844
CF6LMT
PRELIMINARY LOCAL CLIMATOLOGICAL DATA (WS FORM: F-6)

                                          STATION:   KLAMATH FALLS OR
                                          MONTH:     FEBRUARY
                                          YEAR:      2018
                                          LATITUDE:   42  9 N
                                          LONGITUDE: 121 44 W

  TEMPERATURE IN F:       :PCPN:    SNOW:  WIND      :SUNSHINE: SKY     :PK WND
================================================================================
1   2   3   4   5  6A  6B    7    8   9   10  11  12  13   14  15   16   17  18
                                     12Z  AVG MX 2MIN
DY MAX MIN AVG DEP HDD CDD  WTR  SNW DPTH SPD SPD DIR MIN PSBL S-S WX    SPD DR
================================================================================

 1  56  30  43  11  22   0 0.00    M    M  2.1 10 130   M    M   6        12 170
 2  62  27  45  13  20   0 0.00    M    M  3.2 12 320   M    M   2 1      14 310
 3  61  26  44  12  21   0 0.00    M    M  3.2 14 330   M    M   2 12     16 340
 4  61  25  43  11  22   0 0.00    M    M  1.4 14 300   M    M   4 12     16 300
 5  57  27  42  10  23   0 0.00    M    M  5.5 17 340   M    M   1 1      21 340
 6  55  19  37   4  28   0 0.00    M    M  1.5 10 200   M    M   0        13 190
 7  60  22  41   8  24   0 0.00    M    M  1.2  7  30   M    M   0         8  40
 8  64  24  44  11  21   0 0.00    M    M  2.0 13 280   M    M   0        13 300
 9  59  26  43  10  22   0 0.00    M    M  6.7 17 280   M    M   1        20 280
10  46  17  32  -1  33   0 0.00    M    M  6.7 23  30   M    M   0        30  40
11  41  15  28  -6  37   0    T    M    M  6.6 24 300   M    M   6 18     33 300
12  39  19  29  -5  36   0    T    M    M  9.2 21  20   M    M   4 1      27  10
13  47  12  30  -4  35   0 0.00    M    M  3.6 13 160   M    M   0        15 180
14  43  17  30  -4  35   0    T    M    M  8.7 25 280   M    M   4        30 280
15  45   9  27  -7  38   0 0.00    M    M  1.6  7 320   M    M   0         9 250
16  49  14  32  -2  33   0 0.00    M    M  3.5 21 330   M    M   1        23 330
17  53  19  36   1  29   0 0.00    M    M  8.5 26 270   M    M   6        35 270
================================================================================
SM  898  348       479   0    T     M     75.2          M       37
================================================================================
AV 52.8 20.5                               4.4 FASTST   M    M   2    MAX(MPH)
                                 MISC ---->  # 26 270               # 35  270
================================================================================
NOTES:
# LAST OF SEVERAL OCCURRENCES

COLUMN 17 PEAK WIND IN M.P.H.

PRELIMINARY LOCAL CLIMATOLOGICAL DATA (WS FORM: F-6) , PAGE 2

                                          STATION:  KLAMATH FALLS OR
                                          MONTH:    FEBRUARY
                                          YEAR:     2018
                                          LATITUDE:   42  9 N
                                          LONGITUDE: 121 44 W

[TEMPERATURE DATA]      [PRECIPITATION DATA]       SYMBOLS USED IN COLUMN 16

AVERAGE MONTHLY: 36.7   TOTAL FOR MONTH:      T    1 = FOG OR MIST
DPTR FM NORMAL:   3.5   DPTR FM NORMAL:   -1.17    2 = FOG REDUCING VISIBILITY
HIGHEST:    64 ON  8    GRTST 24HR    T  ON 14-14      TO 1/4 MILE OR LESS
LOWEST:      9 ON 15                               3 = THUNDER
                        SNOW, ICE PELLETS, HAIL    4 = ICE PELLETS
                        TOTAL MONTH:    M          5 = HAIL
                        GRTST 24HR    M  ON   M    6 = FREEZING RAIN OR DRIZZLE
                        GRTST DEPTH:  M  ON   M    7 = DUSTSTORM OR SANDSTORM:
                                                       VSBY 1/2 MILE OR LESS
                                                   8 = SMOKE OR HAZE
[NO. OF DAYS WITH]      [WEATHER - DAYS WITH]      9 = BLOWING SNOW
                                                   X = TORNADO
MAX 32 OR BELOW:   0    0.01 INCH OR MORE:   0
MAX 90 OR ABOVE:   0    0.10 INCH OR MORE:   0
MIN 32 OR BELOW:  17    0.50 INCH OR MORE:   0
MIN  0 OR BELOW:   0    1.00 INCH OR MORE:   0

[HDD (BASE 65) ]
TOTAL THIS MO.   479    CLEAR  (SCALE 0-3)  11
DPTR FM NORMAL   -61    PTCLDY (SCALE 4-7)   6
TOTAL FM JUL 1  3999    CLOUDY (SCALE 8-10)  0
DPTR FM NORMAL  -521

[CDD (BASE 65) ]
TOTAL THIS MO.     0
DPTR FM NORMAL     0    [PRESSURE DATA]
TOTAL FM JAN 1     0    HIGHEST SLP M ON M
DPTR FM NORMAL     0    LOWEST  SLP  0.00 ON 11

[REMARKS]
