000
CXUS53 KOAX 181000
CF6LNK
PRELIMINARY LOCAL CLIMATOLOGICAL DATA (WS FORM: F-6)

                                          STATION:   LINCOLN, NEBRASKA
                                          MONTH:     DECEMBER
                                          YEAR:      2017
                                          LATITUDE:   40 50 N
                                          LONGITUDE:  96 45 W

  TEMPERATURE IN F:       :PCPN:    SNOW:  WIND      :SUNSHINE: SKY     :PK WND
================================================================================
1   2   3   4   5  6A  6B    7    8   9   10  11  12  13   14  15   16   17  18
                                     12Z  AVG MX 2MIN
DY MAX MIN AVG DEP HDD CDD  WTR  SNW DPTH SPD SPD DIR MIN PSBL S-S WX    SPD DR
================================================================================

 1  60  25  43  12  22   0 0.00  0.0    0  7.4 22 180   M    M   0 8      30 190
 2  58  21  40  10  25   0 0.00  0.0    0  0.8  7 170   M    M   0         9 180
 3  63  26  45  15  20   0 0.00  0.0    0  7.0 18 150   M    M   0        25 150
 4  63  28  46  16  19   0 0.00  0.0    0 21.0 39 300   M    M   2        56 290
 5  46  24  35   6  30   0 0.00  0.0    0 14.9 31 300   M    M   3        38 300
 6  45  19  32   3  33   0    T    T    0 15.7 35 350   M    M   2 1      44 340
 7  29  13  21  -8  44   0 0.00  0.0    0  9.3 21 330   M    M   0        29 330
 8  36  18  27  -1  38   0 0.00  0.0    0  6.8 20 340   M    M   4        25 340
 9  42  25  34   6  31   0 0.00  0.0    0 10.0 25 350   M    M   0        33 350
10  59  26  43  15  22   0 0.00  0.0    0  6.6 23 330   M    M   0        32 340
11  52  27  40  13  25   0    T  0.0    0 18.0 37 330   M    M   3        51 310
12  48  15  32   5  33   0 0.00  0.0    0  6.2 20 350   M    M   2        23 350
13  54  30  42  15  23   0 0.00  0.0    0 15.4 32 310   M    M   1        42 310
14  43  35  39  12  26   0    T  0.0    0  9.3 20 340   M    M  10        24 340
15  49  27  38  12  27   0 0.00  0.0    0 11.8 23 230   M    M   3        31 220
16  56  25  41  15  24   0 0.00  0.0    0  6.9 18  40   M    M   0        22  40
17  43  25  34   8  31   0 0.12  0.1    0  5.5 14  20   M    M   3 1468   18  10
================================================================================
SM  846  409       473   0  0.12     0.1 172.6          M       33
================================================================================
AV 49.8 24.1                              10.2 FASTST   M    M   2    MAX(MPH)
                                 MISC ---->  # 39 300               # 56  290
================================================================================
NOTES:
# LAST OF SEVERAL OCCURRENCES

COLUMN 17 PEAK WIND IN M.P.H.

PRELIMINARY LOCAL CLIMATOLOGICAL DATA (WS FORM: F-6) , PAGE 2

                                          STATION:  LINCOLN, NEBRASKA
                                          MONTH:    DECEMBER
                                          YEAR:     2017
                                          LATITUDE:   40 50 N
                                          LONGITUDE:  96 45 W

[TEMPERATURE DATA]      [PRECIPITATION DATA]       SYMBOLS USED IN COLUMN 16

AVERAGE MONTHLY: 36.9   TOTAL FOR MONTH:   0.12    1 = FOG OR MIST
DPTR FM NORMAL:   8.8   DPTR FM NORMAL:   -0.45    2 = FOG REDUCING VISIBILITY
HIGHEST:    63 ON  4, 3 GRTST 24HR  0.12 ON 17-17      TO 1/4 MILE OR LESS
LOWEST:     13 ON  7                               3 = THUNDER
                        SNOW, ICE PELLETS, HAIL    4 = ICE PELLETS
                        TOTAL MONTH:   0.1 INCH    5 = HAIL
                        GRTST 24HR   0.1 ON 17-17  6 = FREEZING RAIN OR DRIZZLE
                        GRTST DEPTH:   0           7 = DUSTSTORM OR SANDSTORM:
                                                       VSBY 1/2 MILE OR LESS
                                                   8 = SMOKE OR HAZE
[NO. OF DAYS WITH]      [WEATHER - DAYS WITH]      9 = BLOWING SNOW
                                                   X = TORNADO
MAX 32 OR BELOW:   1    0.01 INCH OR MORE:   1
MAX 90 OR ABOVE:   0    0.10 INCH OR MORE:   1
MIN 32 OR BELOW:  16    0.50 INCH OR MORE:   0
MIN  0 OR BELOW:   0    1.00 INCH OR MORE:   0

[HDD (BASE 65) ]
TOTAL THIS MO.   473    CLEAR  (SCALE 0-3)  14
DPTR FM NORMAL  -153    PTCLDY (SCALE 4-7)   2
TOTAL FM JUL 1  1526    CLOUDY (SCALE 8-10)  1
DPTR FM NORMAL  -361

[CDD (BASE 65) ]
TOTAL THIS MO.     0
DPTR FM NORMAL     0    [PRESSURE DATA]
TOTAL FM JAN 1  1252    HIGHEST SLP M ON M
DPTR FM NORMAL    79    LOWEST  SLP 29.37 ON  4

[REMARKS]
