000
CXUS53 KLMK 160800
CF6LOU
PRELIMINARY LOCAL CLIMATOLOGICAL DATA (WS FORM: F-6)

                                          STATION:   LOUISVILLE BOWMAN KY
                                          MONTH:     JANUARY
                                          YEAR:      2018
                                          LATITUDE:   38 13 N
                                          LONGITUDE:  85 40 W

  TEMPERATURE IN F:       :PCPN:    SNOW:  WIND      :SUNSHINE: SKY     :PK WND
================================================================================
1   2   3   4   5  6A  6B    7    8   9   10  11  12  13   14  15   16   17  18
                                     12Z  AVG MX 2MIN
DY MAX MIN AVG DEP HDD CDD  WTR  SNW DPTH SPD SPD DIR MIN PSBL S-S WX    SPD DR
================================================================================

 1  17   3  10 -25  55   0 0.00    M    M  6.8 13 300   M    M   0        24 320
 2  21  -1  10 -25  55   0 0.00    M    M  3.1  9 330   M    M   0        13 310
 3  30   5  18 -17  47   0    T    M    M  8.0 17 300   M    M   5        25 290
 4  23   7  15 -20  50   0 0.00    M    M  8.0 16 310   M    M   3        24 300
 5  21   8  15 -20  50   0 0.00    M    M  4.8 10 280   M    M   6        16 280
 6  22   1  12 -22  53   0 0.00    M    M  2.0  8 120   M    M   0        12 120
 7  43  12  28  -6  37   0    T    M    M  7.6 15 170   M    M   4        20 200
 8  41  35  38   4  27   0 0.15    M    M  5.3 14 190   M    M   9 1      19 180
 9  43  36  40   6  25   0    T    M    M  2.9  8  90   M    M  10 1      12  90
10  62  41  52  18  13   0    T    M    M  7.2 24 190   M    M  10 1      33 180
11  64  55  60  26   5   0 0.45    M    M  7.6 16 120   M    M  10 1      23 160
12  60  24  42   8  23   0 0.50    M    M 12.1 20 340   M    M  10 16     34 360
13  24  11  18 -16  47   0 0.01    M    M  7.8 20 340   M    M   5 1      34 340
14  23   6  15 -19  50   0 0.00    M    M  3.6 10  90   M    M   2 18     14 110
15  32  16  24 -10  41   0 0.01    M    M  9.0 20 270   M    M  10 18     28 230
================================================================================
SM  526  259       578   0  1.12    M     95.8          M       84
================================================================================
AV 35.1 17.3                               6.4 FASTST   M    M   6    MAX(MPH)
                                 MISC ---->  # 24 190               # 34  360
================================================================================
NOTES:
# LAST OF SEVERAL OCCURRENCES

COLUMN 17 PEAK WIND IN M.P.H.

PRELIMINARY LOCAL CLIMATOLOGICAL DATA (WS FORM: F-6) , PAGE 2

                                          STATION:  LOUISVILLE BOWMAN KY
                                          MONTH:    JANUARY
                                          YEAR:     2018
                                          LATITUDE:   38 13 N
                                          LONGITUDE:  85 40 W

[TEMPERATURE DATA]      [PRECIPITATION DATA]       SYMBOLS USED IN COLUMN 16

AVERAGE MONTHLY: 26.2   TOTAL FOR MONTH:   1.12    1 = FOG OR MIST
DPTR FM NORMAL:  -8.2   DPTR FM NORMAL:   -0.70    2 = FOG REDUCING VISIBILITY
HIGHEST:    64 ON 11    GRTST 24HR  0.50 ON 12-12      TO 1/4 MILE OR LESS
LOWEST:     -1 ON  2                               3 = THUNDER
                        SNOW, ICE PELLETS, HAIL    4 = ICE PELLETS
                        TOTAL MONTH:    M          5 = HAIL
                        GRTST 24HR    M  ON   M    6 = FREEZING RAIN OR DRIZZLE
                        GRTST DEPTH:  M  ON   M    7 = DUSTSTORM OR SANDSTORM:
                                                       VSBY 1/2 MILE OR LESS
                                                   8 = SMOKE OR HAZE
[NO. OF DAYS WITH]      [WEATHER - DAYS WITH]      9 = BLOWING SNOW
                                                   X = TORNADO
MAX 32 OR BELOW:   9    0.01 INCH OR MORE:   5
MAX 90 OR ABOVE:   0    0.10 INCH OR MORE:   3
MIN 32 OR BELOW:  11    0.50 INCH OR MORE:   1
MIN  0 OR BELOW:   1    1.00 INCH OR MORE:   0

[HDD (BASE 65) ]
TOTAL THIS MO.   578    CLEAR  (SCALE 0-3)   5
DPTR FM NORMAL   119    PTCLDY (SCALE 4-7)   4
TOTAL FM JUL 1  2233    CLOUDY (SCALE 8-10)  6
DPTR FM NORMAL   110

[CDD (BASE 65) ]
TOTAL THIS MO.     0
DPTR FM NORMAL     0    [PRESSURE DATA]
TOTAL FM JAN 1     0    HIGHEST SLP M ON M
DPTR FM NORMAL     0    LOWEST  SLP 29.63 ON 12

[REMARKS]
