000
CXUS53 KLMK 011005
CF6LOU
PRELIMINARY LOCAL CLIMATOLOGICAL DATA (WS FORM: F-6)

                                          STATION:   LOUISVILLE BOWMAN KY
                                          MONTH:     SEPTEMBER
                                          YEAR:      2014
                                          LATITUDE:   38 13 N
                                          LONGITUDE:  85 40 W

  TEMPERATURE IN F:       :PCPN:    SNOW:  WIND      :SUNSHINE: SKY     :PK WND
================================================================================
1   2   3   4   5  6A  6B    7    8   9   10  11  12  13   14  15   16   17  18
                                     12Z  AVG MX 2MIN
DY MAX MIN AVG DEP HDD CDD  WTR  SNW DPTH SPD SPD DIR MIN PSBL S-S WX    SPD DR
================================================================================

 1  87  73  80   5   0  15    T    M    M  7.1 20 240   M    M   6        29 200
 2  86  69  78   3   0  13 0.34    M    M  5.6 26 320   M    M   4 13     34 310
 3  87  69  78   3   0  13 0.00    M    M  2.8  8  60   M    M   5 12     13 100
 4  91  69  80   6   0  15 0.00    M    M  2.1  9 240   M    M   2 18     12 260
 5  90  73  82   8   0  17 0.00    M    M  3.9 12 220   M    M   1        16 180
 6  86  68  77   3   0  12    T    M    M  6.0 16 360   M    M   3 3      23 350
 7  80  62  71  -2   0   6 0.00    M    M  6.3 16  70   M    M   0        21  60
 8  84  57  71  -2   0   6 0.00    M    M  3.3 12  70   M    M   0        14 360
 9  83  57  70  -2   0   5 0.00    M    M  1.5  9 200   M    M   0        12 230
10  83  71  77   5   0  12 0.04    M    M  9.5 18 180   M    M   5 1      27 200
11  74  61  68  -4   0   3 2.63    M    M  6.5 22 290   M    M   9 13     31 300
12  67  59  63  -8   2   0 0.00    M    M  7.1 12  30   M    M  10        16  40
13  67  50  59 -12   6   0 0.00    M    M  6.1 16 340   M    M   6        22 350
14  73  48  61  -9   4   0 0.00    M    M  1.6 10  70   M    M   0        14  60
15  74  50  62  -8   3   0 0.04    M    M  2.4 14 350   M    M   4        19  40
16  70  54  62  -8   3   0 0.00    M    M  5.6 14 350   M    M   7 1      19 340
17  71  50  61  -8   4   0 0.00    M    M  2.3 10 300   M    M   4 12     14 300
18  75  55  65  -4   0   0 0.00    M    M  4.9 15  70   M    M   4        19  50
19  79  56  68   0   0   3 0.00    M    M  5.3 14  70   M    M   0        18  70
20  83  59  71   3   0   6 0.00    M    M  5.4 17 210   M    M   2        25 210
21  81  60  71   4   0   6    T    M    M 10.3 23 300   M    M   2        33 310
22  69  51  60  -7   5   0 0.00    M    M  5.7 14 340   M    M   1        19  20
23  75  47  61  -5   4   0 0.00    M    M  3.2 12  70   M    M   0        14  60
24  80  48  64  -2   1   0 0.00    M    M  1.7  9  90   M    M   0        13 150
25  82  51  67   2   0   2 0.00    M    M  1.9 12 340   M    M   0        15 340
26  84  55  70   5   0   5 0.00    M    M  2.4 13  40   M    M   0        17  20
27  85  57  71   6   0   6 0.00    M    M  3.8 10  80   M    M   1        15  70
28  84  63  74  10   0   9 0.09    M    M  2.0 13 360   M    M   3        16 330
29  85  61  73   9   0   8 0.00    M    M  2.1 10 330   M    M   2        17 320
30  85  54  70   7   0   5 0.00    M    M  3.4 14 280   M    M   1 1      19 300
================================================================================
SM 2400 1757        32 167  3.14    M    131.8          M       82
================================================================================
AV 80.0 58.6                               4.4 FASTST   M    M   3    MAX(MPH)
                                 MISC ---->  # 26 320               # 34  310
================================================================================
NOTES:
# LAST OF SEVERAL OCCURRENCES

COLUMN 17 PEAK WIND IN M.P.H.

PRELIMINARY LOCAL CLIMATOLOGICAL DATA (WS FORM: F-6) , PAGE 2

                                          STATION:  LOUISVILLE BOWMAN KY
                                          MONTH:    SEPTEMBER
                                          YEAR:     2014
                                          LATITUDE:   38 13 N
                                          LONGITUDE:  85 40 W

[TEMPERATURE DATA]      [PRECIPITATION DATA]       SYMBOLS USED IN COLUMN 16

AVERAGE MONTHLY: 69.3   TOTAL FOR MONTH:   3.14    1 = FOG OR MIST
DPTR FM NORMAL:  -0.3   DPTR FM NORMAL:   -0.02    2 = FOG REDUCING VISIBILITY
HIGHEST:    91 ON  4    GRTST 24HR  2.67 ON 10-11      TO 1/4 MILE OR LESS
LOWEST:     47 ON 23                               3 = THUNDER
                        SNOW, ICE PELLETS, HAIL    4 = ICE PELLETS
                        TOTAL MONTH:    M          5 = HAIL
                        GRTST 24HR    M  ON   M    6 = FREEZING RAIN OR DRIZZLE
                        GRTST DEPTH:  M  ON   M    7 = DUSTSTORM OR SANDSTORM:
                                                       VSBY 1/2 MILE OR LESS
                                                   8 = SMOKE OR HAZE
[NO. OF DAYS WITH]      [WEATHER - DAYS WITH]      9 = BLOWING SNOW
                                                   X = TORNADO
MAX 32 OR BELOW:   0    0.01 INCH OR MORE:   5
MAX 90 OR ABOVE:   2    0.10 INCH OR MORE:   2
MIN 32 OR BELOW:   0    0.50 INCH OR MORE:   1
MIN  0 OR BELOW:   0    1.00 INCH OR MORE:   1

[HDD (BASE 65) ]
TOTAL THIS MO.    32    CLEAR  (SCALE 0-3)  17
DPTR FM NORMAL    -4    PTCLDY (SCALE 4-7)  11
TOTAL FM JUL 1    32    CLOUDY (SCALE 8-10)  2
DPTR FM NORMAL    -4

[CDD (BASE 65) ]
TOTAL THIS MO.   167
DPTR FM NORMAL    -7    [PRESSURE DATA]
TOTAL FM JAN 1  1512    HIGHEST SLP 30.35 ON 24
DPTR FM NORMAL    99    LOWEST  SLP 29.78 ON 10

[REMARKS]
#FINAL-09-14#
