000
CXUS54 KLZK 301330
CF6LRF
PRELIMINARY LOCAL CLIMATOLOGICAL DATA (WS FORM: F-6)

                                          STATION:   Jacksonville/Little Rock AFB
                                          MONTH:     MARCH
                                          YEAR:      2015
                                          LATITUDE:   34 55 N
                                          LONGITUDE:  92  9 W

  TEMPERATURE IN F:       :PCPN:    SNOW:  WIND      :SUNSHINE: SKY     :PK WND
================================================================================
1   2   3   4   5  6A  6B    7    8   9   10  11  12  13   14  15   16   17  18
                                     12Z  AVG MX 2MIN
DY MAX MIN AVG DEP HDD CDD  WTR  SNW DPTH SPD SPD DIR MIN PSBL S-S WX    SPD DR
================================================================================

 1  41  32  37 -12  28   0 0.15  0.0    0  3.6  8  50   M    M  10 1       M  M
 2  38  34  36 -14  29   0    T  0.0    0  8.6 14  60   M    M  10 1       M  M
 3  56  34  45  -5  20   0 0.02  0.0    0  3.7 10 160   M    M  10 12      M  M
 4  53  23  38 -12  27   099.99    M    0 11.5 14 360   M    M   6 14     24  20
 5  38  18  28 -22  37   0 0.59    M    4  8.4 15 350   M    M   4 1      24 360
 6  41  12  27 -24  38   0 0.00  0.0    2  1.9  8 160   M    M   0         M  M
 7  58  22  40 -11  25   0 0.00  0.0    2  2.8 10 210   M    M   0         M  M
 8  49  28  39 -12  26   0    M  0.0    1  2.0  7 190   M    M   7 1       M  M
 9  49  43  46  -5  19   0    T    M    0  5.3 12  60   M    M  10 1       M  M
10  57  47  52   0  13   0    T    M    0  3.8  9  60   M    M  10 1       M  M
11  70  51  61   9   4   0 0.00  0.0    0  4.5  9  60   M    M   5         M  M
12   M   M   M   M   M   M 0.47  0.0    0  6.1 12  50   M    M   9 1       M  M
13  66  57  62   9   3   0 1.57  0.0    0  5.4 10 120   M    M   9 12     18 120
14  62  56  59   6   6   0 0.06  0.0    0  4.7  8  30   M    M   9 1       M  M
15  73  49  61   8   4   0 0.00  0.0    0  3.9 12  40   M    M   2         M  M
16  73  45  59   6   6   0 0.00  0.0    0  5.6 14 230   M    M   3 12      M  M
17  79  47  63   9   2   0 0.00  0.0    0  8.2 22  80   M    M   1        27  70
18  55  42  49  -5  16   0 0.50    M    0 10.1 15  50   M    M  10 1      18  50
19  53  42  48  -6  17   0 0.00  0.0    0  3.5  8  60   M    M  10         M  M
20  66  48  57   2   8   0 0.34    M    0  4.2  8  40   M    M   7 1       M  M
21  60  45  53  -2  12   0 0.00  0.0    0  1.6  4 210   M    M   3         M  M
22  60  45  53  -2  12   0 0.42    M    0  6.1 14  20   M    M   5 1       M  M
23  74  41  58   3   7   0 0.00  0.0    0  3.4  7 190   M    M   0 12      M  M
24  76  46  61   5   4   0 0.00  0.0    0  6.8 16 140   M    M   0 8      25 140
25  79  51  65   9   0   0 0.00  0.0    0  6.7 14 140   M    M   2 1      30 150
26  67  38  53  -3  12   0 0.26  0.0    0  5.6 13 360   M    M   6 13     21 350
27  55  36  46 -11  19   0 0.03    M    0  4.5 12 360   M    M   6        22 360
28  49  35  42 -15  23   0 0.03  0.0    0  6.9 16  70   M    M   5        23  80
29  78  33  56  -1   9   0 0.00  0.0    0  4.6 10 170   M    M   4        18  99
================================================================================
SM 1675 1100       426   0104.43     0.0 154.0          M      163
================================================================================
AV 59.8 39.3                               5.3 FASTST   M    M   6    MAX(MPH)
                                 MISC ---->    22   M                 30    M
================================================================================
NOTES:
# LAST OF SEVERAL OCCURRENCES

COLUMN 17 PEAK WIND IN M.P.H.

PRELIMINARY LOCAL CLIMATOLOGICAL DATA (WS FORM: F-6) , PAGE 2

                                          STATION:  Jacksonville/Little Rock AFB
                                          MONTH:    MARCH
                                          YEAR:     2015
                                          LATITUDE:   34 55 N
                                          LONGITUDE:  92  9 W

[TEMPERATURE DATA]      [PRECIPITATION DATA]       SYMBOLS USED IN COLUMN 16

AVERAGE MONTHLY: 49.6   TOTAL FOR MONTH: 104.43    1 = FOG OR MIST
DPTR FM NORMAL:  -3.6   DPTR FM NORMAL:   99.83    2 = FOG REDUCING VISIBILITY
HIGHEST:    79 ON 25,17 GRTST 24HR 99.99 ON  4- 4      TO 1/4 MILE OR LESS
LOWEST:     12 ON  6                               3 = THUNDER
                        SNOW, ICE PELLETS, HAIL    4 = ICE PELLETS
                        TOTAL MONTH:   0.0 INCH    5 = HAIL
                        GRTST 24HR     0.0         6 = FREEZING RAIN OR DRIZZLE
                        GRTST DEPTH:   4 ON  5     7 = DUSTSTORM OR SANDSTORM:
                                                       VSBY 1/2 MILE OR LESS
                                                   8 = SMOKE OR HAZE
[NO. OF DAYS WITH]      [WEATHER - DAYS WITH]      9 = BLOWING SNOW
                                                   X = TORNADO
MAX 32 OR BELOW:   0    0.01 INCH OR MORE:  13
MAX 90 OR ABOVE:   0    0.10 INCH OR MORE:   9
MIN 32 OR BELOW:   6    0.50 INCH OR MORE:   4
MIN  0 OR BELOW:   0    1.00 INCH OR MORE:   2

[HDD (BASE 65) ]
TOTAL THIS MO.   426    CLEAR  (SCALE 0-3)   8
DPTR FM NORMAL    70    PTCLDY (SCALE 4-7)  11
TOTAL FM JUL 1  3327    CLOUDY (SCALE 8-10) 10
DPTR FM NORMAL   362

[CDD (BASE 65) ]
TOTAL THIS MO.     0
DPTR FM NORMAL   -13    [PRESSURE DATA]
TOTAL FM JAN 1     0    HIGHEST SLP M ON M
DPTR FM NORMAL   -14    LOWEST  SLP M ON M

[REMARKS]
