000
CXUS54 KEPZ 011200
CF6LRU
PRELIMINARY LOCAL CLIMATOLOGICAL DATA (WS FORM: F-6)

                                          STATION:   LAS CRUCES
                                          MONTH:     SEPTEMBER
                                          YEAR:      2014
                                          LATITUDE:   32 17 N
                                          LONGITUDE: 106 46 W

  TEMPERATURE IN F:       :PCPN:    SNOW:  WIND      :SUNSHINE: SKY     :PK WND
================================================================================
1   2   3   4   5  6A  6B    7    8   9   10  11  12  13   14  15   16   17  18
                                     12Z  AVG MX 2MIN
DY MAX MIN AVG DEP HDD CDD  WTR  SNW DPTH SPD SPD DIR MIN PSBL S-S WX    SPD DR
================================================================================

 1  97  64  81   M   0  16 0.00  0.0    0  7.3 13 240   M    M   0        20 240
 2  99  62  81   M   0  16 0.00  0.0    0  6.4 10 280   M    M   0        16 100
 3  98  63  81   M   0  16 0.00  0.0    0  6.1 12 120   M    M   0        16 220
 4  94  65  80   M   0  15 0.58  0.0    0 10.3 22 340   M    M   3 3      27 340
 5  81  65  73   M   0   8 0.21  0.0    0  4.4 10 160   M    M   3         M  M
 6  83  66  75   M   0  10 0.00  0.0    0  9.7 16 120   M    M   6        23 130
 7  73  64  69   M   0   4 0.00  0.0    0  5.6 14 120   M    M   7         M  M
 8  84  63  74   M   0   9 0.00  0.0    0  4.8 13 260   M    M   5         M  M
 9  88  65  77   M   0  12 0.00  0.0    0 12.7 22 250   M    M   0        37 260
10  89  66  78   M   0  13 0.00  0.0    0  8.3 20 260   M    M   1        27 260
11  79  62  71   M   0   6    T  0.0    0  5.3 16 190   M    M   2 3       M  M
12  81  60  71   M   0   6 0.00  0.0    0 10.8 21 120   M    M   2        28 120
13  75  56  66   M   0   1 0.00  0.0    0  9.6 15 150   M    M   5        20 130
14  78  59  69   M   0   4 0.00  0.0    0  8.7 13 110   M    M   5        17 110
15  81  61  71   M   0   6 0.00  0.0    0  6.0 13 140   M    M   3        16 140
16  74  64  69   M   0   4 0.44  0.0    0  5.2 12 120   M    M   8         M  M
17  78  64  71   M   0   6 0.93  0.0    0  5.2 22 250   M    M   8 3      28 250
18  66  64  65   M   0   0 1.26  0.0    0  4.2  9  40   M    M  10         M  M
19  81  64  73   M   0   8 0.00  0.0    0  2.6  7 260   M    M   6 1       M  M
20  85  65  75   M   0  10 0.00  0.0    0  2.4  9 130   M    M   2         M  M
21  85  67  76   M   0  11 0.00  0.0    0  5.0 10 120   M    M   4        20 120
22  77  66  72   M   0   7 0.24  0.0    0  6.9 15 190   M    M   8 3      17 120
23  82  64  73   M   0   8 0.00  0.0    0  3.5  8 140   M    M   6         M  M
24  85  62  74   M   0   9 0.00  0.0    0  3.6 13 130   M    M   2 3      16 130
25  83  59  71   M   0   6 0.00  0.0    0  4.7 12 130   M    M   1        16 120
26  79  61  70   M   0   5 0.00  0.0    0  5.6  9 120   M    M   2         M  M
27  78  57  68   M   0   3 0.00  0.0    0  5.4  9 130   M    M   0         M  M
28  84  61  73   M   0   8 0.00  0.0    0  6.5 10 150   M    M   2         M  M
29  86  60  73   M   0   8 0.00  0.0    0  6.7 16 210   M    M   3 3      21 210
30  82  58  70   M   0   5 0.00  0.0    0 10.1 23 270   M    M   0        28 270
================================================================================
SM 2485 1877         0 240  3.66     0.0 193.6          M      104
================================================================================
AV 82.8 62.6                               6.5 FASTST   M    M   3    MAX(MPH)
                                 MISC ---->  # 23 270                 37    M
================================================================================
NOTES:
# LAST OF SEVERAL OCCURRENCES

COLUMN 17 PEAK WIND IN M.P.H.

PRELIMINARY LOCAL CLIMATOLOGICAL DATA (WS FORM: F-6) , PAGE 2

                                          STATION:  LAS CRUCES
                                          MONTH:    SEPTEMBER
                                          YEAR:     2014
                                          LATITUDE:   32 17 N
                                          LONGITUDE: 106 46 W

[TEMPERATURE DATA]      [PRECIPITATION DATA]       SYMBOLS USED IN COLUMN 16

AVERAGE MONTHLY: 72.7   TOTAL FOR MONTH:   3.66    1 = FOG OR MIST
DPTR FM NORMAL:     M   DPTR FM NORMAL:       M    2 = FOG REDUCING VISIBILITY
HIGHEST:    99 ON  2    GRTST 24HR  1.26 ON 18-18      TO 1/4 MILE OR LESS
LOWEST:     56 ON 13                               3 = THUNDER
                        SNOW, ICE PELLETS, HAIL    4 = ICE PELLETS
                        TOTAL MONTH:   0.0 INCH    5 = HAIL
                        GRTST 24HR     0.0         6 = FREEZING RAIN OR DRIZZLE
                        GRTST DEPTH:   0           7 = DUSTSTORM OR SANDSTORM:
                                                       VSBY 1/2 MILE OR LESS
                                                   8 = SMOKE OR HAZE
[NO. OF DAYS WITH]      [WEATHER - DAYS WITH]      9 = BLOWING SNOW
                                                   X = TORNADO
MAX 32 OR BELOW:   0    0.01 INCH OR MORE:   6
MAX 90 OR ABOVE:   4    0.10 INCH OR MORE:   6
MIN 32 OR BELOW:   0    0.50 INCH OR MORE:   3
MIN  0 OR BELOW:   0    1.00 INCH OR MORE:   1

[HDD (BASE 65) ]
TOTAL THIS MO.     0    CLEAR  (SCALE 0-3)  16
DPTR FM NORMAL     M    PTCLDY (SCALE 4-7)  12
TOTAL FM JUL 1     0    CLOUDY (SCALE 8-10)  2
DPTR FM NORMAL     M

[CDD (BASE 65) ]
TOTAL THIS MO.   240
DPTR FM NORMAL     M    [PRESSURE DATA]
TOTAL FM JAN 1  1922    HIGHEST SLP M ON M
DPTR FM NORMAL     M    LOWEST  SLP M ON M

[REMARKS]
#FINAL-09-14#
