000
CXUS54 KHGX 231415
CF6LVJ
PRELIMINARY LOCAL CLIMATOLOGICAL DATA (WS FORM: F-6)

                                          STATION:   HOUSTON/CLOVER_FIELD
                                          MONTH:     SEPTEMBER
                                          YEAR:      2014
                                          LATITUDE:   29 31 N
                                          LONGITUDE:  95 14 W

  TEMPERATURE IN F:       :PCPN:    SNOW:  WIND      :SUNSHINE: SKY     :PK WND
================================================================================
1   2   3   4   5  6A  6B    7    8   9   10  11  12  13   14  15   16   17  18
                                     12Z  AVG MX 2MIN
DY MAX MIN AVG DEP HDD CDD  WTR  SNW DPTH SPD SPD DIR MIN PSBL S-S WX    SPD DR
================================================================================

 1  93  75  84   2   0  19 0.00  0.0    0  7.4 16 140   M    M   1 1      22 130
 2  92  79  86   4   0  21    T  0.0    0  7.8 20 130   M    M   2 3      31 130
 3  93  76  85   3   0  20 0.00  0.0    0  6.8 18 130   M    M   1 138    23 130
 4  93  78  86   4   0  21    T  0.0    0  6.8 16 140   M    M   1 3      22 140
 5  92  77  85   4   0  20 0.10  0.0    0  4.6 14 150   M    M   1 38     17 170
 6  93  76  85   4   0  20    T  0.0    0  2.5 16 130   M    M   1 3      21 140
 7  89  73  81   0   0  16 0.49  0.0    0  2.6 16 150   M    M   2 13     23 170
 8  91  72  82   1   0  17 0.00  0.0    0  1.9 12  80   M    M   2 18     36  90
 9  92  74  83   3   0  18 0.00  0.0    0  3.8 15 160   M    M   2 18     21 150
10  94  77  86   6   0  21    T  0.0    0  6.3 15 170   M    M   1 8      22 170
11  97  77  87   7   0  22 0.00  0.0    0  5.0 17 120   M    M   1        25 110
12  89  77  83   3   0  18 0.23  0.0    0  4.8 15  70   M    M   2 13     26  70
13  79  70  75  -5   0  10 0.37  0.0    0 10.0 20  40   M    M  10 1      32  80
14  78  66  72  -7   0   7 0.00  0.0    0  5.8 13  40   M    M  10 18     24  70
15  92  71  82   3   0  17 0.00  0.0    0  6.5 15  90   M    M   1 1      24  70
16  88  76  82   3   0  17 0.30  0.0    0  4.3 18  80   M    M   6 13     27  90
17  92  74  83   4   0  18 1.95  0.0    0  2.5 16  50   M    M   3 13     26 170
18  81  75  78   0   0  13 1.92    M    0  4.7 14 130   M    M   5 13     29  90
19  82  74  78   0   0  13 0.80  0.0    0  4.7  9 100   M    M   6 1      11 120
20  89  76  83   5   0  18 0.15  0.0    0  7.5 18  80   M    M   4 18     26  80
21  91  75  83   5   0  18 0.00  0.0    0  5.9 16  70   M    M   0 8      26  80
22  94  73  84   6   0  19 0.00  0.0    0  4.8 21  70   M    M   1 13     27  80
================================================================================
SM 1974 1641         0 383  6.31     0.0 117.0          M       63
================================================================================
AV 89.7 74.6                               5.3 FASTST   M    M   3    MAX(MPH)
                                 MISC ---->  # 21  70               # 36   90
================================================================================
NOTES:
# LAST OF SEVERAL OCCURRENCES

COLUMN 17 PEAK WIND IN M.P.H.

PRELIMINARY LOCAL CLIMATOLOGICAL DATA (WS FORM: F-6) , PAGE 2

                                          STATION:  HOUSTON/CLOVER_FIELD
                                          MONTH:    SEPTEMBER
                                          YEAR:     2014
                                          LATITUDE:   29 31 N
                                          LONGITUDE:  95 14 W

[TEMPERATURE DATA]      [PRECIPITATION DATA]       SYMBOLS USED IN COLUMN 16

AVERAGE MONTHLY: 82.2   TOTAL FOR MONTH:   6.31    1 = FOG OR MIST
DPTR FM NORMAL:   2.2   DPTR FM NORMAL:    2.24    2 = FOG REDUCING VISIBILITY
HIGHEST:    97 ON 11    GRTST 24HR  1.98 ON 16-17      TO 1/4 MILE OR LESS
LOWEST:     66 ON 14                               3 = THUNDER
                        SNOW, ICE PELLETS, HAIL    4 = ICE PELLETS
                        TOTAL MONTH:   0.0 INCH    5 = HAIL
                        GRTST 24HR     0.0         6 = FREEZING RAIN OR DRIZZLE
                        GRTST DEPTH:   0           7 = DUSTSTORM OR SANDSTORM:
                                                       VSBY 1/2 MILE OR LESS
                                                   8 = SMOKE OR HAZE
[NO. OF DAYS WITH]      [WEATHER - DAYS WITH]      9 = BLOWING SNOW
                                                   X = TORNADO
MAX 32 OR BELOW:   0    0.01 INCH OR MORE:   9
MAX 90 OR ABOVE:  14    0.10 INCH OR MORE:   9
MIN 32 OR BELOW:   0    0.50 INCH OR MORE:   3
MIN  0 OR BELOW:   0    1.00 INCH OR MORE:   2

[HDD (BASE 65) ]
TOTAL THIS MO.     0    CLEAR  (SCALE 0-3)  16
DPTR FM NORMAL     0    PTCLDY (SCALE 4-7)   4
TOTAL FM JUL 1     0    CLOUDY (SCALE 8-10)  2
DPTR FM NORMAL     0

[CDD (BASE 65) ]
TOTAL THIS MO.   383
DPTR FM NORMAL    55    [PRESSURE DATA]
TOTAL FM JAN 1  2700    HIGHEST SLP M ON M
DPTR FM NORMAL   161    LOWEST  SLP 29.80 ON 10

[REMARKS]
