000
CXUS56 KMTR 281000
CF6LVK
PRELIMINARY LOCAL CLIMATOLOGICAL DATA (WS FORM: F-6)

                                          STATION:   LIVERMORE AIRPORT
                                          MONTH:     APRIL
                                          YEAR:      2016
                                          LATITUDE:   37 42 N
                                          LONGITUDE: 121 49 W

  TEMPERATURE IN F:       :PCPN:    SNOW:  WIND      :SUNSHINE: SKY     :PK WND
================================================================================
1   2   3   4   5  6A  6B    7    8   9   10  11  12  13   14  15   16   17  18
                                     12Z  AVG MX 2MIN
DY MAX MIN AVG DEP HDD CDD  WTR  SNW DPTH SPD SPD DIR MIN PSBL S-S WX    SPD DR
================================================================================

 1  69  47  58   4   7   0 0.00  0.0    0  6.5 16 290   M    M   2        19 310
 2  77  49  63   9   2   0 0.00  0.0    0  3.5 13 310   M    M   4        16 290
 3  72  50  61   7   4   0 0.00  0.0    0  5.8 17 290   M    M   3 1      20 300
 4  74  50  62   8   3   0 0.00  0.0    0  5.2 14 290   M    M   2        16 270
 5  81  45  63   8   2   0 0.00  0.0    0  5.2 15  80   M    M   0        22  50
 6  85  48  67  12   0   2 0.00  0.0    0  4.6 15  50   M    M   1        21  70
 7  78  53  66  11   0   1 0.00  0.0    0  6.6 20 280   M    M   1        23 280
 8  69  55  62   7   3   0 0.31  0.0    0  6.0 16 290   M    M   6 1      19 300
 9  64  56  60   5   5   0 0.61  0.0    0  6.3 12 310   M    M  10 1      14 270
10  59  54  57   2   8   0 0.33  0.0    0  7.2 13 260   M    M  10 1      16 250
11  66  53  60   4   5   0 0.00  0.0    0  5.0 15 270   M    M   8        18 280
12  62  50  56   0   9   0    T  0.0    0  6.9 15 270   M    M   8        23 260
13  68  50  59   3   6   0 0.00  0.0    0  9.7 20 280   M    M   2        23 270
14  65  47  56   0   9   0 0.04    M    0 10.1 23 280   M    M   5 1      29 290
15  72  39  56   0   9   0 0.00  0.0    0  5.5 17 360   M    M   0        25 350
16  80  44  62   5   3   0 0.00  0.0    0  5.1 13  30   M    M   0        19  60
17  82  45  64   7   1   0 0.00  0.0    0  4.1 14  40   M    M   0        18  50
18  88  48  68  11   0   3 0.00  0.0    0  3.6 15 270   M    M   0        19 280
19  84  49  67  10   0   2 0.00  0.0    0  3.2 15 280   M    M   0        17 270
20  79  45  62   4   3   0 0.00  0.0    0  6.0 17 280   M    M   0        21 310
21  74  55  65   7   0   0 0.00  0.0    0  8.9 21 290   M    M   4        26 290
22  61  50  56  -2   9   0 0.33  0.0    0 12.2 24 260   M    M   6 1      29 250
23  69  47  58   0   7   0 0.00  0.0    0  6.3 18 270   M    M   3        21 270
24  68  50  59   1   6   0 0.00  0.0    0  9.7 21 240   M    M   3        26 240
25  68  43  56  -3   9   0 0.00  0.0    0  8.7 22 260   M    M   0        28 300
26  69  41  55  -4  10   0 0.00  0.0    0  6.9 20 280   M    M   1 8      24 280
27  63  50  57  -2   8   0 0.05  0.0    0  9.5 20 240   M    M   5 13     25 250
================================================================================
SM 1946 1313       128   8  1.67     0.0 178.3          M       84
================================================================================
AV 72.1 48.6                               6.6 FASTST   M    M   3    MAX(MPH)
                                 MISC ---->  # 24 260               # 29  290
================================================================================
NOTES:
# LAST OF SEVERAL OCCURRENCES

COLUMN 17 PEAK WIND IN M.P.H.

PRELIMINARY LOCAL CLIMATOLOGICAL DATA (WS FORM: F-6) , PAGE 2

                                          STATION:  LIVERMORE AIRPORT
                                          MONTH:    APRIL
                                          YEAR:     2016
                                          LATITUDE:   37 42 N
                                          LONGITUDE: 121 49 W

[TEMPERATURE DATA]      [PRECIPITATION DATA]       SYMBOLS USED IN COLUMN 16

AVERAGE MONTHLY: 60.4   TOTAL FOR MONTH:   1.67    1 = FOG OR MIST
DPTR FM NORMAL:   4.0   DPTR FM NORMAL:    0.73    2 = FOG REDUCING VISIBILITY
HIGHEST:    88 ON 18    GRTST 24HR  0.76 ON  9-10      TO 1/4 MILE OR LESS
LOWEST:     39 ON 15                               3 = THUNDER
                        SNOW, ICE PELLETS, HAIL    4 = ICE PELLETS
                        TOTAL MONTH:   0.0 INCH    5 = HAIL
                        GRTST 24HR     0.0         6 = FREEZING RAIN OR DRIZZLE
                        GRTST DEPTH:   0           7 = DUSTSTORM OR SANDSTORM:
                                                       VSBY 1/2 MILE OR LESS
                                                   8 = SMOKE OR HAZE
[NO. OF DAYS WITH]      [WEATHER - DAYS WITH]      9 = BLOWING SNOW
                                                   X = TORNADO
MAX 32 OR BELOW:   0    0.01 INCH OR MORE:   6
MAX 90 OR ABOVE:   0    0.10 INCH OR MORE:   4
MIN 32 OR BELOW:   0    0.50 INCH OR MORE:   1
MIN  0 OR BELOW:   0    1.00 INCH OR MORE:   0

[HDD (BASE 65) ]
TOTAL THIS MO.   128    CLEAR  (SCALE 0-3)  17
DPTR FM NORMAL  -113    PTCLDY (SCALE 4-7)   8
TOTAL FM JUL 1  2113    CLOUDY (SCALE 8-10)  2
DPTR FM NORMAL  -492

[CDD (BASE 65) ]
TOTAL THIS MO.     8
DPTR FM NORMAL     6    [PRESSURE DATA]
TOTAL FM JAN 1     8    HIGHEST SLP 30.03 ON 19
DPTR FM NORMAL     5    LOWEST  SLP 29.81 ON 22

[REMARKS]
