000
CXUS55 KBYZ 231055
CF6LVM
PRELIMINARY LOCAL CLIMATOLOGICAL DATA (WS FORM: F-6)

                                          STATION:   LIVINGSTON MT
                                          MONTH:     MARCH
                                          YEAR:      2017
                                          LATITUDE:   45 41 N
                                          LONGITUDE: 110 26 W

  TEMPERATURE IN F:       :PCPN:    SNOW:  WIND      :SUNSHINE: SKY     :PK WND
================================================================================
1   2   3   4   5  6A  6B    7    8   9   10  11  12  13   14  15   16   17  18
                                     12Z  AVG MX 2MIN
DY MAX MIN AVG DEP HDD CDD  WTR  SNW DPTH SPD SPD DIR MIN PSBL S-S WX    SPD DR
================================================================================

 1  40  22  31  -1  34   0 0.00    M    M 25.8 44 210   M    M   8        53 200
 2  44  33  39   7  26   0 0.00    M    M 25.7 48 220   M    M   6        62 220
 3  55  37  46  14  19   0 0.00    M    M 28.7 48 220   M    M   1        60 220
 4  52  42  47  14  18   0 0.00    M    M 30.1 47 230   M    M   5        60 220
 5  53  31  42   9  23   0    T    M    M 16.1 37 250   M    M   3        45 240
 6  37  25  31  -2  34   0    T    M    M 19.3 36 270   M    M   6 1      45 270
 7  40  25  33  -1  32   0    T    M    M 29.7 41 270   M    M   9        52 260
 8  53  28  41   7  24   0    T    M    M 20.9 40 230   M    M  10 1      52 220
 9  34  14  24 -10  41   0 0.32    M    M 13.5 22  80   M    M  10 18     26  80
10  51  14  33  -1  32   0 0.01    M    M  6.2 22 260   M    M   5 6      27 300
11  48  14  31  -4  34   0    T    M    M 11.9 39 210   M    M   5 1      49 220
12  52  23  38   3  27   0    M    M    M 10.6 36 290   M    M   6 1      47 290
13  60  23  42   7  23   0 0.00    M    M 17.2 35 230   M    M   8 1      49 220
14  66  45  56  21   9   0    T    M    M 20.4 36 220   M    M   8        46 210
15  72  51  62  26   3   0 0.00    M    M 27.7 43 230   M    M   1        51 230
16  59  35  47  11  18   0 0.07    M    M 19.5 41 230   M    M   6        51 230
17  57  29  43   7  22   0 0.00    M    M  7.7 20  90   M    M   2        23  80
18  75  31  53  17  12   0 0.00    M    M 23.4 51 210   M    M   0        62 210
19  61  41  51  15  14   0 0.10    M    M 14.9 40 220   M    M   9        47 220
20  43  32  38   1  27   0 0.10    M    M 14.4 23  80   M    M  10 1      28  80
21  37  30  34  -3  31   0 0.00    M    M 13.5 22  70   M    M  10 1      26  70
22  65  31  48  11  17   0    T    M    M 10.6 28 240   M    M   5 1      35 220
================================================================================
SM 1154  656       520   0  0.60    M    407.8          M      133
================================================================================
AV 52.5 29.8                              18.5 FASTST   M    M   6    MAX(MPH)
                                 MISC ---->  # 51 210               # 62  220
================================================================================
NOTES:
# LAST OF SEVERAL OCCURRENCES

COLUMN 17 PEAK WIND IN M.P.H.

PRELIMINARY LOCAL CLIMATOLOGICAL DATA (WS FORM: F-6) , PAGE 2

                                          STATION:  LIVINGSTON MT
                                          MONTH:    MARCH
                                          YEAR:     2017
                                          LATITUDE:   45 41 N
                                          LONGITUDE: 110 26 W

[TEMPERATURE DATA]      [PRECIPITATION DATA]       SYMBOLS USED IN COLUMN 16

AVERAGE MONTHLY: 41.1   TOTAL FOR MONTH:   0.60    1 = FOG OR MIST
DPTR FM NORMAL:   6.5   DPTR FM NORMAL:    0.08    2 = FOG REDUCING VISIBILITY
HIGHEST:    75 ON 18    GRTST 24HR  0.32 ON  9- 9      TO 1/4 MILE OR LESS
LOWEST:     14 ON 11,10                            3 = THUNDER
                        SNOW, ICE PELLETS, HAIL    4 = ICE PELLETS
                        TOTAL MONTH:    M          5 = HAIL
                        GRTST 24HR    M  ON   M    6 = FREEZING RAIN OR DRIZZLE
                        GRTST DEPTH:  M  ON   M    7 = DUSTSTORM OR SANDSTORM:
                                                       VSBY 1/2 MILE OR LESS
                                                   8 = SMOKE OR HAZE
[NO. OF DAYS WITH]      [WEATHER - DAYS WITH]      9 = BLOWING SNOW
                                                   X = TORNADO
MAX 32 OR BELOW:   0    0.01 INCH OR MORE:   5
MAX 90 OR ABOVE:   0    0.10 INCH OR MORE:   3
MIN 32 OR BELOW:  15    0.50 INCH OR MORE:   0
MIN  0 OR BELOW:   0    1.00 INCH OR MORE:   0

[HDD (BASE 65) ]
TOTAL THIS MO.   520    CLEAR  (SCALE 0-3)   5
DPTR FM NORMAL  -148    PTCLDY (SCALE 4-7)  10
TOTAL FM JUL 1  5746    CLOUDY (SCALE 8-10)  7
DPTR FM NORMAL  -270

[CDD (BASE 65) ]
TOTAL THIS MO.     0
DPTR FM NORMAL     0    [PRESSURE DATA]
TOTAL FM JAN 1     0    HIGHEST SLP M ON M
DPTR FM NORMAL     0    LOWEST  SLP 29.21 ON  5

[REMARKS]
