000
CXUS53 KTOP 250800
CF6LWC
PRELIMINARY LOCAL CLIMATOLOGICAL DATA (WS FORM: F-6)

                                          STATION:   Lawrence KS
                                          MONTH:     JUNE
                                          YEAR:      2017
                                          LATITUDE:   39  0 N
                                          LONGITUDE:  95 13 W

  TEMPERATURE IN F:       :PCPN:    SNOW:  WIND      :SUNSHINE: SKY     :PK WND
================================================================================
1   2   3   4   5  6A  6B    7    8   9   10  11  12  13   14  15   16   17  18
                                     12Z  AVG MX 2MIN
DY MAX MIN AVG DEP HDD CDD  WTR  SNW DPTH SPD SPD DIR MIN PSBL S-S WX    SPD DR
================================================================================

 1  79  63  71   1   0   6 0.48    M    M  5.8 15 140   M    M   5 13     17 140
 2  86  62  74   4   0   9 0.00    M    M  6.0 16 140   M    M   1 1      18 130
 3  85  61  73   2   0   8 0.00    M    M  4.3 14 140   M    M   1 1      17 140
 4  83  63  73   2   0   8 0.11    M    M  1.9 13 320   M    M   3 13     18 320
 5  93  62  78   7   0  13 0.00    M    M  4.8 12 350   M    M   1 12     19  20
 6  83  61  72   0   0   7 0.00    M    M  7.1 12  40   M    M   0         M  M
 7  82  53  68  -4   0   3 0.00    M    M  2.7 13  80   M    M   0 18     17  80
 8  83  53  68  -4   0   3 0.00    M    M  3.4 13 140   M    M   0        16 200
 9  87  54  71  -1   0   6 0.00    M    M  7.9 17 170   M    M   0 1      22 150
10  90  67  79   6   0  14 0.00    M    M 15.7 26 180   M    M   0        35 150
11  93  72  83  10   0  18 0.00    M    M 16.4 29 150   M    M   0        38 150
12  94  69  82   9   0  17 0.00    M    M 12.4 24 140   M    M   1        32 130
13  92  73  83   9   0  18 0.00    M    M 15.2 26 150   M    M   3        36 140
14  90  63  77   3   0  12 0.70    M    M 10.6 36 290   M    M   3 13     44 290
15  93  64  79   5   0  14 0.39    M    M 10.2 29 190   M    M   1 13     39 190
16  92  65  79   5   0  14 0.51    M    M  8.8 31 340   M    M   3 13     44 320
17  91  67  79   5   0  14 1.50    M    M  8.8 40 250   M    M   4 1      50 260
18  82  60  71  -4   0   6 0.13    M    M  8.3 22 310   M    M   1 1      26 320
19  87  58  73  -2   0   8 0.01    M    M  4.6 18 220   M    M   3        23 220
20  91  63  77   2   0  12 0.00    M    M  6.9 14 200   M    M   1        19 240
21  92  72  82   7   0  17 0.00    M    M 10.3 24 170   M    M   0        32 170
22  89  67  78   2   0  13 0.00    M    M  8.9 20 140   M    M   2        26 190
23  82  58  70  -6   0   5 0.00    M    M  9.5 23 320   M    M   3        30  20
24  79  53  66 -10   0   1 0.00    M    M  5.7 16 300   M    M   1 18     20 300
================================================================================
SM 2098 1503         0 246  3.83    M    196.2          M       37
================================================================================
AV 87.4 62.6                               8.2 FASTST   M    M   2    MAX(MPH)
                                 MISC ---->  # 40 250               # 50  260
================================================================================
NOTES:
# LAST OF SEVERAL OCCURRENCES

COLUMN 17 PEAK WIND IN M.P.H.

PRELIMINARY LOCAL CLIMATOLOGICAL DATA (WS FORM: F-6) , PAGE 2

                                          STATION:  Lawrence KS
                                          MONTH:    JUNE
                                          YEAR:     2017
                                          LATITUDE:   39  0 N
                                          LONGITUDE:  95 13 W

[TEMPERATURE DATA]      [PRECIPITATION DATA]       SYMBOLS USED IN COLUMN 16

AVERAGE MONTHLY: 75.0   TOTAL FOR MONTH:   3.83    1 = FOG OR MIST
DPTR FM NORMAL:   1.8   DPTR FM NORMAL:   -0.72    2 = FOG REDUCING VISIBILITY
HIGHEST:    94 ON 12    GRTST 24HR  1.50 ON 17-17      TO 1/4 MILE OR LESS
LOWEST:     53 ON 24, 8                            3 = THUNDER
                        SNOW, ICE PELLETS, HAIL    4 = ICE PELLETS
                        TOTAL MONTH:    M          5 = HAIL
                        GRTST 24HR    M  ON   M    6 = FREEZING RAIN OR DRIZZLE
                        GRTST DEPTH:  M  ON   M    7 = DUSTSTORM OR SANDSTORM:
                                                       VSBY 1/2 MILE OR LESS
                                                   8 = SMOKE OR HAZE
[NO. OF DAYS WITH]      [WEATHER - DAYS WITH]      9 = BLOWING SNOW
                                                   X = TORNADO
MAX 32 OR BELOW:   0    0.01 INCH OR MORE:   8
MAX 90 OR ABOVE:  11    0.10 INCH OR MORE:   7
MIN 32 OR BELOW:   0    0.50 INCH OR MORE:   3
MIN  0 OR BELOW:   0    1.00 INCH OR MORE:   1

[HDD (BASE 65) ]
TOTAL THIS MO.     0    CLEAR  (SCALE 0-3)  19
DPTR FM NORMAL    -6    PTCLDY (SCALE 4-7)   5
TOTAL FM JUL 1  4148    CLOUDY (SCALE 8-10)  0
DPTR FM NORMAL  -942

[CDD (BASE 65) ]
TOTAL THIS MO.   246
DPTR FM NORMAL    40    [PRESSURE DATA]
TOTAL FM JAN 1   353    HIGHEST SLP M ON M
DPTR FM NORMAL    28    LOWEST  SLP 29.54 ON M

[REMARKS]
