000
CXUS56 KOTX 290900
CF6LWS
PRELIMINARY LOCAL CLIMATOLOGICAL DATA (WS FORM: F-6)

                                          STATION:   LEWISTON ID AIRPORT
                                          MONTH:     JUNE
                                          YEAR:      2017
                                          LATITUDE:   46 22 N
                                          LONGITUDE: 117  1 W

  TEMPERATURE IN F:       :PCPN:    SNOW:  WIND      :SUNSHINE: SKY     :PK WND
================================================================================
1   2   3   4   5  6A  6B    7    8   9   10  11  12  13   14  15   16   17  18
                                     12Z  AVG MX 2MIN
DY MAX MIN AVG DEP HDD CDD  WTR  SNW DPTH SPD SPD DIR MIN PSBL S-S WX    SPD DR
================================================================================

 1  74  56  65   2   0   0 0.03  0.0    0  3.5 13 340   M    M   8        20 320
 2  81  52  67   4   0   2 0.00  0.0    0  4.3 13 330   M    M   1        15 330
 3  88  55  72   9   0   7 0.00  0.0    0  6.2 17 280   M    M   0        24 280
 4  68  49  59  -4   6   0 0.15  0.0    0  5.9 20 290   M    M   8 1      23 290
 5  77  46  62  -1   3   0 0.00  0.0    0  3.7 13  90   M    M   3 12     19 280
 6  85  49  67   3   0   2 0.00  0.0    0  3.2  9 130   M    M   0        16  50
 7  96  58  77  13   0  12 0.00  0.0    0  4.4 15 290   M    M   0        20 290
 8  77  53  65   1   0   0 0.23  0.0    0  4.8 26 290   M    M   3 13     36 300
 9  67  52  60  -4   5   0 0.03  0.0    0  4.4 17 310   M    M   7 3      23 310
10  64  50  57  -7   8   0 0.04  0.0    0  4.9 14 250   M    M   6 3      17 310
11  74  44  59  -6   6   0 0.00  0.0    0  4.7 20 330   M    M   0        26 320
12  76  58  67   2   0   2    T  0.0    0 10.8 22 280   M    M   2        30 290
13  72  53  63  -2   2   0 0.00  0.0    0  5.5 16 160   M    M   6        25 150
14  72  45  59  -6   6   0 0.00  0.0    0  4.4 10 300   M    M   2        15 310
15  71  57  64  -2   1   0 0.14  0.0    0  3.4 12  70   M    M   8 1      14  80
16  71  58  65  -1   0   0    T  0.0    0  5.6 21 270   M    M  10 1      35 260
17  78  56  67   1   0   2    T  0.0    0  3.5 12 320   M    M   6        20 300
18  84  63  74   8   0   9    T  0.0    0  4.3 10 360   M    M   6        16  50
19  95  59  77  10   0  12 0.00  0.0    0  5.8 13  20   M    M   0        19  70
20  91  66  79  12   0  14 0.00  0.0    0  7.3 23 290   M    M   0        31 310
21  82  60  71   4   0   6 0.00  0.0    0  9.0 22 290   M    M   0        30 290
22  80  53  67  -1   0   2 0.00  0.0    0  7.6 16 300   M    M   0        23 290
23  85  50  68   0   0   3 0.00  0.0    0  4.0 13 360   M    M   0        18 270
24  91  53  72   4   0   7 0.00  0.0    0  4.0 10 190   M    M   0        15  50
25  99  57  78  10   0  13 0.00  0.0    0  4.9  9 190   M    M   0        13  50
26  98  66  82  13   0  17    T  0.0    0  5.3 32 230   M    M   1 3      41 240
27  87  61  74   5   0   9    T  0.0    0  5.5 16 340   M    M   1        21 340
28  84  55  70   1   0   5 0.00  0.0    0  6.7 21 320   M    M   0        31 320
================================================================================
SM 2267 1534        37 124  0.62     0.0 147.6          M       78
================================================================================
AV 81.0 54.8                               5.3 FASTST   M    M   3    MAX(MPH)
                                 MISC ---->  # 32 230               # 41  240
================================================================================
NOTES:
# LAST OF SEVERAL OCCURRENCES

COLUMN 17 PEAK WIND IN M.P.H.

PRELIMINARY LOCAL CLIMATOLOGICAL DATA (WS FORM: F-6) , PAGE 2

                                          STATION:  LEWISTON ID AIRPORT
                                          MONTH:    JUNE
                                          YEAR:     2017
                                          LATITUDE:   46 22 N
                                          LONGITUDE: 117  1 W

[TEMPERATURE DATA]      [PRECIPITATION DATA]       SYMBOLS USED IN COLUMN 16

AVERAGE MONTHLY: 67.9   TOTAL FOR MONTH:   0.62    1 = FOG OR MIST
DPTR FM NORMAL:   2.2   DPTR FM NORMAL:   -0.56    2 = FOG REDUCING VISIBILITY
HIGHEST:    99 ON 25    GRTST 24HR  0.23 ON  8- 8      TO 1/4 MILE OR LESS
LOWEST:     44 ON 11                               3 = THUNDER
                        SNOW, ICE PELLETS, HAIL    4 = ICE PELLETS
                        TOTAL MONTH:   0.0 INCH    5 = HAIL
                        GRTST 24HR     0.0         6 = FREEZING RAIN OR DRIZZLE
                        GRTST DEPTH:   0           7 = DUSTSTORM OR SANDSTORM:
                                                       VSBY 1/2 MILE OR LESS
                                                   8 = SMOKE OR HAZE
[NO. OF DAYS WITH]      [WEATHER - DAYS WITH]      9 = BLOWING SNOW
                                                   X = TORNADO
MAX 32 OR BELOW:   0    0.01 INCH OR MORE:   6
MAX 90 OR ABOVE:   6    0.10 INCH OR MORE:   3
MIN 32 OR BELOW:   0    0.50 INCH OR MORE:   0
MIN  0 OR BELOW:   0    1.00 INCH OR MORE:   0

[HDD (BASE 65) ]
TOTAL THIS MO.    37    CLEAR  (SCALE 0-3)  19
DPTR FM NORMAL   -31    PTCLDY (SCALE 4-7)   7
TOTAL FM JUL 1  5280    CLOUDY (SCALE 8-10)  2
DPTR FM NORMAL   115

[CDD (BASE 65) ]
TOTAL THIS MO.   124
DPTR FM NORMAL    39    [PRESSURE DATA]
TOTAL FM JAN 1   175    HIGHEST SLP M ON M
DPTR FM NORMAL    58    LOWEST  SLP 29.52 ON  8

[REMARKS]
