000
CXUS53 KGID 260730
CF6LXN
PRELIMINARY LOCAL CLIMATOLOGICAL DATA (WS FORM: F-6)

                                          STATION:   LEXINGTON
                                          MONTH:     MARCH
                                          YEAR:      2015
                                          LATITUDE:   40 47 N
                                          LONGITUDE:  99 46 W

  TEMPERATURE IN F:       :PCPN:    SNOW:  WIND      :SUNSHINE: SKY     :PK WND
================================================================================
1   2   3   4   5  6A  6B    7    8   9   10  11  12  13   14  15   16   17  18
                                     12Z  AVG MX 2MIN
DY MAX MIN AVG DEP HDD CDD  WTR  SNW DPTH SPD SPD DIR MIN PSBL S-S WX    SPD DR
================================================================================

 1  40  10  25   M  40   0 0.00    M    M  3.4  8 340   M    M   1        10 360
 2  41  24  33   M  32   0 0.00    M    M 16.4 30 160   M    M   8        37 170
 3  33  18  26   M  39   0    M    M    M 14.4 29 360   M    M   6        36 350
 4  32   7  20   M  45   0    M    M    M  8.5 16 350   M    M   3        24 330
 5  46   2  24   M  41   0 0.00    M    M  7.1 16 170   M    M   0        17 220
 6  63  17  40   M  25   0 0.00    M    M  9.8 21 320   M    M   0        28 300
 7  66  27  47   M  18   0 0.00    M    M  8.5 16 290   M    M   0         M  M
 8  57  24  41   M  24   0 0.00    M    M  8.5 16  30   M    M   0        22  30
 9  65  20  43   M  22   0 0.00    M    M  7.9 16 210   M    M   0        25 210
10  71  27  49   M  16   0 0.00    M    M  8.2 15 290   M    M   0        21 360
11  74  24  49   M  16   0 0.00    M    M  8.3 16 220   M    M   0 1      21 220
12  77  34  56   M   9   0 0.00    M    M 11.1 22 180   M    M   0        30 180
13  72  34  53   M  12   0 0.00    M    M 11.0 24  20   M    M   1        33  20
14  67  26  47   M  18   0 0.00    M    M  7.6 16 190   M    M   0         M  M
15  86  45  66   M   0   1 0.00    M    M 14.0 20 210   M    M   0        27 230
16  91  37  64   M   1   0 0.00    M    M 14.0 29  30   M    M   0 8      41  30
17  51  29  40   M  25   0 0.00    M    M 12.9 24  20   M    M   0        35  30
18  57  25  41   M  24   0 0.00    M    M  8.8 15 140   M    M   1        20 190
19  66  29  48   M  17   0 0.00    M    M  5.5 17 320   M    M   2 8      21 320
20  76  22  49   M  16   0 0.00    M    M  8.1 20 260   M    M   0        25 270
21  74  31  53   M  12   0 0.00    M    M  9.0 16 140   M    M   0        27 180
22  74  32  53   M  12   0 0.00    M    M 10.4 20 340   M    M   0        23 330
23  61  26  44   M  21   0 0.00    M    M  8.0 16 120   M    M   2        22 120
24  67  38  53   M  12   0 0.00    M    M  6.8 16 330   M    M   5        25 350
25  56  23  40   M  25   0    T    M    M 13.4 21 360   M    M   6        28  10
================================================================================
SM 1563  631       522   1    T     M    241.6          M       35
================================================================================
AV 62.5 25.2                               9.7 FASTST   M    M   1    MAX(MPH)
                                 MISC ---->    30   M                 41    M
================================================================================
NOTES:
# LAST OF SEVERAL OCCURRENCES

COLUMN 17 PEAK WIND IN M.P.H.

PRELIMINARY LOCAL CLIMATOLOGICAL DATA (WS FORM: F-6) , PAGE 2

                                          STATION:  LEXINGTON
                                          MONTH:    MARCH
                                          YEAR:     2015
                                          LATITUDE:   40 47 N
                                          LONGITUDE:  99 46 W

[TEMPERATURE DATA]      [PRECIPITATION DATA]       SYMBOLS USED IN COLUMN 16

AVERAGE MONTHLY: 43.9   TOTAL FOR MONTH:      T    1 = FOG OR MIST
DPTR FM NORMAL:     M   DPTR FM NORMAL:       M    2 = FOG REDUCING VISIBILITY
HIGHEST:    91 ON 16    GRTST 24HR    T  ON 25-25      TO 1/4 MILE OR LESS
LOWEST:      2 ON  5                               3 = THUNDER
                        SNOW, ICE PELLETS, HAIL    4 = ICE PELLETS
                        TOTAL MONTH:    M          5 = HAIL
                        GRTST 24HR    M  ON   M    6 = FREEZING RAIN OR DRIZZLE
                        GRTST DEPTH:  M  ON   M    7 = DUSTSTORM OR SANDSTORM:
                                                       VSBY 1/2 MILE OR LESS
                                                   8 = SMOKE OR HAZE
[NO. OF DAYS WITH]      [WEATHER - DAYS WITH]      9 = BLOWING SNOW
                                                   X = TORNADO
MAX 32 OR BELOW:   1    0.01 INCH OR MORE:   0
MAX 90 OR ABOVE:   1    0.10 INCH OR MORE:   0
MIN 32 OR BELOW:  20    0.50 INCH OR MORE:   0
MIN  0 OR BELOW:   0    1.00 INCH OR MORE:   0

[HDD (BASE 65) ]
TOTAL THIS MO.   522    CLEAR  (SCALE 0-3)  20
DPTR FM NORMAL     M    PTCLDY (SCALE 4-7)   5
TOTAL FM JUL 1  5120    CLOUDY (SCALE 8-10)  0
DPTR FM NORMAL     M

[CDD (BASE 65) ]
TOTAL THIS MO.     1
DPTR FM NORMAL     M    [PRESSURE DATA]
TOTAL FM JAN 1     1    HIGHEST SLP M ON M
DPTR FM NORMAL     M    LOWEST  SLP M ON M

[REMARKS]
