000
CXUS55 KPUB 191159
CF6LXV
PRELIMINARY LOCAL CLIMATOLOGICAL DATA (WS FORM: F-6)

                                          STATION:   LEADVILLE CO
                                          MONTH:     NOVEMBER
                                          YEAR:      2017
                                          LATITUDE:   39 15 N
                                          LONGITUDE: 106 18 W

  TEMPERATURE IN F:       :PCPN:    SNOW:  WIND      :SUNSHINE: SKY     :PK WND
================================================================================
1   2   3   4   5  6A  6B    7    8   9   10  11  12  13   14  15   16   17  18
                                     12Z  AVG MX 2MIN
DY MAX MIN AVG DEP HDD CDD  WTR  SNW DPTH SPD SPD DIR MIN PSBL S-S WX    SPD DR
================================================================================

 1  49  33  41  11  24   0 0.00  0.0    0 12.9 29 300   M    M   1        45 290
 2  52  25  39   9  26   0 0.00  0.0    0  5.4 18 300   M    M   1        25 310
 3  51  23  37   7  28   0 0.00  0.0    0  6.7 25 220   M    M   1        41 230
 4  44  30  37   8  28   0    T    M    M 10.5 24 200   M    M   8        35 230
 5  41  27  34   5  31   0    T    M    M  5.8 18 210   M    M   8 1      35 210
 6  39  22  31   3  34   0 0.03    M    M  5.2 20 190   M    M   8 1      25 200
 7  39  23  31   3  34   0 0.07    M    M  5.8 21 260   M    M   8 12     27 260
 8  45  10  28   0  37   0 0.01    M    M  4.6 17 280   M    M   2 12     23 270
 9  51  15  33   6  32   0 0.00  0.0    M  5.4 17 280   M    M   0        21 290
10  51  20  36   9  29   0 0.00  0.0    M  3.3 16 220   M    M   0        26 220
11  43  19  31   5  34   0 0.00  0.0    0  7.5 21 280   M    M   1        33 270
12  48  10  29   3  36   0 0.00  0.0    M  3.3 14 310   M    M   0        19 360
13  51  26  39  14  26   0 0.00  0.0    M  7.5 21 260   M    M   0        27 260
14  50  22  36  11  29   0 0.00  0.0    M  8.2 22 280   M    M   0        32 290
15  47  13  30   6  35   0 0.00  0.0    M  5.2 12 290   M    M   0        15 300
16  50  25  38  14  27   0 0.00  0.0    0  9.1 25 270   M    M   2        36 240
17  40  14  27   3  38   0 0.65    M    M  9.2 30 360   M    M  10 12     43  10
18  27   0  14  -9  51   0 0.01    M    M  8.1 21 300   M    M   3 128    27 340
================================================================================
SM  818  357       579   0  0.77     0.0 123.7          M       53
================================================================================
AV 45.4 19.8                               6.9 FASTST   M    M   3    MAX(MPH)
                                 MISC ---->  # 30 360               # 45  290
================================================================================
NOTES:
# LAST OF SEVERAL OCCURRENCES

COLUMN 17 PEAK WIND IN M.P.H.

PRELIMINARY LOCAL CLIMATOLOGICAL DATA (WS FORM: F-6) , PAGE 2

                                          STATION:  LEADVILLE CO
                                          MONTH:    NOVEMBER
                                          YEAR:     2017
                                          LATITUDE:   39 15 N
                                          LONGITUDE: 106 18 W

[TEMPERATURE DATA]      [PRECIPITATION DATA]       SYMBOLS USED IN COLUMN 16

AVERAGE MONTHLY: 32.6   TOTAL FOR MONTH:   0.77    1 = FOG OR MIST
DPTR FM NORMAL:   5.8   DPTR FM NORMAL:    0.28    2 = FOG REDUCING VISIBILITY
HIGHEST:    52 ON  2    GRTST 24HR  0.65 ON 17-17      TO 1/4 MILE OR LESS
LOWEST:      0 ON 18                               3 = THUNDER
                        SNOW, ICE PELLETS, HAIL    4 = ICE PELLETS
                        TOTAL MONTH:   0.0 INCH    5 = HAIL
                        GRTST 24HR     0.0         6 = FREEZING RAIN OR DRIZZLE
                        GRTST DEPTH:   0           7 = DUSTSTORM OR SANDSTORM:
                                                       VSBY 1/2 MILE OR LESS
                                                   8 = SMOKE OR HAZE
[NO. OF DAYS WITH]      [WEATHER - DAYS WITH]      9 = BLOWING SNOW
                                                   X = TORNADO
MAX 32 OR BELOW:   1    0.01 INCH OR MORE:   5
MAX 90 OR ABOVE:   0    0.10 INCH OR MORE:   1
MIN 32 OR BELOW:  17    0.50 INCH OR MORE:   1
MIN  0 OR BELOW:   1    1.00 INCH OR MORE:   0

[HDD (BASE 65) ]
TOTAL THIS MO.   579    CLEAR  (SCALE 0-3)  13
DPTR FM NORMAL  -106    PTCLDY (SCALE 4-7)   2
TOTAL FM JUL 1  2602    CLOUDY (SCALE 8-10)  3
DPTR FM NORMAL  -272

[CDD (BASE 65) ]
TOTAL THIS MO.     0
DPTR FM NORMAL     0    [PRESSURE DATA]
TOTAL FM JAN 1     0    HIGHEST SLP M ON M
DPTR FM NORMAL     0    LOWEST  SLP 29.62 ON 17

[REMARKS]
