000
CXUS55 KPUB 241059
CF6LXV
PRELIMINARY LOCAL CLIMATOLOGICAL DATA (WS FORM: F-6)

                                          STATION:   LEADVILLE CO
                                          MONTH:     AUGUST
                                          YEAR:      2016
                                          LATITUDE:   39 15 N
                                          LONGITUDE: 106 18 W

  TEMPERATURE IN F:       :PCPN:    SNOW:  WIND      :SUNSHINE: SKY     :PK WND
================================================================================
1   2   3   4   5  6A  6B    7    8   9   10  11  12  13   14  15   16   17  18
                                     12Z  AVG MX 2MIN
DY MAX MIN AVG DEP HDD CDD  WTR  SNW DPTH SPD SPD DIR MIN PSBL S-S WX    SPD DR
================================================================================

 1  74  38  56   2   9   0 0.00  0.0    0  6.6 21 360   M    M   4 12     28  10
 2  71  41  56   2   9   0 0.00  0.0    0  5.4 15 350   M    M   7 3      21 190
 3  76  44  60   6   5   0 0.09  0.0    0  5.8 23 160   M    M   5 1      30 170
 4  55  45  50  -4  15   0 0.64  0.0    0  4.5 16 180   M    M   9 12     21 180
 5  55  45  50  -4  15   0 0.26  0.0    0  5.0 18 180   M    M  10 123    24 190
 6  65  47  56   2   9   0    T  0.0    0  6.3 21 290   M    M   7        25 300
 7  71  37  54   0  11   0 0.47  0.0    0  4.8 21 300   M    M   3 3      27 300
 8  65  41  53  -1  12   0 0.09  0.0    0  5.9 22 300   M    M   M        32 340
 9  71  36  54   0  11   0 0.05  0.0    0  5.4 25 180   M    M   M        33 180
10  69  35  52  -2  13   0 0.05  0.0    0  5.1 18 230   M    M   M        25 240
11  68  39  54   1  11   0    T    M    M  7.1 20 300   M    M   3        27 310
12  66  35  51  -2  14   0 0.00  0.0    0  6.9 17 270   M    M   0        25 310
13  67  32  50  -3  15   0 0.00  0.0    0  5.6 30 350   M    M   2        42 350
14  72  33  53   0  12   0 0.00  0.0    0  5.2 16 270   M    M   2        29 350
15  73  32  53   0  12   0    T  0.0    0  5.3 22 300   M    M   2        30 290
16  68  36  52  -1  13   0 0.00  0.0    0  4.1 20 210   M    M   5 3      24 220
17  68  36  52  -1  13   0 0.09  0.0    0  4.4 17  60   M    M   4 13     28  60
18  62  34  48  -4  17   0 0.06  0.0    0  4.9 20 300   M    M   3 13     26 300
19  64  33  49  -3  16   0    T  0.0    0  5.5 23 350   M    M   2 3      29 360
20  67  40  54   2  11   0 0.00  0.0    0  6.8 21 290   M    M   4        28 330
21  71  32  52   0  13   0    T    M    0  5.4 26  20   M    M   1 3      38  30
22  68  35  52   0  13   0    T    M    0  5.6 20 180   M    M   4 3      24  30
23  65  37  51  -1  14   0 0.52    M    0  5.7 16  70   M    M   7 13     23  70
================================================================================
SM 1551  863       283   0  2.32     0.0 127.3          M       84
================================================================================
AV 67.4 37.5                               5.5 FASTST   M    M   4    MAX(MPH)
                                 MISC ---->  # 30 350               # 42  350
================================================================================
NOTES:
# LAST OF SEVERAL OCCURRENCES

COLUMN 17 PEAK WIND IN M.P.H.

PRELIMINARY LOCAL CLIMATOLOGICAL DATA (WS FORM: F-6) , PAGE 2

                                          STATION:  LEADVILLE CO
                                          MONTH:    AUGUST
                                          YEAR:     2016
                                          LATITUDE:   39 15 N
                                          LONGITUDE: 106 18 W

[TEMPERATURE DATA]      [PRECIPITATION DATA]       SYMBOLS USED IN COLUMN 16

AVERAGE MONTHLY: 52.5   TOTAL FOR MONTH:   2.32    1 = FOG OR MIST
DPTR FM NORMAL:  -0.7   DPTR FM NORMAL:    0.77    2 = FOG REDUCING VISIBILITY
HIGHEST:    76 ON  3    GRTST 24HR  0.70 ON  4- 5      TO 1/4 MILE OR LESS
LOWEST:     32 ON 21,15                            3 = THUNDER
                        SNOW, ICE PELLETS, HAIL    4 = ICE PELLETS
                        TOTAL MONTH:   0.0 INCH    5 = HAIL
                        GRTST 24HR     0.0         6 = FREEZING RAIN OR DRIZZLE
                        GRTST DEPTH:   0           7 = DUSTSTORM OR SANDSTORM:
                                                       VSBY 1/2 MILE OR LESS
                                                   8 = SMOKE OR HAZE
[NO. OF DAYS WITH]      [WEATHER - DAYS WITH]      9 = BLOWING SNOW
                                                   X = TORNADO
MAX 32 OR BELOW:   0    0.01 INCH OR MORE:  10
MAX 90 OR ABOVE:   0    0.10 INCH OR MORE:   4
MIN 32 OR BELOW:   3    0.50 INCH OR MORE:   2
MIN  0 OR BELOW:   0    1.00 INCH OR MORE:   0

[HDD (BASE 65) ]
TOTAL THIS MO.   283    CLEAR  (SCALE 0-3)   8
DPTR FM NORMAL    11    PTCLDY (SCALE 4-7)  10
TOTAL FM JUL 1   555    CLOUDY (SCALE 8-10)  2
DPTR FM NORMAL   -53

[CDD (BASE 65) ]
TOTAL THIS MO.     0
DPTR FM NORMAL     0    [PRESSURE DATA]
TOTAL FM JAN 1     0    HIGHEST SLP M ON M
DPTR FM NORMAL     0    LOWEST  SLP 29.87 ON 20

[REMARKS]
