923
CXUS55 KABR 281400
CF6MBG
PRELIMINARY LOCAL CLIMATOLOGICAL DATA (WS FORM: F-6)

                                          STATION:   MOBRIDGE SD
                                          MONTH:     APRIL
                                          YEAR:      2016
                                          LATITUDE:   45 32 N
                                          LONGITUDE: 100 25 W

  TEMPERATURE IN F:       :PCPN:    SNOW:  WIND      :SUNSHINE: SKY     :PK WND
================================================================================
1   2   3   4   5  6A  6B    7    8   9   10  11  12  13   14  15   16   17  18
                                     12Z  AVG MX 2MIN
DY MAX MIN AVG DEP HDD CDD  WTR  SNW DPTH SPD SPD DIR MIN PSBL S-S WX    SPD DR
================================================================================

 1  51  28  40   1  25   0    T    T    T 15.5 29 360   M    M   7 1      34 360
 2  71  29  50  10  15   0 0.00  0.0    0  8.9 20 250   M    M   0        26 240
 3  74  31  53  13  12   0 0.00  0.0    0 13.5 35 320   M    M   1        43 310
 4  59  25  42   2  23   0 0.00  0.0    0 13.6 24 130   M    M   0        30 140
 5  67  42  55  14  10   0    T  0.0    0 18.6 36 320   M    M   4        46 320
 6  57  34  46   5  19   0    T  0.0    0 18.0 37 320   M    M   6        45 320
 7  56  28  42   0  23   0 0.00  0.0    0 18.1 36 330   M    M   3        48 330
 8  47  28  38  -4  27   0 0.00  0.0    0 11.7 22 360   M    M   2        29 350
 9  70  28  49   6  16   0 0.00  0.0    0 21.1 39 180   M    M   0        49 180
10  54  29  42  -1  23   0 0.00  0.0    0 16.5 32 350   M    M   2        39 330
11  47  22  35  -9  30   0 0.00  0.0    0  8.8 17 360   M    M   0        21 350
12  72  31  52   8  13   0 0.00  0.0    0 14.0 24  70   M    M   1        32  80
13  76  26  51   7  14   0 0.00  0.0    0  9.0 22 150   M    M   0        26 140
14  80  48  64  19   1   0 0.02  0.0    0 10.9 31 140   M    M   2        38 140
15  71  49  60  15   5   0 0.40  0.0    0 11.7 24 150   M    M   5 13     31 140
16  49  38  44  -2  21   0 0.43  0.0    0 15.9 24 360   M    M  10 1      31 360
17  44  36  40  -6  25   0 0.54  0.0    0 12.3 20  10   M    M  10 1      26 350
18  50  39  45  -1  20   0 1.34  0.0    0 10.7 17 360   M    M  10 1      23  10
19  59  36  48   1  17   0 0.00  0.0    0  7.3 16 150   M    M   6 12     21 150
20  68  44  56   9   9   0 0.00  0.0    0  2.6  8 320   M    M   6        12  20
21  62  41  52   4  13   0 0.00  0.0    0 12.8 24 360   M    M   0        30 360
22  69  34  52   4  13   0 0.00  0.0    0 16.1 25 140   M    M   0        34 140
23  80  53  67  19   0   2 0.00  0.0    0 17.9 28 150   M    M   0        34 150
24  70  47  59  10   6   0 0.21  0.0    0 20.8 32  80   M    M   3 13     41  70
25  47  39  43  -6  22   0 0.03  0.0    0 11.9 18 340   M    M  10 1      23 340
26  50  39  45  -5  20   0 0.00  0.0    0 10.9 18  60   M    M  10 1      23  40
27  46  35  41  -9  24   0 1.30    M    0 13.4 26  50   M    M  10 1      33  50
================================================================================
SM 1646  959       446   2  4.27    T    362.5          M      108
================================================================================
AV 61.0 35.5                              13.4 FASTST   M    M   4    MAX(MPH)
                                 MISC ---->  # 39 180               # 49  180
================================================================================
NOTES:
# LAST OF SEVERAL OCCURRENCES

COLUMN 17 PEAK WIND IN M.P.H.

PRELIMINARY LOCAL CLIMATOLOGICAL DATA (WS FORM: F-6) , PAGE 2

                                          STATION:  MOBRIDGE SD
                                          MONTH:    APRIL
                                          YEAR:     2016
                                          LATITUDE:   45 32 N
                                          LONGITUDE: 100 25 W

[TEMPERATURE DATA]      [PRECIPITATION DATA]       SYMBOLS USED IN COLUMN 16

AVERAGE MONTHLY: 48.2   TOTAL FOR MONTH:   4.27    1 = FOG OR MIST
DPTR FM NORMAL:   3.5   DPTR FM NORMAL:    2.96    2 = FOG REDUCING VISIBILITY
HIGHEST:    80 ON 23,14 GRTST 24HR  1.35 ON 17-18      TO 1/4 MILE OR LESS
LOWEST:     22 ON 11                               3 = THUNDER
                        SNOW, ICE PELLETS, HAIL    4 = ICE PELLETS
                        TOTAL MONTH:    T          5 = HAIL
                        GRTST 24HR    T  ON  1- 1  6 = FREEZING RAIN OR DRIZZLE
                        GRTST DEPTH:   T           7 = DUSTSTORM OR SANDSTORM:
                                                       VSBY 1/2 MILE OR LESS
                                                   8 = SMOKE OR HAZE
[NO. OF DAYS WITH]      [WEATHER - DAYS WITH]      9 = BLOWING SNOW
                                                   X = TORNADO
MAX 32 OR BELOW:   0    0.01 INCH OR MORE:   8
MAX 90 OR ABOVE:   0    0.10 INCH OR MORE:   6
MIN 32 OR BELOW:  11    0.50 INCH OR MORE:   3
MIN  0 OR BELOW:   0    1.00 INCH OR MORE:   2

[HDD (BASE 65) ]
TOTAL THIS MO.   446    CLEAR  (SCALE 0-3)  13
DPTR FM NORMAL  -104    PTCLDY (SCALE 4-7)   8
TOTAL FM JUL 1  6055    CLOUDY (SCALE 8-10)  6
DPTR FM NORMAL -1497

[CDD (BASE 65) ]
TOTAL THIS MO.     2
DPTR FM NORMAL     2    [PRESSURE DATA]
TOTAL FM JAN 1     2    HIGHEST SLP M ON M
DPTR FM NORMAL     2    LOWEST  SLP 29.44 ON 25

[REMARKS]
