000
CXUS53 KDTX 300800
CF6MBS
PRELIMINARY LOCAL CLIMATOLOGICAL DATA (WS FORM: F-6)

                                          STATION:   TRI CITIES MI
                                          MONTH:     APRIL
                                          YEAR:      2017
                                          LATITUDE:   43 31 N
                                          LONGITUDE:  84  5 W

  TEMPERATURE IN F:       :PCPN:    SNOW:  WIND      :SUNSHINE: SKY     :PK WND
================================================================================
1   2   3   4   5  6A  6B    7    8   9   10  11  12  13   14  15   16   17  18
                                     12Z  AVG MX 2MIN
DY MAX MIN AVG DEP HDD CDD  WTR  SNW DPTH SPD SPD DIR MIN PSBL S-S WX    SPD DR
================================================================================

 1  58  30  44   4  21   0 0.00  0.0    0  5.1 13 340   M    M   1        16 350
 2  62  33  48   7  17   0 0.02  0.0    0  7.6 14 230   M    M   2        18 220
 3  58  42  50   9  15   0 0.82  0.0    0 10.6 21 100   M    M   8 1      25 100
 4  49  40  45   4  20   0 0.33  0.0    0 12.0 24 320   M    M   9 1      30 310
 5  44  34  39  -3  26   0 0.20  0.0    0 13.4 32  50   M    M   6 1      42  50
 6  40  34  37  -5  28   0 1.40    T    0 26.3 41  40   M    M  10 1      50  40
 7  53  33  43   0  22   0 0.00  0.0    0 15.9 26 350   M    M   1        33 360
 8  61  30  46   3  19   0 0.00  0.0    0  9.2 18 230   M    M   0        25 220
 9  75  49  62  18   3   0 0.00  0.0    0 14.3 28 220   M    M   3        37 220
10  77  42  60  16   5   0 0.64  0.0    0 16.2 33 230   M    M   4 13     41 220
11  50  39  45   1  20   0 0.00  0.0    0 11.5 22 250   M    M  10 12     29 250
12  58  41  50   5  15   0 0.00  0.0    0  9.9 17 280   M    M   7        22 310
13  49  38  44  -1  21   0 0.02  0.0    0  6.2 14 130   M    M   9        17 120
14  65  37  51   5  14   0 0.00  0.0    0  7.5 16  20   M    M   2        19 100
15  81  47  64  18   1   0 0.29  0.0    0 13.3 32 230   M    M   5 1      44 250
16  71  48  60  14   5   0 0.02  0.0    0 13.6 26 270   M    M   5 1      33 270
17  57  38  48   1  17   0    T  0.0    0  8.2 17  20   M    M   4        20  30
18  66  35  51   4  14   0 0.00  0.0    0 10.9 18 150   M    M   3        23 150
19  73  48  61  13   4   0 0.01  0.0    0 13.4 21  70   M    M   3        26  80
20  53  43  48   0  17   0 1.05  0.0    0 11.4 28 320   M    M   8 13     33 310
21  51  41  46  -2  19   0 0.04  0.0    0 13.1 22 320   M    M  10 1      27 290
22  60  35  48  -1  17   0 0.00  0.0    0  6.1 13  60   M    M   0        16  20
23  71  40  56   7   9   0 0.00  0.0    0 10.6 21  40   M    M   0        24  40
24  63  39  51   1  14   0 0.00  0.0    0  9.5 20  40   M    M   0        23  50
25  72  47  60  10   5   0 0.00  0.0    0  9.5 15 170   M    M   5        18 150
26  81  57  69  19   0   4    T  0.0    0 13.1 25 190   M    M   4        33 170
27  72  46  59   8   6   0 0.02  0.0    0 17.9 32 250   M    M   6 3      41 250
28  62  45  54   3  11   0 0.00  0.0    0 13.4 25 250   M    M   7        36 230
29  53  43  48  -3  17   0 0.04  0.0    0 11.2 20  40   M    M   7        26  60
================================================================================
SM 1785 1174       402   4  4.90    T    340.9          M      139
================================================================================
AV 61.6 40.5                              11.8 FASTST   M    M   5    MAX(MPH)
                                 MISC ---->  # 41  40               # 50   40
================================================================================
NOTES:
# LAST OF SEVERAL OCCURRENCES

COLUMN 17 PEAK WIND IN M.P.H.

PRELIMINARY LOCAL CLIMATOLOGICAL DATA (WS FORM: F-6) , PAGE 2

                                          STATION:  TRI CITIES MI
                                          MONTH:    APRIL
                                          YEAR:     2017
                                          LATITUDE:   43 31 N
                                          LONGITUDE:  84  5 W

[TEMPERATURE DATA]      [PRECIPITATION DATA]       SYMBOLS USED IN COLUMN 16

AVERAGE MONTHLY: 51.0   TOTAL FOR MONTH:   4.90    1 = FOG OR MIST
DPTR FM NORMAL:   5.1   DPTR FM NORMAL:    2.11    2 = FOG REDUCING VISIBILITY
HIGHEST:    81 ON 26,15 GRTST 24HR  1.49 ON  5- 6      TO 1/4 MILE OR LESS
LOWEST:     30 ON  8, 1                            3 = THUNDER
                        SNOW, ICE PELLETS, HAIL    4 = ICE PELLETS
                        TOTAL MONTH:    T          5 = HAIL
                        GRTST 24HR    T  ON  6- 6  6 = FREEZING RAIN OR DRIZZLE
                        GRTST DEPTH:   0           7 = DUSTSTORM OR SANDSTORM:
                                                       VSBY 1/2 MILE OR LESS
                                                   8 = SMOKE OR HAZE
[NO. OF DAYS WITH]      [WEATHER - DAYS WITH]      9 = BLOWING SNOW
                                                   X = TORNADO
MAX 32 OR BELOW:   0    0.01 INCH OR MORE:  14
MAX 90 OR ABOVE:   0    0.10 INCH OR MORE:   7
MIN 32 OR BELOW:   2    0.50 INCH OR MORE:   4
MIN  0 OR BELOW:   0    1.00 INCH OR MORE:   2

[HDD (BASE 65) ]
TOTAL THIS MO.   402    CLEAR  (SCALE 0-3)  11
DPTR FM NORMAL  -157    PTCLDY (SCALE 4-7)  13
TOTAL FM JUL 1  5561    CLOUDY (SCALE 8-10)  5
DPTR FM NORMAL -1066

[CDD (BASE 65) ]
TOTAL THIS MO.     4
DPTR FM NORMAL     4    [PRESSURE DATA]
TOTAL FM JAN 1     4    HIGHEST SLP M ON M
DPTR FM NORMAL     4    LOWEST  SLP 29.27 ON  4

[REMARKS]
