000
CXUS53 KDTX 270800
CF6MBS
PRELIMINARY LOCAL CLIMATOLOGICAL DATA (WS FORM: F-6)

                                          STATION:   TRI CITIES MI
                                          MONTH:     MARCH
                                          YEAR:      2015
                                          LATITUDE:   43 31 N
                                          LONGITUDE:  84  5 W

  TEMPERATURE IN F:       :PCPN:    SNOW:  WIND      :SUNSHINE: SKY     :PK WND
================================================================================
1   2   3   4   5  6A  6B    7    8   9   10  11  12  13   14  15   16   17  18
                                     12Z  AVG MX 2MIN
DY MAX MIN AVG DEP HDD CDD  WTR  SNW DPTH SPD SPD DIR MIN PSBL S-S WX    SPD DR
================================================================================

 1  26  10  18 -10  47   0    T  0.1   10  8.3 20 250   M    M   7 18     22 250
 2  29  13  21  -7  44   0    T    T   10  9.9 25 280   M    M   1 8      33 280
 3  34  22  28  -1  37   0 0.21  2.3   10 12.3 26 270   M    M   9 1268   33 260
 4  30  11  21  -8  44   0 0.00  0.0   12 12.9 23 250   M    M   6        28 270
 5  17   2  10 -20  55   0 0.00  0.0   12  6.8 16 280   M    M   0        22 290
 6  24   3  14 -16  51   0 0.00  0.0   12 13.7 23 220   M    M   4 8      28 210
 7  37  21  29  -1  36   0    T    T   12 10.7 18 230   M    M   9 8      22 230
 8  41  23  32   1  33   0 0.00  0.0   12  9.2 23 220   M    M   4        26 220
 9  46  26  36   5  29   0 0.00  0.0   11 10.0 18 230   M    M   2 12     23 230
10  45  32  39   8  26   0 0.00  0.0    8  9.7 16 220   M    M   3 128    21 230
11  52  32  42  10  23   0 0.00  0.0    6  8.0 17 310   M    M   0 18     23 310
12  48  28  38   6  27   0 0.00  0.0    3  6.6 13 110   M    M   1        14 110
13  57  28  43  11  22   0 0.00  0.0    3  5.4 12 170   M    M   0        14 170
14  44  36  40   7  25   0 0.00  0.0    3 14.7 28 310   M    M   7 128    36 320
15  52  34  43  10  22   0 0.00  0.0    2  9.2 21 320   M    M   5        26 310
16  61  40  51  17  14   0    T    M    1  8.5 22  40   M    M   2 1      26  40
17  44  26  35   1  30   0    T  0.0    T 17.2 32 330   M    M   2        41 330
18  47  24  36   2  29   0 0.00  0.0    T 10.1 24 330   M    M   0        32 300
19  41  24  33  -2  32   0 0.00  0.0    0  6.8 12  50   M    M   1        15  70
20  53  28  41   6  24   0    T  0.0    0  9.1 22 220   M    M   6        25 220
21  46  25  36   0  29   0    T  0.0    0 14.1 23 320   M    M   4 18     27 340
22  38  18  28  -8  37   0 0.00  0.0    0  9.3 18 360   M    M   0        23 360
23  31  20  26 -10  39   0 0.00  0.0    0 10.6 16  90   M    M   1        21  40
24  41  18  30  -7  35   0 0.00  0.0    0  6.0 13  40   M    M   0        14  40
25  46  27  37   0  28   0 0.26    T    0 14.5 29 260   M    M   8 18     37 260
26  41  24  33  -5  32   0 0.00  0.0    0 11.6 22 330   M    M  10        27 320
================================================================================
SM 1071  595       850   0  0.47     2.4 265.2          M       92
================================================================================
AV 41.2 22.9                              10.2 FASTST   M    M   4    MAX(MPH)
                                 MISC ---->  # 32 330               # 41  330
================================================================================
NOTES:
# LAST OF SEVERAL OCCURRENCES

COLUMN 17 PEAK WIND IN M.P.H.

PRELIMINARY LOCAL CLIMATOLOGICAL DATA (WS FORM: F-6) , PAGE 2

                                          STATION:  TRI CITIES MI
                                          MONTH:    MARCH
                                          YEAR:     2015
                                          LATITUDE:   43 31 N
                                          LONGITUDE:  84  5 W

[TEMPERATURE DATA]      [PRECIPITATION DATA]       SYMBOLS USED IN COLUMN 16

AVERAGE MONTHLY: 32.0   TOTAL FOR MONTH:   0.47    1 = FOG OR MIST
DPTR FM NORMAL:  -0.7   DPTR FM NORMAL:   -1.23    2 = FOG REDUCING VISIBILITY
HIGHEST:    61 ON 16    GRTST 24HR  0.26 ON 25-25      TO 1/4 MILE OR LESS
LOWEST:      2 ON  5                               3 = THUNDER
                        SNOW, ICE PELLETS, HAIL    4 = ICE PELLETS
                        TOTAL MONTH:   2.4 INCHES  5 = HAIL
                        GRTST 24HR   2.3 ON   M    6 = FREEZING RAIN OR DRIZZLE
                        GRTST DEPTH:  12 ON  8, 7  7 = DUSTSTORM OR SANDSTORM:
                                                       VSBY 1/2 MILE OR LESS
                                                   8 = SMOKE OR HAZE
[NO. OF DAYS WITH]      [WEATHER - DAYS WITH]      9 = BLOWING SNOW
                                                   X = TORNADO
MAX 32 OR BELOW:   6    0.01 INCH OR MORE:   2
MAX 90 OR ABOVE:   0    0.10 INCH OR MORE:   2
MIN 32 OR BELOW:  23    0.50 INCH OR MORE:   0
MIN  0 OR BELOW:   0    1.00 INCH OR MORE:   0

[HDD (BASE 65) ]
TOTAL THIS MO.   850    CLEAR  (SCALE 0-3)  13
DPTR FM NORMAL    12    PTCLDY (SCALE 4-7)   9
TOTAL FM JUL 1  6211    CLOUDY (SCALE 8-10)  4
DPTR FM NORMAL   274

[CDD (BASE 65) ]
TOTAL THIS MO.     0
DPTR FM NORMAL     0    [PRESSURE DATA]
TOTAL FM JAN 1     0    HIGHEST SLP M ON M
DPTR FM NORMAL     0    LOWEST  SLP 29.56 ON  3

[REMARKS]
