000
CXUS56 KHNX 301146
CF6MCE
PRELIMINARY LOCAL CLIMATOLOGICAL DATA (WS FORM: F-6)

                                          STATION:   MERCED CA AIRPORT
                                          MONTH:     JANUARY
                                          YEAR:      2015
                                          LATITUDE:   37 16 N
                                          LONGITUDE: 120 36 W

  TEMPERATURE IN F:       :PCPN:    SNOW:  WIND      :SUNSHINE: SKY     :PK WND
================================================================================
1   2   3   4   5  6A  6B    7    8   9   10  11  12  13   14  15   16   17  18
                                     12Z  AVG MX 2MIN
DY MAX MIN AVG DEP HDD CDD  WTR  SNW DPTH SPD SPD DIR MIN PSBL S-S WX    SPD DR
================================================================================

 1  51  28  40  -4  25   0 0.00  0.0    0  2.4  8 100   M    M   0 18     10 100
 2  53  28  41  -3  24   0 0.00  0.0    0  1.6  6 340   M    M   0 18      8 350
 3  55  27  41  -3  24   0 0.00  0.0    0  4.0 31 210   M    M   0 8      32 210
 4  57  30  44   0  21   0 0.00  0.0    0  2.6 10 160   M    M   0 18     13 160
 5  59  32  46   2  19   0 0.00  0.0    0  1.2  7  50   M    M   0 18     10 350
 6  63  34  49   5  16   0 0.00  0.0    0  2.2  7 330   M    M   0 18      9 310
 7  66  34  50   6  15   0 0.00  0.0    0  1.3 10 280   M    M   1 128    30 220
 8  66  36  51   7  14   0 0.00  0.0    0  2.3  9 260   M    M   1 128    15 240
 9  63  42  53   9  12   0 0.00  0.0    0  2.0  9 240   M    M   0 18     12 210
10  66  44  55  11  10   0 0.00  0.0    0  2.1  7  10   M    M   3 128    10 220
11  64  40  52   8  13   0 0.00  0.0    0  1.4  9 330   M    M   3 128    10 330
12  63  40  52   8  13   0 0.00  0.0    0  2.6  9 120   M    M   6 128    17 330
13  58  41  50   6  15   0    T  0.0    0  1.7  9 230   M    M   7 128    11 230
14  59  37  48   4  17   0 0.00  0.0    0  3.3  9 260   M    M   6 128    12 260
15  46  42  44  -1  21   0 0.00  0.0    0  3.3 13 130   M    M  10 12     14 120
16  49  42  46   1  19   0 0.00  0.0    0  2.8 12 130   M    M   8 128    14 130
17  52  46  49   4  16   0 0.00  0.0    0  3.1  9 100   M    M  10 128    11  80
18  50  46  48   3  17   0 0.00  0.0    0  2.8  8 140   M    M  10 128    11 140
19  52  46  49   4  16   0 0.00  0.0    0  3.0  8 110   M    M  10 128    11 150
20  52  46  49   4  16   0 0.00  0.0    0  4.1  8 100   M    M  10 18      M  M
21  51  46  49   4  16   0 0.00  0.0    0  5.0 10 140   M    M  10 18     13 140
22  53  39  46   0  19   0 0.00  0.0    0  3.5 10 150   M    M   7 18     23  70
23  48  35  42  -4  23   0 0.00  0.0    0  3.9  8 120   M    M  10 12     11  70
24  47  43  45  -1  20   0 0.00  0.0    0  3.5 10 140   M    M  10 128    13 150
25  46  36  41  -5  24   0 0.00    M    0  2.7 10 130   M    M   9 128    12 160
26  54  33  44  -2  21   0 0.00  0.0    0  2.9 13 130   M    M   5 128    26 210
27  66  46  56  10   9   0 0.02  0.0    0  7.3 16 120   M    M   7 128    33 190
28   M   M   M   M   M   M 0.00  0.0    0  3.2  7 310   M    M   6 128     M  M
29  59   M   M   M   M   M 0.00  0.0    0  1.5  5 240   M    M   8 128     M  M
================================================================================
SM 1568 1039       475   0  0.02     0.0  83.3          M      157
================================================================================
AV 56.0 38.5                               2.9 FASTST   M    M   5    MAX(MPH)
                                 MISC ---->  # 31 210               # 33  190
================================================================================
NOTES:
# LAST OF SEVERAL OCCURRENCES

COLUMN 17 PEAK WIND IN M.P.H.

PRELIMINARY LOCAL CLIMATOLOGICAL DATA (WS FORM: F-6) , PAGE 2

                                          STATION:  MERCED CA AIRPORT
                                          MONTH:    JANUARY
                                          YEAR:     2015
                                          LATITUDE:   37 16 N
                                          LONGITUDE: 120 36 W

[TEMPERATURE DATA]      [PRECIPITATION DATA]       SYMBOLS USED IN COLUMN 16

AVERAGE MONTHLY: 47.2   TOTAL FOR MONTH:   0.02    1 = FOG OR MIST
DPTR FM NORMAL:   2.4   DPTR FM NORMAL:   -2.48    2 = FOG REDUCING VISIBILITY
HIGHEST:    66 ON 27,10 GRTST 24HR  0.02 ON 27-27      TO 1/4 MILE OR LESS
LOWEST:     27 ON  3                               3 = THUNDER
                        SNOW, ICE PELLETS, HAIL    4 = ICE PELLETS
                        TOTAL MONTH:   0.0 INCH    5 = HAIL
                        GRTST 24HR     0.0         6 = FREEZING RAIN OR DRIZZLE
                        GRTST DEPTH:   0           7 = DUSTSTORM OR SANDSTORM:
                                                       VSBY 1/2 MILE OR LESS
                                                   8 = SMOKE OR HAZE
[NO. OF DAYS WITH]      [WEATHER - DAYS WITH]      9 = BLOWING SNOW
                                                   X = TORNADO
MAX 32 OR BELOW:   0    0.01 INCH OR MORE:   1
MAX 90 OR ABOVE:   0    0.10 INCH OR MORE:   0
MIN 32 OR BELOW:   5    0.50 INCH OR MORE:   0
MIN  0 OR BELOW:   0    1.00 INCH OR MORE:   0

[HDD (BASE 65) ]
TOTAL THIS MO.   475    CLEAR  (SCALE 0-3)  10
DPTR FM NORMAL  -109    PTCLDY (SCALE 4-7)  10
TOTAL FM JUL 1  1145    CLOUDY (SCALE 8-10)  9
DPTR FM NORMAL  -558

[CDD (BASE 65) ]
TOTAL THIS MO.     0
DPTR FM NORMAL     0    [PRESSURE DATA]
TOTAL FM JAN 1     0    HIGHEST SLP M ON M
DPTR FM NORMAL     0    LOWEST  SLP 29.94 ON 10

[REMARKS]
