180
CXAK56 PAFG 251447
CF6MCG
PRELIMINARY LOCAL CLIMATOLOGICAL DATA (WS FORM: F-6)

                                          STATION:   MCGRATH AK
                                          MONTH:     MARCH
                                          YEAR:      2017
                                          LATITUDE:   62 57 N
                                          LONGITUDE: 155 36 W

  TEMPERATURE IN F:       :PCPN:    SNOW:  WIND      :SUNSHINE: SKY     :PK WND
================================================================================
1   2   3   4   5  6A  6B    7    8   9   10  11  12  13   14  15   16   17  18
                                     12Z  AVG MX 2MIN
DY MAX MIN AVG DEP HDD CDD  WTR  SNW DPTH SPD SPD DIR MIN PSBL S-S WX    SPD DR
================================================================================

 1  12  -9   2  -4  63   0 0.00  0.0   14 10.1 21  20   M    M   0        26  30
 2  11 -28  -8 -15  73   0 0.00  0.0   14  5.3 21 350   M    M   2 8      28 360
 3  11 -26  -7 -14  72   0 0.00  0.0   14  1.9 12 360   M    M   2        16 360
 4  18  -8   5  -2  60   0    T    T   13  0.8  8 320   M    M   7 8       9 320
 5  11 -15  -2 -10  67   0 0.00  0.0   13  4.0 13 360   M    M   3 8      16  10
 6  10 -29  -9 -17  74   0 0.00  0.0   13  2.0  9  20   M    M   0 8      11  20
 7   6 -28 -11 -19  76   0 0.00  0.0   13  4.9 13  30   M    M   0        15  30
 8  10 -29  -9 -17  74   0 0.00  0.0   13  2.0  7  10   M    M   0        11  10
 9  14 -22  -4 -13  69   0 0.00  0.0   13  1.0  7 360   M    M   1 8      10 350
10  26  -4  11   2  54   0 0.00  0.0   13  0.7  5 260   M    M   5         6 140
11  23 -13   5  -4  60   0 0.00  0.0   13  4.6 15  20   M    M   4        20  30
12  25   3  14   4  51   0 0.00  0.0   13  6.9 20  20   M    M   3        27  20
13  23 -10   7  -3  58   0 0.00  0.0   13  5.9 18  20   M    M   2        24  30
14  16  -9   4  -6  61   0 0.00  0.0   13  6.2 12  10   M    M   1         M  M
15   9  -9   0 -11  65   0 0.00  0.0   13 12.0 24  50   M    M   1        33  20
16  11 -16  -2 -13  67   0 0.00  0.0   13  6.0 17  30   M    M   0        20  30
17  12 -27  -7 -18  72   0 0.00  0.0   13  3.3 10  10   M    M   0        13  30
18  11 -27  -8 -20  73   0 0.00  0.0   13  4.9 16  20   M    M   0        21  20
19  17 -21  -2 -14  67   0 0.00  0.0   13  3.8 10 350   M    M   0        12 350
20  18 -18   0 -13  65   0 0.00  0.0   13  3.8 13  30   M    M   0        16  20
21  20 -15   3 -10  62   0 0.00  0.0   13  6.1 15  30   M    M   0        19  30
22  23 -11   6  -8  59   0 0.00  0.0   13  6.3 17  40   M    M   0        23  40
23  24 -17   4 -10  61   0 0.00  0.0   13  3.1 13 350   M    M   0        16  10
24  24 -11   7  -8  58   0 0.00  0.0   13  6.5 17  20   M    M   0        21  20
================================================================================
SM  385 -399      1561   0    T     T    112.1          M       31
================================================================================
AV 16.0-16.6                               4.7 FASTST   M    M   1    MAX(MPH)
                                 MISC ---->  # 24  50               # 33   20
================================================================================
NOTES:
# LAST OF SEVERAL OCCURRENCES

COLUMN 17 PEAK WIND IN M.P.H.

PRELIMINARY LOCAL CLIMATOLOGICAL DATA (WS FORM: F-6) , PAGE 2

                                          STATION:  MCGRATH AK
                                          MONTH:    MARCH
                                          YEAR:     2017
                                          LATITUDE:   62 57 N
                                          LONGITUDE: 155 36 W

[TEMPERATURE DATA]      [PRECIPITATION DATA]       SYMBOLS USED IN COLUMN 16

AVERAGE MONTHLY: -0.3   TOTAL FOR MONTH:      T    1 = FOG OR MIST
DPTR FM NORMAL: -10.4   DPTR FM NORMAL:   -0.65    2 = FOG REDUCING VISIBILITY
HIGHEST:    26 ON 10    GRTST 24HR    T  ON  4- 4      TO 1/4 MILE OR LESS
LOWEST:    -29 ON  8, 6                            3 = THUNDER
                        SNOW, ICE PELLETS, HAIL    4 = ICE PELLETS
                        TOTAL MONTH:    T          5 = HAIL
                        GRTST 24HR    T  ON  4- 4  6 = FREEZING RAIN OR DRIZZLE
                        GRTST DEPTH:  14 ON  3, 2  7 = DUSTSTORM OR SANDSTORM:
                                                       VSBY 1/2 MILE OR LESS
                                                   8 = SMOKE OR HAZE
[NO. OF DAYS WITH]      [WEATHER - DAYS WITH]      9 = BLOWING SNOW
                                                   X = TORNADO
MAX 32 OR BELOW:  24    0.01 INCH OR MORE:   0
MAX 90 OR ABOVE:   0    0.10 INCH OR MORE:   0
MIN 32 OR BELOW:  24    0.50 INCH OR MORE:   0
MIN  0 OR BELOW:  23    1.00 INCH OR MORE:   0

[HDD (BASE 65) ]
TOTAL THIS MO.  1561    CLEAR  (SCALE 0-3)  21
DPTR FM NORMAL   242    PTCLDY (SCALE 4-7)   3
TOTAL FM JUL 1 11319    CLOUDY (SCALE 8-10)  0
DPTR FM NORMAL  -232

[CDD (BASE 65) ]
TOTAL THIS MO.     0
DPTR FM NORMAL     0    [PRESSURE DATA]
TOTAL FM JAN 1     0    HIGHEST SLP M ON M
DPTR FM NORMAL     0    LOWEST  SLP 29.86 ON 23

[REMARKS]
