000
CXUS52 KFFC 241110
CF6MCN
PRELIMINARY LOCAL CLIMATOLOGICAL DATA (WS FORM: F-6)

                                          STATION:   MACON
                                          MONTH:     MARCH
                                          YEAR:      2017
                                          LATITUDE:   32 42 N
                                          LONGITUDE:  83 39 W

  TEMPERATURE IN F:       :PCPN:    SNOW:  WIND      :SUNSHINE: SKY     :PK WND
================================================================================
1   2   3   4   5  6A  6B    7    8   9   10  11  12  13   14  15   16   17  18
                                     12Z  AVG MX 2MIN
DY MAX MIN AVG DEP HDD CDD  WTR  SNW DPTH SPD SPD DIR MIN PSBL S-S WX    SPD DR
================================================================================

 1  82  61  72  19   0   7 0.30  0.0    0 11.5 28 330   M    M   5 13     39 330
 2  64  42  53  -1  12   0    T    M    0 11.8 24 330   M    M   2        32 340
 3  65  32  49  -5  16   0 0.00  0.0    0  7.7 20 340   M    M   0        27 340
 4  65  30  48  -6  17   0 0.00  0.0    0  3.7 14  90   M    M   0        18  90
 5  70  32  51  -3  14   0 0.00  0.0    0  5.3 14 160   M    M   0        20 110
 6  72  53  63   9   2   0 0.00  0.0    0  9.5 20 140   M    M   6        24 180
 7  76  49  63   8   2   0 0.20    M    0  9.9 23 320   M    M   4 1      32 310
 8  75  46  61   6   4   0    T    M    0  7.2 20 310   M    M   4        26 320
 9  77  36  57   2   8   0 0.00  0.0    0  3.2 13 230   M    M   0        14 230
10  78  52  65   9   0   0 0.08  0.0    0 10.5 28 310   M    M   1 3      39 310
11  67  40  54  -2  11   0    T  0.0    0  3.9 13  10   M    M   4        15  10
12  52  41  47  -9  18   0 0.11  0.0    0 10.1 16  50   M    M  10 1      22 100
13  42  39  41 -15  24   0 0.44  0.0    0  9.1 15  40   M    M  10 1      17  70
14  54  37  46 -10  19   0 0.06  0.0    0 12.4 22 340   M    M  10 1      32 330
15  49  28  39 -18  26   0 0.00  0.0    0  9.6 21 320   M    M   1        29 320
16  59  26  43 -14  22   0 0.00  0.0    0  6.3 14 320   M    M   0        19 320
17  70  30  50  -7  15   0 0.00  0.0    0  3.4 12 260   M    M   0        16 200
18  70  55  63   6   2   0 0.06  0.0    0 10.7 28 270   M    M   7 18     33 270
19  70  42  56  -2   9   0 0.00  0.0    0  7.0 15 360   M    M   0        22 320
20  78  34  56  -2   9   0 0.00  0.0    0  3.4 12 270   M    M   2        15 260
21  87  55  71  13   0   6 0.00  0.0    0  8.5 24  10   M    M   2        27  20
22  82  56  69  11   0   4 0.00  0.0    0  8.1 18  20   M    M   2        22 350
23  66  54  60   2   5   0 0.00  0.0    0 12.1 18  80   M    M   9        24  90
================================================================================
SM 1570  970       235  17  1.25     0.0 184.9          M       79
================================================================================
AV 68.3 42.2                               8.0 FASTST   M    M   3    MAX(MPH)
                                 MISC ---->  # 28 330               # 39  330
================================================================================
NOTES:
# LAST OF SEVERAL OCCURRENCES

COLUMN 17 PEAK WIND IN M.P.H.

PRELIMINARY LOCAL CLIMATOLOGICAL DATA (WS FORM: F-6) , PAGE 2

                                          STATION:  MACON
                                          MONTH:    MARCH
                                          YEAR:     2017
                                          LATITUDE:   32 42 N
                                          LONGITUDE:  83 39 W

[TEMPERATURE DATA]      [PRECIPITATION DATA]       SYMBOLS USED IN COLUMN 16

AVERAGE MONTHLY: 55.2   TOTAL FOR MONTH:   1.25    1 = FOG OR MIST
DPTR FM NORMAL:  -0.7   DPTR FM NORMAL:   -2.17    2 = FOG REDUCING VISIBILITY
HIGHEST:    87 ON 21    GRTST 24HR  0.44 ON 13-13      TO 1/4 MILE OR LESS
LOWEST:     26 ON 16                               3 = THUNDER
                        SNOW, ICE PELLETS, HAIL    4 = ICE PELLETS
                        TOTAL MONTH:   0.0 INCH    5 = HAIL
                        GRTST 24HR     0.0         6 = FREEZING RAIN OR DRIZZLE
                        GRTST DEPTH:   0           7 = DUSTSTORM OR SANDSTORM:
                                                       VSBY 1/2 MILE OR LESS
                                                   8 = SMOKE OR HAZE
[NO. OF DAYS WITH]      [WEATHER - DAYS WITH]      9 = BLOWING SNOW
                                                   X = TORNADO
MAX 32 OR BELOW:   0    0.01 INCH OR MORE:   7
MAX 90 OR ABOVE:   0    0.10 INCH OR MORE:   4
MIN 32 OR BELOW:   6    0.50 INCH OR MORE:   0
MIN  0 OR BELOW:   0    1.00 INCH OR MORE:   0

[HDD (BASE 65) ]
TOTAL THIS MO.   235    CLEAR  (SCALE 0-3)  13
DPTR FM NORMAL    15    PTCLDY (SCALE 4-7)   6
TOTAL FM JUL 1  1422    CLOUDY (SCALE 8-10)  4
DPTR FM NORMAL  -723

[CDD (BASE 65) ]
TOTAL THIS MO.    17
DPTR FM NORMAL     5    [PRESSURE DATA]
TOTAL FM JAN 1    28    HIGHEST SLP M ON M
DPTR FM NORMAL    13    LOWEST  SLP 29.79 ON 14

[REMARKS]
