000
CXUS53 KDMX 180920
CF6MCW
PRELIMINARY LOCAL CLIMATOLOGICAL DATA (WS FORM: F-6)

                                          STATION:   MASON CITY IA
                                          MONTH:     NOVEMBER
                                          YEAR:      2017
                                          LATITUDE:   43  9 N
                                          LONGITUDE:  93 20 W

  TEMPERATURE IN F:       :PCPN:    SNOW:  WIND      :SUNSHINE: SKY     :PK WND
================================================================================
1   2   3   4   5  6A  6B    7    8   9   10  11  12  13   14  15   16   17  18
                                     12Z  AVG MX 2MIN
DY MAX MIN AVG DEP HDD CDD  WTR  SNW DPTH SPD SPD DIR MIN PSBL S-S WX    SPD DR
================================================================================

 1  41  23  32 -10  33   0    T    T    0 11.6 22 150   M    M   8 1      28 150
 2  44  33  39  -2  26   0    T  0.0    0 10.9 22 330   M    M   8 1      26 320
 3  43  24  34  -7  31   0 0.01  0.0    0 10.6 21  10   M    M   5        25  10
 4  43  35  39  -1  26   0 0.08  0.0    0  8.7 18 110   M    M   9 1      22 100
 5  43  23  33  -7  32   0    T  0.0    0 14.8 25 330   M    M  10 12     32 350
 6  33  21  27 -12  38   0 0.00  0.0    0  6.1 14  20   M    M   7        16  10
 7  41  19  30  -9  35   0 0.00  0.0    0  7.1 15  10   M    M   5        18 340
 8  45  18  32  -6  33   0 0.00  0.0    0  9.2 17 240   M    M   2 18     22 240
 9  40  12  26 -12  39   0    T    M    0 16.8 29 330   M    M   4        35 340
10  30  10  20 -17  45   0 0.00  0.0    0 16.2 28 150   M    M   5        34 170
11  36  30  33  -3  32   0 0.00  0.0    0  9.0 24 170   M    M  10 1      30 170
12  44  20  32  -4  33   0 0.00  0.0    0  6.0 13 320   M    M   3 12     16 320
13  42  19  31  -4  34   0    T  0.0    0 11.6 21 180   M    M   5 1      26 170
14  48  37  43   8  22   0 0.03  0.0    0 12.6 20 150   M    M  10 12     25 150
15  50  22  36   2  29   0 0.01  0.0    0 19.7 32 310   M    M   7 1      39 310
16  32  21  27  -6  38   0 0.00  0.0    0 12.7 23 140   M    M   6        30 150
17  40  32  36   3  29   0 0.04  0.0    0 13.8 28 150   M    M  10 12     35 150
================================================================================
SM  695  399       555   0  0.17    T    197.4          M      114
================================================================================
AV 40.9 23.5                              11.6 FASTST   M    M   7    MAX(MPH)
                                 MISC ---->  # 32 310               # 39  310
================================================================================
NOTES:
# LAST OF SEVERAL OCCURRENCES

COLUMN 17 PEAK WIND IN M.P.H.

PRELIMINARY LOCAL CLIMATOLOGICAL DATA (WS FORM: F-6) , PAGE 2

                                          STATION:  MASON CITY IA
                                          MONTH:    NOVEMBER
                                          YEAR:     2017
                                          LATITUDE:   43  9 N
                                          LONGITUDE:  93 20 W

[TEMPERATURE DATA]      [PRECIPITATION DATA]       SYMBOLS USED IN COLUMN 16

AVERAGE MONTHLY: 32.2   TOTAL FOR MONTH:   0.17    1 = FOG OR MIST
DPTR FM NORMAL:  -5.3   DPTR FM NORMAL:   -0.96    2 = FOG REDUCING VISIBILITY
HIGHEST:    50 ON 15    GRTST 24HR  0.09 ON  3- 4      TO 1/4 MILE OR LESS
LOWEST:     10 ON 10                               3 = THUNDER
                        SNOW, ICE PELLETS, HAIL    4 = ICE PELLETS
                        TOTAL MONTH:    T          5 = HAIL
                        GRTST 24HR    T  ON  1- 1  6 = FREEZING RAIN OR DRIZZLE
                        GRTST DEPTH:   0           7 = DUSTSTORM OR SANDSTORM:
                                                       VSBY 1/2 MILE OR LESS
                                                   8 = SMOKE OR HAZE
[NO. OF DAYS WITH]      [WEATHER - DAYS WITH]      9 = BLOWING SNOW
                                                   X = TORNADO
MAX 32 OR BELOW:   2    0.01 INCH OR MORE:   5
MAX 90 OR ABOVE:   0    0.10 INCH OR MORE:   0
MIN 32 OR BELOW:  14    0.50 INCH OR MORE:   0
MIN  0 OR BELOW:   0    1.00 INCH OR MORE:   0

[HDD (BASE 65) ]
TOTAL THIS MO.   555    CLEAR  (SCALE 0-3)   2
DPTR FM NORMAL    86    PTCLDY (SCALE 4-7)   9
TOTAL FM JUL 1  1118    CLOUDY (SCALE 8-10)  6
DPTR FM NORMAL   -89

[CDD (BASE 65) ]
TOTAL THIS MO.     0
DPTR FM NORMAL     0    [PRESSURE DATA]
TOTAL FM JAN 1   603    HIGHEST SLP M ON M
DPTR FM NORMAL   -13    LOWEST  SLP 29.54 ON 17

[REMARKS]
