000
CXUS54 KMAF 241100
CF6MDD
PRELIMINARY LOCAL CLIMATOLOGICAL DATA (WS FORM: F-6)

                                          STATION:   Midland Airpark
                                          MONTH:     APRIL
                                          YEAR:      2017
                                          LATITUDE:   32  2 N
                                          LONGITUDE: 102  6 W

  TEMPERATURE IN F:       :PCPN:    SNOW:  WIND      :SUNSHINE: SKY     :PK WND
================================================================================
1   2   3   4   5  6A  6B    7    8   9   10  11  12  13   14  15   16   17  18
                                     12Z  AVG MX 2MIN
DY MAX MIN AVG DEP HDD CDD  WTR  SNW DPTH SPD SPD DIR MIN PSBL S-S WX    SPD DR
================================================================================

 1  73  52  63   M   2   0 0.00  0.0    0 12.7 21 360   M    M   3        30 360
 2  58  46  52   M  13   0 0.17    M    0 11.9 24 360   M    M   8 3      32 360
 3  82  49  66   M   0   1 0.00  0.0    0 10.4 16 280   M    M   0        28 300
 4  77  46  62   M   3   0 0.00  0.0    0 18.0 32 270   M    M   1 8      40 280
 5  68  41  55   M  10   0 0.00  0.0    0  7.6 15 310   M    M   0        18 350
 6  77  49  63   M   2   0 0.00  0.0    0  8.5 16 190   M    M   0        22 170
 7  81  53  67   M   0   2 0.00  0.0    0 12.8 18 170   M    M   0        25 160
 8  94  59  77   M   0  12 0.00  0.0    0 13.2 18 180   M    M   0        28 220
 9  92  64  78   M   0  13 0.00  0.0    0 14.3 25 240   M    M   0        41 240
10  77  58  68   M   0   3 0.00  0.0    0 10.0 18  70   M    M   1 18     24  50
11  80  58  69   M   0   4 0.00  0.0    0 11.2 16  80   M    M   5        22  80
12  73  57  65   M   0   0 0.18  0.0    0 12.3 21 140   M    M   7 3      27 140
13  78  57  68   M   0   3 0.03  0.0    0 10.0 21 200   M    M   5 1      27 220
14  80  64  72   M   0   7 0.00  0.0    0 15.6 22 150   M    M   5        28 150
15  85  63  74   M   0   9 0.00  0.0    0 12.4 17 150   M    M   2        24 150
16  87  65  76   M   0  11 0.10  0.0    0 10.2 22 140   M    M   2 3      29 140
17  83  58  71   M   0   6 0.00  0.0    0  6.8 12 120   M    M   0 8      16  80
18  88  61  75   M   0  10 0.00  0.0    0  8.4 16 140   M    M   1 1      21 140
19  92  62  77   M   0  12 0.00  0.0    0 10.6 17 170   M    M   0 1      22 170
20  88  65  77   M   0  12 0.00  0.0    0  8.5 17 170   M    M   0        21 180
21  90  62  76   M   0  11 0.00  0.0    0  9.2 24  50   M    M   1        32  60
22  68  50  59   M   6   0 0.00  0.0    0 14.9 29  40   M    M   5        36  40
23  73  45  59   M   6   0 0.00  0.0    0  4.8 13 150   M    M   0         M  M
================================================================================
SM 1844 1284        42 116  0.48     0.0 254.3          M       46
================================================================================
AV 80.2 55.8                              11.1 FASTST   M    M   2    MAX(MPH)
                                 MISC ---->  # 32 270               # 41  240
================================================================================
NOTES:
# LAST OF SEVERAL OCCURRENCES

COLUMN 17 PEAK WIND IN M.P.H.

PRELIMINARY LOCAL CLIMATOLOGICAL DATA (WS FORM: F-6) , PAGE 2

                                          STATION:  Midland Airpark
                                          MONTH:    APRIL
                                          YEAR:     2017
                                          LATITUDE:   32  2 N
                                          LONGITUDE: 102  6 W

[TEMPERATURE DATA]      [PRECIPITATION DATA]       SYMBOLS USED IN COLUMN 16

AVERAGE MONTHLY: 68.0   TOTAL FOR MONTH:   0.48    1 = FOG OR MIST
DPTR FM NORMAL:     M   DPTR FM NORMAL:       M    2 = FOG REDUCING VISIBILITY
HIGHEST:    94 ON  8    GRTST 24HR  0.18 ON 12-12      TO 1/4 MILE OR LESS
LOWEST:     41 ON  5                               3 = THUNDER
                        SNOW, ICE PELLETS, HAIL    4 = ICE PELLETS
                        TOTAL MONTH:   0.0 INCH    5 = HAIL
                        GRTST 24HR     0.0         6 = FREEZING RAIN OR DRIZZLE
                        GRTST DEPTH:   0           7 = DUSTSTORM OR SANDSTORM:
                                                       VSBY 1/2 MILE OR LESS
                                                   8 = SMOKE OR HAZE
[NO. OF DAYS WITH]      [WEATHER - DAYS WITH]      9 = BLOWING SNOW
                                                   X = TORNADO
MAX 32 OR BELOW:   0    0.01 INCH OR MORE:   4
MAX 90 OR ABOVE:   4    0.10 INCH OR MORE:   3
MIN 32 OR BELOW:   0    0.50 INCH OR MORE:   0
MIN  0 OR BELOW:   0    1.00 INCH OR MORE:   0

[HDD (BASE 65) ]
TOTAL THIS MO.    42    CLEAR  (SCALE 0-3)  17
DPTR FM NORMAL     M    PTCLDY (SCALE 4-7)   6
TOTAL FM JUL 1  1535    CLOUDY (SCALE 8-10)  0
DPTR FM NORMAL     M

[CDD (BASE 65) ]
TOTAL THIS MO.   116
DPTR FM NORMAL     M    [PRESSURE DATA]
TOTAL FM JAN 1   263    HIGHEST SLP M ON M
DPTR FM NORMAL     M    LOWEST  SLP M ON M

[REMARKS]
