000
CXUS53 KPAH 290634
CF6MDH
PRELIMINARY LOCAL CLIMATOLOGICAL DATA (WS FORM: F-6)

                                          STATION:   CARBONDALE IL
                                          MONTH:     MAY
                                          YEAR:      2015
                                          LATITUDE:   37 46 N
                                          LONGITUDE:  89 15 W

  TEMPERATURE IN F:       :PCPN:    SNOW:  WIND      :SUNSHINE: SKY     :PK WND
================================================================================
1   2   3   4   5  6A  6B    7    8   9   10  11  12  13   14  15   16   17  18
                                     12Z  AVG MX 2MIN
DY MAX MIN AVG DEP HDD CDD  WTR  SNW DPTH SPD SPD DIR MIN PSBL S-S WX    SPD DR
================================================================================

 1  69  36  53  -9  12   0 0.00  0.0    0  2.4 10 350   M    M   0 1      14  20
 2  75  44  60  -2   5   0 0.00  0.0    0  3.8 13 230   M    M   1        16 190
 3  80  53  67   5   0   2 0.00  0.0    0  7.9 21 200   M    M   1        27 190
 4  85  57  71   9   0   6 0.00  0.0    0  8.7 21 190   M    M   1 8      26 170
 5  85  54  70   7   0   5 0.00  0.0    0  5.2 17 170   M    M   4        22 210
 6  86  57  72   9   0   7 0.00  0.0    0  6.8 17 180   M    M   1        26 160
 7  85  56  71   7   0   6 0.03  0.0    0  8.7 23 220   M    M   1 8      27 210
 8  85  66  76  12   0  11 0.38  0.0    0  9.2 29 230   M    M   3 13     38 220
 9  77  62  70   6   0   5 0.39  0.0    0  6.4 21 190   M    M   5 123    26 200
10  83  65  74  10   0   9 0.21  0.0    0  9.3 30 280   M    M   4 138    44 280
11  73  59  66   1   0   1 0.58  0.0    0  7.9 20 320   M    M   4 13     25 320
12  68  49  59  -6   6   0 0.00  0.0    0  7.2 17 320   M    M   0        24 310
13  73  44  59  -6   6   0 0.00  0.0    0  5.4 13  60   M    M   1 1      16  60
14  74  54  64  -2   1   0 0.02  0.0    0  6.0 15 120   M    M   4        19 180
15  85  59  72   6   0   7 0.21  0.0    0  6.9 29 250   M    M   1 13     42 250
16  75  68  72   6   0   7 0.00  0.0    0  8.7 17 170   M    M   7 1      22 180
17  81  68  75   9   0  10 0.16  0.0    0 10.6 22 200   M    M   6 18     30 210
18  82  63  73   6   0   8 0.10  0.0    0  6.3 13 200   M    M   5 138    16 350
19  69  52  61  -6   4   0 0.00  0.0    0  7.3 15 350   M    M   0        19 350
20  56  48  52 -15  13   0 0.46  0.0    0  7.9 15 360   M    M   7 1      21 360
21  61  45  53 -15  12   0 0.00  0.0    0  8.0 20 340   M    M   6 8      25 340
22  73  43  58 -10   7   0 0.00  0.0    0  4.8 13 220   M    M   0        16 240
23  79  57  68   0   0   3 0.00  0.0    0  6.1 15 120   M    M   3        20 160
24  86  62  74   5   0   9 0.46  0.0    0 12.3 41 200   M    M   3 138    52 200
25  79  69  74   5   0   9 0.05  0.0    0 12.2 20 180   M    M   6 1      24 200
26  77  66  72   3   0   7    T  0.0    0 14.1 24 200   M    M   6        31 210
27  82  64  73   3   0   8 0.13  0.0    0  7.0 17 160   M    M   1 13     22 170
28  84  65  75   5   0  10 0.00  0.0    0  5.6 14 200   M    M   4 1      19 160
================================================================================
SM 2167 1585        66 130  3.18     0.0 212.7          M       85
================================================================================
AV 77.4 56.6                               7.6 FASTST   M    M   3    MAX(MPH)
                                 MISC ---->  # 41 200               # 52  200
================================================================================
NOTES:
# LAST OF SEVERAL OCCURRENCES

COLUMN 17 PEAK WIND IN M.P.H.

PRELIMINARY LOCAL CLIMATOLOGICAL DATA (WS FORM: F-6) , PAGE 2

                                          STATION:  CARBONDALE IL
                                          MONTH:    MAY
                                          YEAR:     2015
                                          LATITUDE:   37 46 N
                                          LONGITUDE:  89 15 W

[TEMPERATURE DATA]      [PRECIPITATION DATA]       SYMBOLS USED IN COLUMN 16

AVERAGE MONTHLY: 67.0   TOTAL FOR MONTH:   3.18    1 = FOG OR MIST
DPTR FM NORMAL:   1.2   DPTR FM NORMAL:   -1.57    2 = FOG REDUCING VISIBILITY
HIGHEST:    86 ON 24, 6 GRTST 24HR  0.78 ON 10-11      TO 1/4 MILE OR LESS
LOWEST:     36 ON  1                               3 = THUNDER
                        SNOW, ICE PELLETS, HAIL    4 = ICE PELLETS
                        TOTAL MONTH:   0.0 INCH    5 = HAIL
                        GRTST 24HR     0.0         6 = FREEZING RAIN OR DRIZZLE
                        GRTST DEPTH:   0           7 = DUSTSTORM OR SANDSTORM:
                                                       VSBY 1/2 MILE OR LESS
                                                   8 = SMOKE OR HAZE
[NO. OF DAYS WITH]      [WEATHER - DAYS WITH]      9 = BLOWING SNOW
                                                   X = TORNADO
MAX 32 OR BELOW:   0    0.01 INCH OR MORE:  13
MAX 90 OR ABOVE:   0    0.10 INCH OR MORE:  10
MIN 32 OR BELOW:   0    0.50 INCH OR MORE:   1
MIN  0 OR BELOW:   0    1.00 INCH OR MORE:   0

[HDD (BASE 65) ]
TOTAL THIS MO.    66    CLEAR  (SCALE 0-3)  15
DPTR FM NORMAL    -4    PTCLDY (SCALE 4-7)  13
TOTAL FM JUL 1  4946    CLOUDY (SCALE 8-10)  0
DPTR FM NORMAL   476

[CDD (BASE 65) ]
TOTAL THIS MO.   130
DPTR FM NORMAL    39    [PRESSURE DATA]
TOTAL FM JAN 1   147    HIGHEST SLP M ON M
DPTR FM NORMAL    30    LOWEST  SLP 29.92 ON 11

[REMARKS]
