000
CXUS54 KJAN 201414
CF6MEI
PRELIMINARY LOCAL CLIMATOLOGICAL DATA (WS FORM: F-6)

                                          STATION:   MERIDIAN
                                          MONTH:     JANUARY
                                          YEAR:      2017
                                          LATITUDE:   32 19 N
                                          LONGITUDE:  88 45 W

  TEMPERATURE IN F:       :PCPN:    SNOW:  WIND      :SUNSHINE: SKY     :PK WND
================================================================================
1   2   3   4   5  6A  6B    7    8   9   10  11  12  13   14  15   16   17  18
                                     12Z  AVG MX 2MIN
DY MAX MIN AVG DEP HDD CDD  WTR  SNW DPTH SPD SPD DIR MIN PSBL S-S WX    SPD DR
================================================================================

 1  70  62  66  21   0   1 1.17  0.0    0  4.4 12 170   M    M  10 1      16 150
 2  67  59  63  18   2   0 1.74  0.0    0  7.5 31 200   M    M   8 13     38 190
 3  72  50  61  16   4   0 0.00  0.0    0  4.9 13 340   M    M   2 1      16 340
 4  57  35  46   1  19   0 0.00  0.0    0  9.5 22 350   M    M   5        26 360
 5  54  32  43  -2  22   0 0.04  0.0    0  4.6 15 360   M    M   8 1      17 360
 6  40  27  34 -11  31   0 0.56  0.8    0 13.9 22 340   M    M  10 16     26 360
 7  36  20  28 -17  37   0 0.00  0.0    T 12.0 22 360   M    M   2        28 360
 8  39  18  29 -15  36   0 0.00  0.0    T  5.8 14  40   M    M   0        17  50
 9  55  21  38  -6  27   0 0.00  0.0    0  4.7 14 170   M    M   6        19 150
10  68  50  59  15   6   0 0.00  0.0    0 12.4 24 170   M    M   8        32 180
11  75  61  68  24   0   3 0.02  0.0    0 12.7 25 190   M    M  10 1      31 190
12  79  56  68  24   0   3 0.00  0.0    0  8.5 17 180   M    M   9 1      21 180
13  79  53  66  22   0   1 0.00  0.0    0  3.4 12 190   M    M   6 1      14 190
14  77  48  63  19   2   0 0.00  0.0    0  0.7 12 200   M    M   1 1      13 190
15  76  46  61  17   4   0 0.00  0.0    0  2.0 14 160   M    M   3 1      20 140
16  78  58  68  24   0   3    T  0.0    0  8.8 21 170   M    M   5        26 180
17  79  61  70  26   0   5 0.00  0.0    0  6.7 21 200   M    M   6        26 190
18  76  61  69  24   0   4 0.00  0.0    0  4.9 13 230   M    M   8 1      15 230
19  70  57  64  19   1   0 1.12  0.0    0  7.3 15 180   M    M   9 13     21 180
================================================================================
SM 1247  875       191  20  4.65     0.8 134.7          M      116
================================================================================
AV 65.6 46.1                               7.1 FASTST   M    M   6    MAX(MPH)
                                 MISC ---->  # 31 200               # 38  190
================================================================================
NOTES:
# LAST OF SEVERAL OCCURRENCES

COLUMN 17 PEAK WIND IN M.P.H.

PRELIMINARY LOCAL CLIMATOLOGICAL DATA (WS FORM: F-6) , PAGE 2

                                          STATION:  MERIDIAN
                                          MONTH:    JANUARY
                                          YEAR:     2017
                                          LATITUDE:   32 19 N
                                          LONGITUDE:  88 45 W

[TEMPERATURE DATA]      [PRECIPITATION DATA]       SYMBOLS USED IN COLUMN 16

AVERAGE MONTHLY: 55.8   TOTAL FOR MONTH:   4.65    1 = FOG OR MIST
DPTR FM NORMAL:  11.4   DPTR FM NORMAL:    1.74    2 = FOG REDUCING VISIBILITY
HIGHEST:    79 ON 17,13 GRTST 24HR  1.90 ON  1- 2      TO 1/4 MILE OR LESS
LOWEST:     18 ON  8                               3 = THUNDER
                        SNOW, ICE PELLETS, HAIL    4 = ICE PELLETS
                        TOTAL MONTH:   0.8 INCH    5 = HAIL
                        GRTST 24HR   0.8 ON   M    6 = FREEZING RAIN OR DRIZZLE
                        GRTST DEPTH:   0           7 = DUSTSTORM OR SANDSTORM:
                                                       VSBY 1/2 MILE OR LESS
                                                   8 = SMOKE OR HAZE
[NO. OF DAYS WITH]      [WEATHER - DAYS WITH]      9 = BLOWING SNOW
                                                   X = TORNADO
MAX 32 OR BELOW:   0    0.01 INCH OR MORE:   6
MAX 90 OR ABOVE:   0    0.10 INCH OR MORE:   4
MIN 32 OR BELOW:   5    0.50 INCH OR MORE:   4
MIN  0 OR BELOW:   0    1.00 INCH OR MORE:   3

[HDD (BASE 65) ]
TOTAL THIS MO.   191    CLEAR  (SCALE 0-3)   5
DPTR FM NORMAL  -200    PTCLDY (SCALE 4-7)   6
TOTAL FM JUL 1   804    CLOUDY (SCALE 8-10)  8
DPTR FM NORMAL  -595

[CDD (BASE 65) ]
TOTAL THIS MO.    20
DPTR FM NORMAL    20    [PRESSURE DATA]
TOTAL FM JAN 1    20    HIGHEST SLP M ON M
DPTR FM NORMAL    20    LOWEST  SLP 29.72 ON M

[REMARKS]
