000
CXUS53 KTOP 010200
CF6MHK
PRELIMINARY LOCAL CLIMATOLOGICAL DATA (WS FORM: F-6)

                                          STATION:   Manhattan KS
                                          MONTH:     OCTOBER
                                          YEAR:      2014
                                          LATITUDE:   39  9 N
                                          LONGITUDE:  96 40 W

  TEMPERATURE IN F:       :PCPN:    SNOW:  WIND      :SUNSHINE: SKY     :PK WND
================================================================================
1   2   3   4   5  6A  6B    7    8   9   10  11  12  13   14  15   16   17  18
                                     12Z  AVG MX 2MIN
DY MAX MIN AVG DEP HDD CDD  WTR  SNW DPTH SPD SPD DIR MIN PSBL S-S WX    SPD DR
================================================================================

 1  83  64  74  13   0   9 1.00    M    M  6.8 23 170   M    M   4 1      35 170
 2  71  50  61   0   4   0 0.02    M    M  5.6 16 350   M    M   5 1      26 350
 3  59  43  51  -9  14   0 0.02    M    M  8.1 20 340   M    M   2        31 340
 4  63  34  49 -11  16   0 0.00    M    M  3.8 12 250   M    M   0        17 290
 5  77  41  59  -1   6   0 0.00    M    M  5.4 18 280   M    M   2        28 290
 6  78  48  63   4   2   0 0.00    M    M  5.5 17 230   M    M   1        23 240
 7  82  51  67   8   0   2 0.00    M    M  3.8 16  20   M    M   0 8      22  20
 8  77  48  63   5   2   0 0.00    M    M  7.4 16  80   M    M   2        21  80
 9  64  56  60   2   5   0 0.64    M    M 10.4 20  40   M    M   9 1      26  50
10  56  42  49  -8  16   0 0.11    M    M  8.8 21  60   M    M   9        30  50
11  63  34  49  -8  16   0 0.00    M    M  1.8  9  90   M    M   0        12  70
12  65  38  52  -5  13   0 0.03    M    M  5.5 16 180   M    M   3 1      20 150
13  60  53  57   1   8   0 0.31    M    M  9.3 21 350   M    M   6 1      38  10
14  69  39  54  -2  11   0 0.00    M    M  7.2 18 360   M    M   0        32  10
15  73  34  54  -1  11   0 0.00    M    M  2.3 10 260   M    M   0        14 250
16  78  41  60   5   5   0 0.00    M    M  2.8 13 230   M    M   0        16 220
17  70  41  56   1   9   0 0.00    M    M  5.3 13 330   M    M   0        19 300
18  62  37  50  -4  15   0 0.00    M    M  2.5  8  60   M    M   0        12  30
19  73  37  55   1  10   0 0.00    M    M  5.0 20 220   M    M   0        24 200
20  77  41  59   5   6   0 0.00    M    M  2.1 12  50   M    M   0 12     15  40
21  79  37  58   5   7   0 0.00    M    M  2.5 12 140   M    M   0 1      18 170
22  80  56  68  15   0   3 0.08    M    M  7.4 25 180   M    M   3 1      31 180
23  76  55  66  14   0   1 0.24    M    M  3.1 10 230   M    M   5 1      13 230
24  82  51  67  15   0   2 0.00    M    M  6.5 17 220   M    M   1 12     22 210
25  88  50  69  17   0   4 0.00    M    M  4.3 13  70   M    M   3 12     15  40
26  89  54  72  21   0   7 0.00    M    M 12.1 31 200   M    M   0 1      46 210
27  73  53  63  12   2   0 0.00    M    M  5.6 16 360   M    M   1        26 360
28  67  37  52   2  13   0    T    M    M  3.2 14 250   M    M   2        20 250
29  67  29  48  -2  17   0 0.00    M    M  3.0 14 160   M    M   0        19 150
30  71  43  57   7   8   0 0.00    M    M  9.4 20 220   M    M   0        26 320
================================================================================
SM 2172 1337       216  28  2.45    M    166.5          M       58
================================================================================
AV 72.4 44.6                               5.6 FASTST   M    M   2    MAX(MPH)
                                 MISC ---->  # 31 200               # 46  210
================================================================================
NOTES:
# LAST OF SEVERAL OCCURRENCES

COLUMN 17 PEAK WIND IN M.P.H.

PRELIMINARY LOCAL CLIMATOLOGICAL DATA (WS FORM: F-6) , PAGE 2

                                          STATION:  Manhattan KS
                                          MONTH:    OCTOBER
                                          YEAR:     2014
                                          LATITUDE:   39  9 N
                                          LONGITUDE:  96 40 W

[TEMPERATURE DATA]      [PRECIPITATION DATA]       SYMBOLS USED IN COLUMN 16

AVERAGE MONTHLY: 58.5   TOTAL FOR MONTH:   2.45    1 = FOG OR MIST
DPTR FM NORMAL:   3.2   DPTR FM NORMAL:    0.29    2 = FOG REDUCING VISIBILITY
HIGHEST:    89 ON 26    GRTST 24HR  1.42 ON 30- 1      TO 1/4 MILE OR LESS
LOWEST:     29 ON 29                               3 = THUNDER
                        SNOW, ICE PELLETS, HAIL    4 = ICE PELLETS
                        TOTAL MONTH:    M          5 = HAIL
                        GRTST 24HR    M  ON   M    6 = FREEZING RAIN OR DRIZZLE
                        GRTST DEPTH:  M  ON   M    7 = DUSTSTORM OR SANDSTORM:
                                                       VSBY 1/2 MILE OR LESS
                                                   8 = SMOKE OR HAZE
[NO. OF DAYS WITH]      [WEATHER - DAYS WITH]      9 = BLOWING SNOW
                                                   X = TORNADO
MAX 32 OR BELOW:   0    0.01 INCH OR MORE:   9
MAX 90 OR ABOVE:   0    0.10 INCH OR MORE:   5
MIN 32 OR BELOW:   1    0.50 INCH OR MORE:   2
MIN  0 OR BELOW:   0    1.00 INCH OR MORE:   1

[HDD (BASE 65) ]
TOTAL THIS MO.   216    CLEAR  (SCALE 0-3)  24
DPTR FM NORMAL   -96    PTCLDY (SCALE 4-7)   4
TOTAL FM JUL 1   273    CLOUDY (SCALE 8-10)  2
DPTR FM NORMAL  -109

[CDD (BASE 65) ]
TOTAL THIS MO.    28
DPTR FM NORMAL     7    [PRESSURE DATA]
TOTAL FM JAN 1  1581    HIGHEST SLP M ON M
DPTR FM NORMAL   223    LOWEST  SLP 29.52 ON 27

[REMARKS]
#FINAL-10-14#
