000
CXUS53 KTOP 280800
CF6MHK
PRELIMINARY LOCAL CLIMATOLOGICAL DATA (WS FORM: F-6)

                                          STATION:   Manhattan KS
                                          MONTH:     JULY
                                          YEAR:      2015
                                          LATITUDE:   39  9 N
                                          LONGITUDE:  96 40 W

  TEMPERATURE IN F:       :PCPN:    SNOW:  WIND      :SUNSHINE: SKY     :PK WND
================================================================================
1   2   3   4   5  6A  6B    7    8   9   10  11  12  13   14  15   16   17  18
                                     12Z  AVG MX 2MIN
DY MAX MIN AVG DEP HDD CDD  WTR  SNW DPTH SPD SPD DIR MIN PSBL S-S WX    SPD DR
================================================================================

 1  96  71  84   6   0  19 0.00    M    M  6.7 15 210   M    M   0        19 210
 2  85  68  77  -1   0  12    T    M    M  5.2 18  30   M    M   9 13     27  20
 3  83  62  73  -5   0   8 0.10    M    M  6.3 15  40   M    M   7 18     18  50
 4  88  58  73  -5   0   8 0.00    M    M  4.2 14 100   M    M   0 1      17 100
 5  98  69  84   6   0  19 0.00    M    M 11.3 22 180   M    M   1        29 170
 6  93  70  82   4   0  17 1.04    M    M  9.6 22  30   M    M   5 138    30 330
 7  74  62  68 -11   0   3 0.00    M    M 10.4 21  40   M    M   3 8      26  40
 8  76  62  69 -10   0   4    T    M    M  4.1 12  70   M    M   4        14  80
 9  81  62  72  -7   0   7 0.00    M    M  2.9 15 150   M    M   2 1      20 160
10  81  66  74  -5   0   9 0.22    M    M  6.7 18 130   M    M   5 1      24 140
11  93  75  84   5   0  19 0.00    M    M 12.0 20 210   M    M   0        27 200
12  96  75  86   7   0  21 0.00    M    M  8.2 16 190   M    M   0        21 180
13 101  73  87   8   0  22 0.00    M    M  6.7 15  60   M    M   0        18  40
14  99  77  88   9   0  23 0.00    M    M  4.1 13 230   M    M   0        17 230
15  88  70  79   0   0  14 0.45    M    M  6.9 22  90   M    M   1 13     32 330
16  97  74  86   7   0  21 0.00    M    M  7.9 18 250   M    M   1 3      29 240
17  96  74  85   6   0  20 0.00    M    M  7.9 21 180   M    M   0        27 210
18  97  77  87   7   0  22 0.01    M    M  6.3 16 210   M    M   2 3      22 210
19  90  73  82   2   0  17 0.87    M    M  4.6 31 240   M    M   4 13     40 230
20  91  72  82   2   0  17 0.13    M    M  5.2 16  90   M    M   2 13     19  90
21  83  64  74  -6   0   9 0.00    M    M  4.3 14  90   M    M   0        17  80
22  85  64  75  -5   0  10 0.00    M    M  4.9 12  80   M    M   3        15 110
23  92  70  81   1   0  16 0.00    M    M  5.7 13 140   M    M   1        18 110
24 102  74  88   8   0  23 0.09    M    M  6.6 15 220   M    M   0 3      19 210
25  91  76  84   4   0  19    T    M    M  7.1 17  30   M    M   1 3      21  40
26  95  76  86   6   0  21 0.18    M    M  3.9 10 160   M    M   2 13     14 200
27  97  76  87   8   0  22    T    M    M  7.0 18 180   M    M   1 3      25 180
================================================================================
SM 2448 1890         0 422  3.09    M    176.7          M       54
================================================================================
AV 90.7 70.0                               6.5 FASTST   M    M   2    MAX(MPH)
                                 MISC ---->  # 31 240               # 40  230
================================================================================
NOTES:
# LAST OF SEVERAL OCCURRENCES

COLUMN 17 PEAK WIND IN M.P.H.

PRELIMINARY LOCAL CLIMATOLOGICAL DATA (WS FORM: F-6) , PAGE 2

                                          STATION:  Manhattan KS
                                          MONTH:    JULY
                                          YEAR:     2015
                                          LATITUDE:   39  9 N
                                          LONGITUDE:  96 40 W

[TEMPERATURE DATA]      [PRECIPITATION DATA]       SYMBOLS USED IN COLUMN 16

AVERAGE MONTHLY: 80.3   TOTAL FOR MONTH:   3.09    1 = FOG OR MIST
DPTR FM NORMAL:   1.2   DPTR FM NORMAL:   -0.42    2 = FOG REDUCING VISIBILITY
HIGHEST:   102 ON 24    GRTST 24HR  1.04 ON  6- 6      TO 1/4 MILE OR LESS
LOWEST:     58 ON  4                               3 = THUNDER
                        SNOW, ICE PELLETS, HAIL    4 = ICE PELLETS
                        TOTAL MONTH:    M          5 = HAIL
                        GRTST 24HR    M  ON   M    6 = FREEZING RAIN OR DRIZZLE
                        GRTST DEPTH:  M  ON   M    7 = DUSTSTORM OR SANDSTORM:
                                                       VSBY 1/2 MILE OR LESS
                                                   8 = SMOKE OR HAZE
[NO. OF DAYS WITH]      [WEATHER - DAYS WITH]      9 = BLOWING SNOW
                                                   X = TORNADO
MAX 32 OR BELOW:   0    0.01 INCH OR MORE:   9
MAX 90 OR ABOVE:  17    0.10 INCH OR MORE:   7
MIN 32 OR BELOW:   0    0.50 INCH OR MORE:   2
MIN  0 OR BELOW:   0    1.00 INCH OR MORE:   1

[HDD (BASE 65) ]
TOTAL THIS MO.     0    CLEAR  (SCALE 0-3)  21
DPTR FM NORMAL     0    PTCLDY (SCALE 4-7)   5
TOTAL FM JUL 1     0    CLOUDY (SCALE 8-10)  1
DPTR FM NORMAL     0

[CDD (BASE 65) ]
TOTAL THIS MO.   422
DPTR FM NORMAL    43    [PRESSURE DATA]
TOTAL FM JAN 1   864    HIGHEST SLP M ON M
DPTR FM NORMAL   115    LOWEST  SLP 29.67 ON 13

[REMARKS]
