000
CXUS56 KMFR 251000
CF6MHS
PRELIMINARY LOCAL CLIMATOLOGICAL DATA (WS FORM: F-6)

                                          STATION:   MT SHASTA CITY CA
                                          MONTH:     SEPTEMBER
                                          YEAR:      2017
                                          LATITUDE:   41 19 N
                                          LONGITUDE: 122 19 W

  TEMPERATURE IN F:       :PCPN:    SNOW:  WIND      :SUNSHINE: SKY     :PK WND
================================================================================
1   2   3   4   5  6A  6B    7    8   9   10  11  12  13   14  15   16   17  18
                                     12Z  AVG MX 2MIN
DY MAX MIN AVG DEP HDD CDD  WTR  SNW DPTH SPD SPD DIR MIN PSBL S-S WX    SPD DR
================================================================================

 1  96  51  74  10   0   9 0.00    M    M  1.5  6  60   M    M   0 8      11 210
 2 101  56  79  16   0  14 0.00    M    M  1.1  7  60   M    M   2 8       9  50
 3  93  57  75  12   0  10 0.00    M    M  2.7  9 330   M    M   9 8      21 310
 4  98  64  81  18   0  16 0.00    M    M  1.0  6  99   M    M   5 8       M  M
 5  95  57  76  13   0  11    T    M    M  1.3  7  70   M    M   3 8      12 140
 6  87  58  73  10   0   8    T    M    M  0.3  6 130   M    M   1 8      11 150
 7  73  55  64   2   1   0 0.27    M    M  1.3  7  80   M    M   5 1      10 140
 8  84  49  67   5   0   2 0.00    M    M  0.9  6 120   M    M   0 1      11 140
 9  85  51  68   6   0   3 0.00    M    M  2.8  7 350   M    M   0 8      14 290
10  86  51  69   7   0   4 0.00    M    M  2.0  9 290   M    M   0        16 300
11  93  54  74  12   0   9 0.00    M    M  1.7  7 300   M    M   0        13 310
12  86  62  74  13   0   9 0.01    M    M  2.4 10 300   M    M   2        21 330
13  87  53  70   9   0   5 0.00    M    M  1.3  8 280   M    M   0        16 280
14  76  49  63   2   2   0 0.00    M    M  1.6 10 300   M    M   2        17 290
15  73  40  57  -4   8   0 0.00    M    M  2.4  8 310   M    M   0        14 290
16  76  41  59  -1   6   0 0.00    M    M  0.6  6  50   M    M   0         8 310
17  77  41  59  -1   6   0    T    M    M  0.4  6 360   M    M   3 8       9 360
18  69  44  57  -3   8   0 0.00    M    M  2.5 12  20   M    M   3        20  10
19  64  38  51  -9  14   0    T    M    M  1.1  7  10   M    M   8        13  10
20  65  43  54  -6  11   0    T    M    M  2.6 12 360   M    M   8        20 320
21  58  38  48 -11  17   0 0.00    M    M  4.6 12  10   M    M   2        22  20
22  63  31  47 -12  18   0 0.00    M    M  1.8  8  90   M    M   3        14 300
23  65  32  49 -10  16   0 0.00    M    M  2.6 10 310   M    M   1        18 300
24  70  34  52  -7  13   0 0.00    M    M  2.2  9 310   M    M   0        17 340
================================================================================
SM 1920 1149       120 100  0.28    M     42.7          M       57
================================================================================
AV 80.0 47.9                               1.8 FASTST   M    M   2    MAX(MPH)
                                 MISC ---->  # 12  20               # 22   20
================================================================================
NOTES:
# LAST OF SEVERAL OCCURRENCES

COLUMN 17 PEAK WIND IN M.P.H.

PRELIMINARY LOCAL CLIMATOLOGICAL DATA (WS FORM: F-6) , PAGE 2

                                          STATION:  MT SHASTA CITY CA
                                          MONTH:    SEPTEMBER
                                          YEAR:     2017
                                          LATITUDE:   41 19 N
                                          LONGITUDE: 122 19 W

[TEMPERATURE DATA]      [PRECIPITATION DATA]       SYMBOLS USED IN COLUMN 16

AVERAGE MONTHLY: 63.9   TOTAL FOR MONTH:   0.28    1 = FOG OR MIST
DPTR FM NORMAL:   2.7   DPTR FM NORMAL:   -0.22    2 = FOG REDUCING VISIBILITY
HIGHEST:   101 ON  2    GRTST 24HR  0.27 ON  7- 7      TO 1/4 MILE OR LESS
LOWEST:     31 ON 22                               3 = THUNDER
                        SNOW, ICE PELLETS, HAIL    4 = ICE PELLETS
                        TOTAL MONTH:    M          5 = HAIL
                        GRTST 24HR    M  ON   M    6 = FREEZING RAIN OR DRIZZLE
                        GRTST DEPTH:  M  ON   M    7 = DUSTSTORM OR SANDSTORM:
                                                       VSBY 1/2 MILE OR LESS
                                                   8 = SMOKE OR HAZE
[NO. OF DAYS WITH]      [WEATHER - DAYS WITH]      9 = BLOWING SNOW
                                                   X = TORNADO
MAX 32 OR BELOW:   0    0.01 INCH OR MORE:   2
MAX 90 OR ABOVE:   6    0.10 INCH OR MORE:   1
MIN 32 OR BELOW:   2    0.50 INCH OR MORE:   0
MIN  0 OR BELOW:   0    1.00 INCH OR MORE:   0

[HDD (BASE 65) ]
TOTAL THIS MO.   120    CLEAR  (SCALE 0-3)  18
DPTR FM NORMAL     5    PTCLDY (SCALE 4-7)   5
TOTAL FM JUL 1   120    CLOUDY (SCALE 8-10)  1
DPTR FM NORMAL   -70

[CDD (BASE 65) ]
TOTAL THIS MO.   100
DPTR FM NORMAL    75    [PRESSURE DATA]
TOTAL FM JAN 1   700    HIGHEST SLP  0.00 ON M
DPTR FM NORMAL   415    LOWEST  SLP  0.00 ON M

[REMARKS]
