000
CXUS56 KMFR 251000
CF6MHS
PRELIMINARY LOCAL CLIMATOLOGICAL DATA (WS FORM: F-6)

                                          STATION:   MT SHASTA CITY CA
                                          MONTH:     MAY
                                          YEAR:      2017
                                          LATITUDE:   41 19 N
                                          LONGITUDE: 122 19 W

  TEMPERATURE IN F:       :PCPN:    SNOW:  WIND      :SUNSHINE: SKY     :PK WND
================================================================================
1   2   3   4   5  6A  6B    7    8   9   10  11  12  13   14  15   16   17  18
                                     12Z  AVG MX 2MIN
DY MAX MIN AVG DEP HDD CDD  WTR  SNW DPTH SPD SPD DIR MIN PSBL S-S WX    SPD DR
================================================================================

 1  76  42  59   8   6   0 0.00    M    M  4.2 14 360   M    M   2        22  20
 2  75  52  64  13   1   0 0.00    M    M  5.4 15 280   M    M   1        29 300
 3  85  48  67  16   0   2 0.00    M    M  1.1 10  60   M    M   0        17  90
 4  83  47  65  14   0   0 0.00    M    M  0.9  7 210   M    M   1 8      14 130
 5  70  37  54   2  11   0    T    M    M  4.9 15 340   M    M   7        29 320
 6  51  36  44  -8  21   0 0.04    M    M  8.3 15 310   M    M   7        30 300
 7  62  36  49  -3  16   0 0.00    M    M  6.4 15 320   M    M   0        26 350
 8  72  42  57   5   8   0 0.00    M    M  4.1 10 310   M    M   0        20 300
 9  79  45  62   9   3   0 0.00    M    M  2.6 12 310   M    M   0        19 300
10  78  41  60   7   5   0 0.00    M    M  2.5  7 130   M    M   1        15 140
11  60  38  49  -4  16   0 0.08    M    M  3.0 10  90   M    M  10 1      20 100
12  55  32  44 -10  21   0    T    M    M  2.1  9  10   M    M   5 8      16  10
13  55  31  43 -11  22   0 0.00    M    M  1.9  8 320   M    M   6        17 340
14  62  35  49  -5  16   0    T    M    M  4.0 12 290   M    M   5        20 300
15  67  36  52  -2  13   0 0.00    M    M  3.1 10 300   M    M   2        17 300
16  54  37  46  -8  19   0 0.05    M    M  2.4 10 320   M    M   7 1      20 310
17  60  34  47  -8  18   0 0.00    M    M  6.2 13 280   M    M   0        23 280
18  71  39  55   0  10   0 0.00    M    M  3.5 10 300   M    M   0        18  40
19  81  40  61   6   4   0 0.00    M    M  2.5  9 350   M    M   0 8      15 360
20  80  48  64   8   1   0 0.00    M    M  4.2 10 310   M    M   0        20  20
21  84  42  63   7   2   0 0.00    M    M  1.6  6  60   M    M   0        12 220
22  89  45  67  11   0   2 0.00    M    M  0.9  6 350   M    M   0         9 290
23  92  49  71  15   0   6 0.00    M    M  0.4  6  60   M    M   0        12 130
24  80  50  65   9   0   0 0.00    M    M  4.8 12 320   M    M   0        23 330
================================================================================
SM 1721  982       213  10  0.17    M     81.0          M       54
================================================================================
AV 71.7 40.9                               3.4 FASTST   M    M   2    MAX(MPH)
                                 MISC ---->  # 15 280               # 30  300
================================================================================
NOTES:
# LAST OF SEVERAL OCCURRENCES

COLUMN 17 PEAK WIND IN M.P.H.

PRELIMINARY LOCAL CLIMATOLOGICAL DATA (WS FORM: F-6) , PAGE 2

                                          STATION:  MT SHASTA CITY CA
                                          MONTH:    MAY
                                          YEAR:     2017
                                          LATITUDE:   41 19 N
                                          LONGITUDE: 122 19 W

[TEMPERATURE DATA]      [PRECIPITATION DATA]       SYMBOLS USED IN COLUMN 16

AVERAGE MONTHLY: 56.3   TOTAL FOR MONTH:   0.17    1 = FOG OR MIST
DPTR FM NORMAL:   2.7   DPTR FM NORMAL:   -1.56    2 = FOG REDUCING VISIBILITY
HIGHEST:    92 ON 23    GRTST 24HR  0.08 ON 11-11      TO 1/4 MILE OR LESS
LOWEST:     31 ON 13                               3 = THUNDER
                        SNOW, ICE PELLETS, HAIL    4 = ICE PELLETS
                        TOTAL MONTH:    M          5 = HAIL
                        GRTST 24HR    M  ON   M    6 = FREEZING RAIN OR DRIZZLE
                        GRTST DEPTH:  M  ON   M    7 = DUSTSTORM OR SANDSTORM:
                                                       VSBY 1/2 MILE OR LESS
                                                   8 = SMOKE OR HAZE
[NO. OF DAYS WITH]      [WEATHER - DAYS WITH]      9 = BLOWING SNOW
                                                   X = TORNADO
MAX 32 OR BELOW:   0    0.01 INCH OR MORE:   3
MAX 90 OR ABOVE:   1    0.10 INCH OR MORE:   0
MIN 32 OR BELOW:   2    0.50 INCH OR MORE:   0
MIN  0 OR BELOW:   0    1.00 INCH OR MORE:   0

[HDD (BASE 65) ]
TOTAL THIS MO.   213    CLEAR  (SCALE 0-3)  17
DPTR FM NORMAL   -65    PTCLDY (SCALE 4-7)   6
TOTAL FM JUL 1  5290    CLOUDY (SCALE 8-10)  1
DPTR FM NORMAL  -203

[CDD (BASE 65) ]
TOTAL THIS MO.    10
DPTR FM NORMAL    10    [PRESSURE DATA]
TOTAL FM JAN 1    10    HIGHEST SLP M ON M
DPTR FM NORMAL    10    LOWEST  SLP  0.00 ON 15

[REMARKS]
