000
CXUS53 KIND 220730
CF6MIE
PRELIMINARY LOCAL CLIMATOLOGICAL DATA (WS FORM: F-6)

                                          STATION:   MUNCIE IN
                                          MONTH:     OCTOBER
                                          YEAR:      2017
                                          LATITUDE:   40 13 N
                                          LONGITUDE:  85 23 W

  TEMPERATURE IN F:       :PCPN:    SNOW:  WIND      :SUNSHINE: SKY     :PK WND
================================================================================
1   2   3   4   5  6A  6B    7    8   9   10  11  12  13   14  15   16   17  18
                                     12Z  AVG MX 2MIN
DY MAX MIN AVG DEP HDD CDD  WTR  SNW DPTH SPD SPD DIR MIN PSBL S-S WX    SPD DR
================================================================================

 1  74  38  56  -3   9   0 0.00    M    M  7.2 16 120   M    M   0        22 130
 2  81  53  67   8   0   2 0.00    M    M  6.8 14 140   M    M   0        29 200
 3  86  62  74  16   0   9 0.00    M    M  8.7 17 220   M    M   4        23 210
 4  80  68  74  16   0   9 0.12    M    M  6.5 15 240   M    M   7 13     21 240
 5  73  67  70  13   0   5 1.87    M    M  4.7 13 230   M    M  10 12     19 230
 6  72  67  70  13   0   5 0.07    M    M  5.1  9 220   M    M   9 1      14 210
 7  85  62  74  17   0   9 0.18    M    M 11.9 24 280   M    M   3 1      37 290
 8  72  53  63   7   2   0 0.17    M    M  5.9 16 270   M    M   5 1      25 250
 9  76  60  68  12   0   3    T    M    M  3.4  9 230   M    M   6 1      15 140
10  73  57  65   9   0   0 0.21    M    M  4.7 13 130   M    M   5 12     17 130
11  69  56  63   8   2   0 0.07    M    M  7.8 16 250   M    M  10 1      23 270
12  65  54  60   5   5   0 0.01    M    M  3.1  8  60   M    M  10 1      12  60
13  75  58  67  12   0   2 0.00    M    M  3.5 12 170   M    M   5        16 140
14  84  58  71  17   0   6 0.00    M    M  8.8 16 190   M    M   2        25 220
15  75  51  63   9   2   0 0.30    M    M 12.2 25 280   M    M   9 18     38 270
16  63  44  54   0  11   0 0.01    M    M  5.4 12 350   M    M   5        17 320
17  68  45  57   4   8   0 0.00    M    M  6.6 15 250   M    M   0        22 220
18  71  40  56   3   9   0 0.00    M    M  6.4 15 190   M    M   0        20 190
19  75  49  62   9   3   0 0.00    M    M  6.0 13 240   M    M   0        17 250
20  79  46  63  11   2   0 0.00    M    M  4.9 13 220   M    M   0 1      24 240
21  77  57  67  15   0   2 0.00    M    M  7.4 14 190   M    M   0        22 230
================================================================================
SM 1573 1145        53  52  3.01    M    137.0          M       90
================================================================================
AV 74.9 54.5                               6.5 FASTST   M    M   4    MAX(MPH)
                                 MISC ---->  # 25 280               # 38  270
================================================================================
NOTES:
# LAST OF SEVERAL OCCURRENCES

COLUMN 17 PEAK WIND IN M.P.H.

PRELIMINARY LOCAL CLIMATOLOGICAL DATA (WS FORM: F-6) , PAGE 2

                                          STATION:  MUNCIE IN
                                          MONTH:    OCTOBER
                                          YEAR:     2017
                                          LATITUDE:   40 13 N
                                          LONGITUDE:  85 23 W

[TEMPERATURE DATA]      [PRECIPITATION DATA]       SYMBOLS USED IN COLUMN 16

AVERAGE MONTHLY: 64.7   TOTAL FOR MONTH:   3.01    1 = FOG OR MIST
DPTR FM NORMAL:   9.3   DPTR FM NORMAL:    1.00    2 = FOG REDUCING VISIBILITY
HIGHEST:    86 ON  3    GRTST 24HR  1.87 ON  5- 5      TO 1/4 MILE OR LESS
LOWEST:     38 ON  1                               3 = THUNDER
                        SNOW, ICE PELLETS, HAIL    4 = ICE PELLETS
                        TOTAL MONTH:    M          5 = HAIL
                        GRTST 24HR    M  ON   M    6 = FREEZING RAIN OR DRIZZLE
                        GRTST DEPTH:  M  ON   M    7 = DUSTSTORM OR SANDSTORM:
                                                       VSBY 1/2 MILE OR LESS
                                                   8 = SMOKE OR HAZE
[NO. OF DAYS WITH]      [WEATHER - DAYS WITH]      9 = BLOWING SNOW
                                                   X = TORNADO
MAX 32 OR BELOW:   0    0.01 INCH OR MORE:  10
MAX 90 OR ABOVE:   0    0.10 INCH OR MORE:   6
MIN 32 OR BELOW:   0    0.50 INCH OR MORE:   1
MIN  0 OR BELOW:   0    1.00 INCH OR MORE:   1

[HDD (BASE 65) ]
TOTAL THIS MO.    53    CLEAR  (SCALE 0-3)   9
DPTR FM NORMAL  -164    PTCLDY (SCALE 4-7)   7
TOTAL FM JUL 1   111    CLOUDY (SCALE 8-10)  5
DPTR FM NORMAL  -207

[CDD (BASE 65) ]
TOTAL THIS MO.    52
DPTR FM NORMAL    39    [PRESSURE DATA]
TOTAL FM JAN 1  1085    HIGHEST SLP M ON M
DPTR FM NORMAL   133    LOWEST  SLP 29.64 ON  7

[REMARKS]
