000
CXUS53 KMKX 200900
CF6MKE
PRELIMINARY LOCAL CLIMATOLOGICAL DATA (WS FORM: F-6)

                                          STATION:   MILWAUKEE WI
                                          MONTH:     JANUARY
                                          YEAR:      2017
                                          LATITUDE:   42 57 N
                                          LONGITUDE:  87 54 W

  TEMPERATURE IN F:       :PCPN:    SNOW:  WIND      :SUNSHINE: SKY     :PK WND
================================================================================
1   2   3   4   5  6A  6B    7    8   9   10  11  12  13   14  15   16   17  18
                                     12Z  AVG MX 2MIN
DY MAX MIN AVG DEP HDD CDD  WTR  SNW DPTH SPD SPD DIR MIN PSBL S-S WX    SPD DR
================================================================================

 1  41  19  30   7  35   0 0.00  0.0    0  6.0 18 220   M    M   3        22 220
 2  41  24  33  10  32   0 0.01  0.0    0  7.9 16 100   M    M   7 128    19 100
 3  39  18  29   6  36   0    T  0.0    0 11.0 28 280   M    M  10 12     37 290
 4  18   5  12 -11  53   0    T    T    0 16.4 31 290   M    M   3        39 280
 5  12   1   7 -15  58   0    T    T    0 13.1 21 290   M    M   6        30 290
 6   8   0   4 -18  61   0 0.00  0.0    0  9.6 17 280   M    M   1        21 300
 7  15   1   8 -14  57   0 0.00  0.0    0 11.7 22 310   M    M   1        29 270
 8  19   3  11 -11  54   0 0.00  0.0    0  9.2 20 190   M    M   4        24 190
 9  31  19  25   3  40   0 0.04  0.7    T 10.1 21 210   M    M  10 18     27 210
10  50  22  36  14  29   0 0.47  0.1    T 18.9 35 250   M    M   9 146    49 250
11  40  21  31   9  34   0 0.02    T    0 12.4 23 260   M    M   9 468    30  10
12  26  18  22   0  43   0 0.01  0.2    0 10.5 20 290   M    M   8 6      29 290
13  26  10  18  -4  47   0    T    T    0  7.0 17 310   M    M   9        24 310
14  36  20  28   6  37   0 0.00  0.0    0  4.5 10 300   M    M   6        15 280
15  38  15  27   5  38   0 0.00  0.0    0  2.8  9 220   M    M   5 8      12 220
16  37  23  30   8  35   0 0.53    T    0  6.4 20  80   M    M  10 1468   24  90
17  40  36  38  16  27   0 0.11  0.0    0  8.3 12 270   M    M  10 1      15 270
18  39  34  37  15  28   0 0.00  0.0    0 10.4 21 230   M    M   9 18     25 220
19  38  33  36  14  29   0 0.08  0.0    0  6.1 14 240   M    M  10 12     19 230
================================================================================
SM  594  322       773   0  1.27     1.0 182.3          M      130
================================================================================
AV 31.3 17.0                               9.6 FASTST   M    M   7    MAX(MPH)
                                 MISC ---->  # 35 250               # 49  250
================================================================================
NOTES:
# LAST OF SEVERAL OCCURRENCES

COLUMN 17 PEAK WIND IN M.P.H.

PRELIMINARY LOCAL CLIMATOLOGICAL DATA (WS FORM: F-6) , PAGE 2

                                          STATION:  MILWAUKEE WI
                                          MONTH:    JANUARY
                                          YEAR:     2017
                                          LATITUDE:   42 57 N
                                          LONGITUDE:  87 54 W

[TEMPERATURE DATA]      [PRECIPITATION DATA]       SYMBOLS USED IN COLUMN 16

AVERAGE MONTHLY: 24.1   TOTAL FOR MONTH:   1.27    1 = FOG OR MIST
DPTR FM NORMAL:   1.9   DPTR FM NORMAL:    0.15    2 = FOG REDUCING VISIBILITY
HIGHEST:    50 ON 10    GRTST 24HR  0.64 ON 16-17      TO 1/4 MILE OR LESS
LOWEST:      0 ON  6                               3 = THUNDER
                        SNOW, ICE PELLETS, HAIL    4 = ICE PELLETS
                        TOTAL MONTH:   1.0 INCH    5 = HAIL
                        GRTST 24HR   0.7 ON   M    6 = FREEZING RAIN OR DRIZZLE
                        GRTST DEPTH:   0           7 = DUSTSTORM OR SANDSTORM:
                                                       VSBY 1/2 MILE OR LESS
                                                   8 = SMOKE OR HAZE
[NO. OF DAYS WITH]      [WEATHER - DAYS WITH]      9 = BLOWING SNOW
                                                   X = TORNADO
MAX 32 OR BELOW:   8    0.01 INCH OR MORE:   8
MAX 90 OR ABOVE:   0    0.10 INCH OR MORE:   3
MIN 32 OR BELOW:  16    0.50 INCH OR MORE:   1
MIN  0 OR BELOW:   1    1.00 INCH OR MORE:   0

[HDD (BASE 65) ]
TOTAL THIS MO.   773    CLEAR  (SCALE 0-3)   3
DPTR FM NORMAL   -39    PTCLDY (SCALE 4-7)   6
TOTAL FM JUL 1  2810    CLOUDY (SCALE 8-10) 10
DPTR FM NORMAL  -562

[CDD (BASE 65) ]
TOTAL THIS MO.     0
DPTR FM NORMAL     0    [PRESSURE DATA]
TOTAL FM JAN 1     0    HIGHEST SLP M ON M
DPTR FM NORMAL     0    LOWEST  SLP 29.16 ON 10

[REMARKS]
