000
CXUS54 KMEG 250640
CF6MKL
PRELIMINARY LOCAL CLIMATOLOGICAL DATA (WS FORM: F-6)

                                          STATION:   JACKSON
                                          MONTH:     MARCH
                                          YEAR:      2017
                                          LATITUDE:   35 35 N
                                          LONGITUDE:  88 55 W

  TEMPERATURE IN F:       :PCPN:    SNOW:  WIND      :SUNSHINE: SKY     :PK WND
================================================================================
1   2   3   4   5  6A  6B    7    8   9   10  11  12  13   14  15   16   17  18
                                     12Z  AVG MX 2MIN
DY MAX MIN AVG DEP HDD CDD  WTR  SNW DPTH SPD SPD DIR MIN PSBL S-S WX    SPD DR
================================================================================

 1  72  45  59  13   6   0 0.80  0.0    0 15.2 31 290   M    M   5 13     41 320
 2  55  31  43  -4  22   0 0.00  0.0    0  5.3 17  10   M    M   0        25 350
 3  53  31  42  -5  23   0 0.00  0.0    0  5.2 14 360   M    M   0        19  20
 4  68  30  49   2  16   0 0.00  0.0    0  6.8 16 240   M    M   0        21 240
 5  56  50  53   5  12   0 0.06  0.0    0  7.9 17 250   M    M   7 18     22 170
 6  71  52  62  14   3   0 0.11  0.0    0 13.6 23 190   M    M   9 1      33 200
 7  66  39  53   5  12   0 1.04  0.0    0  9.9 22 180   M    M   5 13     37 190
 8  68  31  50   1  15   0 0.00  0.0    0  4.5 14 230   M    M   0        17 230
 9  78  36  57   8   8   0 2.04  0.0    0  8.3 36 350   M    M   4 138    46 350
10  59  40  50   1  15   0 0.16  0.0    0 13.4 24 350   M    M   1 13     30 340
11  41  32  37 -13  28   0 0.23    M    M  9.1 16  60   M    M   8 14     20  50
12  51  27  39 -11  26   0 0.00  0.0    0  5.4 14  60   M    M   1        19  80
13  44  29  37 -13  28   0 0.16    M    M  6.1 16 320   M    M   7 1      21 320
14  40  30  35 -15  30   0 0.00  0.0    0 13.8 20 340   M    M   8 1      25 340
15  40  24  32 -19  33   0 0.00  0.0    0  6.9 15 360   M    M   1        17 360
16  52  24  38 -13  27   0 0.00  0.0    0  4.5 13 210   M    M   9        17 210
17  69  46  58   7   7   0 1.72  0.0    0 11.5 22 210   M    M  10 13     31 210
18  67  46  57   5   8   0    T  0.0    0  6.9 21 330   M    M   4 13     26 330
19  62  39  51  -1  14   0 0.00  0.0    0  3.6 14 100   M    M   3        18 100
20  85  48  67  15   0   2 0.00  0.0    0 10.5 24 240   M    M   2        33 210
21  76  56  66  14   0   1 0.00  0.0    0  8.5 25 350   M    M   5 8      31 350
22  63  48  56   3   9   0 0.20  0.0    0 10.2 23  40   M    M   5 1      31  20
23  77  44  61   8   4   0 0.00  0.0    0  6.0 15 170   M    M   2        22 170
24  75  63  69  16   0   4 0.00  0.0    0 12.0 21 200   M    M   3        29 170
================================================================================
SM 1488  941       346   7  6.52     0.0 205.1          M       99
================================================================================
AV 62.0 39.2                               8.5 FASTST   M    M   4    MAX(MPH)
                                 MISC ---->  # 36 350               # 46  350
================================================================================
NOTES:
# LAST OF SEVERAL OCCURRENCES

COLUMN 17 PEAK WIND IN M.P.H.

PRELIMINARY LOCAL CLIMATOLOGICAL DATA (WS FORM: F-6) , PAGE 2

                                          STATION:  JACKSON
                                          MONTH:    MARCH
                                          YEAR:     2017
                                          LATITUDE:   35 35 N
                                          LONGITUDE:  88 55 W

[TEMPERATURE DATA]      [PRECIPITATION DATA]       SYMBOLS USED IN COLUMN 16

AVERAGE MONTHLY: 50.6   TOTAL FOR MONTH:   6.52    1 = FOG OR MIST
DPTR FM NORMAL:   0.7   DPTR FM NORMAL:    2.93    2 = FOG REDUCING VISIBILITY
HIGHEST:    85 ON 20    GRTST 24HR  2.04 ON  9- 9      TO 1/4 MILE OR LESS
LOWEST:     24 ON 16,15                            3 = THUNDER
                        SNOW, ICE PELLETS, HAIL    4 = ICE PELLETS
                        TOTAL MONTH:   0.0 INCH    5 = HAIL
                        GRTST 24HR     0.0         6 = FREEZING RAIN OR DRIZZLE
                        GRTST DEPTH:   0           7 = DUSTSTORM OR SANDSTORM:
                                                       VSBY 1/2 MILE OR LESS
                                                   8 = SMOKE OR HAZE
[NO. OF DAYS WITH]      [WEATHER - DAYS WITH]      9 = BLOWING SNOW
                                                   X = TORNADO
MAX 32 OR BELOW:   0    0.01 INCH OR MORE:  10
MAX 90 OR ABOVE:   0    0.10 INCH OR MORE:   9
MIN 32 OR BELOW:  10    0.50 INCH OR MORE:   4
MIN  0 OR BELOW:   0    1.00 INCH OR MORE:   3

[HDD (BASE 65) ]
TOTAL THIS MO.   346    CLEAR  (SCALE 0-3)   9
DPTR FM NORMAL   -21    PTCLDY (SCALE 4-7)  12
TOTAL FM JUL 1  2386    CLOUDY (SCALE 8-10)  3
DPTR FM NORMAL  -865

[CDD (BASE 65) ]
TOTAL THIS MO.     7
DPTR FM NORMAL     7    [PRESSURE DATA]
TOTAL FM JAN 1     9    HIGHEST SLP M ON M
DPTR FM NORMAL     8    LOWEST  SLP 29.74 ON  1

[REMARKS]
