878
CXUS54 KTSA 250940
CF6MKO
PRELIMINARY LOCAL CLIMATOLOGICAL DATA (WS FORM: F-6)

                                          STATION:   MUSKOGEE OKLAHOMA
                                          MONTH:     FEBRUARY
                                          YEAR:      2017
                                          LATITUDE:   35 40 N
                                          LONGITUDE:  95 22 W

  TEMPERATURE IN F:       :PCPN:    SNOW:  WIND      :SUNSHINE: SKY     :PK WND
================================================================================
1   2   3   4   5  6A  6B    7    8   9   10  11  12  13   14  15   16   17  18
                                     12Z  AVG MX 2MIN
DY MAX MIN AVG DEP HDD CDD  WTR  SNW DPTH SPD SPD DIR MIN PSBL S-S WX    SPD DR
================================================================================

 1  65  34  50  10  15   0 0.00  0.0    0 12.2 25  20   M    M   0        30  20
 2  43  36  40   0  25   0 0.00  0.0    0 15.7 25  10   M    M   9        33  20
 3  46  29  38  -2  27   0 0.00  0.0    0  9.9 16  40   M    M   4        22 350
 4  46  27  37  -3  28   0 0.00  0.0    0  9.6 20 170   M    M   6        26 150
 5  64  30  47   7  18   0 0.00  0.0    0  7.3 14 180   M    M   5        18 160
 6  75  55  65  25   0   0 0.00  0.0    0 14.7 30 200   M    M   6        40 180
 7  75  48  62  21   3   0 0.00  0.0    0  7.1 22 200   M    M   0 8      29 190
 8  51  30  41   0  24   0 0.00  0.0    0 14.8 30 350   M    M   0 18     36  10
 9  52  22  37  -4  28   0 0.00  0.0    0  7.2 14 150   M    M   0        16  20
10  73  38  56  15   9   0 0.00  0.0    0 14.3 27 180   M    M   0        37 180
11  86  38  62  20   3   0 0.00  0.0    0 15.9 28 190   M    M   0        37 180
12  71  45  58  16   7   0 0.00  0.0    0 15.5 29  10   M    M   0 1      35 360
13  56  42  49   7  16   0 0.26  0.0    0  8.1 21 120   M    M   8 18     23 120
14  45  42  44   2  21   0 1.50  0.0    0 10.4 22 360   M    M  10 1      28 350
15  54  34  44   1  21   0 0.00  0.0    0  8.4 21 360   M    M   1        24 350
16  66  29  48   5  17   0 0.00  0.0    0  8.8 18 200   M    M   0        24 210
17  69  41  55  12  10   0    T  0.0    0  9.2 23 220   M    M   3        29 220
18  65  45  55  12  10   0 0.00  0.0    0  5.1 13 170   M    M   5 1      16 170
19  75  44  60  16   5   0 0.00  0.0    0  9.9 18 120   M    M   6 1      24 130
20  66  53  60  16   5   0 0.59  0.0    0  9.2 21 210   M    M   6 13     28 210
21  72  48  60  16   5   0 0.00  0.0    0  7.2 21 340   M    M   5 12     25 340
22  81  43  62  17   3   0 0.00  0.0    0  6.5 13 190   M    M   1 12     18 170
23  87  57  72  27   0   7 0.00  0.0    0 14.3 28 190   M    M   0        36 190
24  74  31  53   8  12   0    T    M    0 16.1 24 320   M    M   3        35 260
================================================================================
SM 1557  941       312   7  2.35     0.0 257.4          M       78
================================================================================
AV 64.9 39.2                              10.7 FASTST   M    M   3    MAX(MPH)
                                 MISC ---->  # 30 200               # 40  180
================================================================================
NOTES:
# LAST OF SEVERAL OCCURRENCES

COLUMN 17 PEAK WIND IN M.P.H.

PRELIMINARY LOCAL CLIMATOLOGICAL DATA (WS FORM: F-6) , PAGE 2

                                          STATION:  MUSKOGEE OKLAHOMA
                                          MONTH:    FEBRUARY
                                          YEAR:     2017
                                          LATITUDE:   35 40 N
                                          LONGITUDE:  95 22 W

[TEMPERATURE DATA]      [PRECIPITATION DATA]       SYMBOLS USED IN COLUMN 16

AVERAGE MONTHLY: 52.0   TOTAL FOR MONTH:   2.35    1 = FOG OR MIST
DPTR FM NORMAL:   9.9   DPTR FM NORMAL:    0.16    2 = FOG REDUCING VISIBILITY
HIGHEST:    87 ON 23    GRTST 24HR  1.76 ON 13-14      TO 1/4 MILE OR LESS
LOWEST:     22 ON  9                               3 = THUNDER
                        SNOW, ICE PELLETS, HAIL    4 = ICE PELLETS
                        TOTAL MONTH:   0.0 INCH    5 = HAIL
                        GRTST 24HR     0.0         6 = FREEZING RAIN OR DRIZZLE
                        GRTST DEPTH:   0           7 = DUSTSTORM OR SANDSTORM:
                                                       VSBY 1/2 MILE OR LESS
                                                   8 = SMOKE OR HAZE
[NO. OF DAYS WITH]      [WEATHER - DAYS WITH]      9 = BLOWING SNOW
                                                   X = TORNADO
MAX 32 OR BELOW:   0    0.01 INCH OR MORE:   3
MAX 90 OR ABOVE:   0    0.10 INCH OR MORE:   3
MIN 32 OR BELOW:   7    0.50 INCH OR MORE:   2
MIN  0 OR BELOW:   0    1.00 INCH OR MORE:   1

[HDD (BASE 65) ]
TOTAL THIS MO.   312    CLEAR  (SCALE 0-3)  13
DPTR FM NORMAL  -238    PTCLDY (SCALE 4-7)   8
TOTAL FM JUL 1  2092    CLOUDY (SCALE 8-10)  3
DPTR FM NORMAL  -690

[CDD (BASE 65) ]
TOTAL THIS MO.     7
DPTR FM NORMAL     7    [PRESSURE DATA]
TOTAL FM JAN 1     7    HIGHEST SLP M ON M
DPTR FM NORMAL     7    LOWEST  SLP 29.39 ON 23

[REMARKS]
