000
CXUS54 KTSA 290840
CF6MKO
PRELIMINARY LOCAL CLIMATOLOGICAL DATA (WS FORM: F-6)

                                          STATION:   MUSKOGEE OKLAHOMA
                                          MONTH:     JULY
                                          YEAR:      2014
                                          LATITUDE:   35 40 N
                                          LONGITUDE:  95 22 W

  TEMPERATURE IN F:       :PCPN:    SNOW:  WIND      :SUNSHINE: SKY     :PK WND
================================================================================
1   2   3   4   5  6A  6B    7    8   9   10  11  12  13   14  15   16   17  18
                                     12Z  AVG MX 2MIN
DY MAX MIN AVG DEP HDD CDD  WTR  SNW DPTH SPD SPD DIR MIN PSBL S-S WX    SPD DR
================================================================================

 1  91  72  82   2   0  17 0.00  0.0    0  7.7 21 200   M    M   2 3      29 200
 2  86  65  76  -4   0  11 0.00  0.0    0  6.2 18  20   M    M   2        22 360
 3  84  59  72  -8   0   7 0.00  0.0    0  4.9 13  30   M    M   1        16  30
 4  87  61  74  -6   0   9 0.00  0.0    0  5.8 13 140   M    M   1 1      16 140
 5  88  67  78  -2   0  13 0.00  0.0    0  8.7 16 180   M    M   1        22 170
 6  91  68  80   0   0  15 0.00  0.0    0  9.3 17 180   M    M   0        23 190
 7  94  73  84   4   0  19 0.00  0.0    0  9.8 17 170   M    M   0        23 200
 8  94  77  86   6   0  21 0.00  0.0    0  9.1 17  20   M    M   1 3      25 220
 9  88  69  79  -2   0  14 0.00  0.0    0  4.5 10 200   M    M   2 13     14 210
10  76  68  72  -9   0   7 0.73  0.0    0  9.1 23 330   M    M   3 13     35 330
11  91  69  80  -1   0  15 0.00  0.0    0  8.4 18 200   M    M   2        23 180
12  92  69  81   0   0  16 0.00  0.0    0  7.5 16 190   M    M   0        21 210
13  95  70  83   2   0  18 0.00  0.0    0  8.3 16 200   M    M   1        22 220
14  93  71  82   1   0  17    T  0.0    0  5.6 16  30   M    M   1        22  30
15  80  59  70 -11   0   5 0.00  0.0    0  8.1 17  30   M    M   1        24  40
16  77  56  67 -14   0   2 0.40  0.0    0  2.3  8  20   M    M   4 1      10  10
17  68  61  65 -16   0   0 0.39  0.0    0  8.9 16 110   M    M  10 1      19 110
18  71  59  65 -17   0   0 0.00  0.0    0  3.8 10 110   M    M   8 12     14 120
19  79  56  68 -14   0   3 0.00  0.0    0  2.6  9 150   M    M   7 12     11 150
20  84  60  72 -10   0   7 0.00  0.0    0  7.6 14 140   M    M   2 12     19 140
21  90  66  78  -4   0  13 0.00  0.0    0  6.8 12 150   M    M   1        16 160
22  93  70  82   0   0  17 0.00  0.0    0  4.5 10 240   M    M   0 1      13 200
23  93  66  80  -2   0  15 0.56  0.0    0  6.1 43  20   M    M   0 138    57  20
24  86  64  75  -7   0  10 0.00  0.0    0  5.7 14 130   M    M   3 12     18 140
25  91  70  81  -1   0  16 0.00  0.0    0  9.8 17 190   M    M   1 18     24 180
26  95  74  85   3   0  20 0.00  0.0    0  9.2 17 180   M    M   0 1      23 200
27  94  73  84   2   0  19 0.00  0.0    0  7.8 17 360   M    M   0        22 360
28  86  66  76  -6   0  11 0.00  0.0    0  6.6 16 360   M    M   0        20 360
================================================================================
SM 2437 1858         0 337  2.08     0.0 194.7          M       54
================================================================================
AV 87.0 66.4                               7.0 FASTST   M    M   2    MAX(MPH)
                                 MISC ---->  # 43  20               # 57   20
================================================================================
NOTES:
# LAST OF SEVERAL OCCURRENCES

COLUMN 17 PEAK WIND IN M.P.H.

PRELIMINARY LOCAL CLIMATOLOGICAL DATA (WS FORM: F-6) , PAGE 2

                                          STATION:  MUSKOGEE OKLAHOMA
                                          MONTH:    JULY
                                          YEAR:     2014
                                          LATITUDE:   35 40 N
                                          LONGITUDE:  95 22 W

[TEMPERATURE DATA]      [PRECIPITATION DATA]       SYMBOLS USED IN COLUMN 16

AVERAGE MONTHLY: 76.7   TOTAL FOR MONTH:   2.08    1 = FOG OR MIST
DPTR FM NORMAL:  -4.4   DPTR FM NORMAL:   -1.09    2 = FOG REDUCING VISIBILITY
HIGHEST:    95 ON 26,13 GRTST 24HR  0.79 ON 16-17      TO 1/4 MILE OR LESS
LOWEST:     56 ON 19,16                            3 = THUNDER
                        SNOW, ICE PELLETS, HAIL    4 = ICE PELLETS
                        TOTAL MONTH:   0.0 INCH    5 = HAIL
                        GRTST 24HR     0.0         6 = FREEZING RAIN OR DRIZZLE
                        GRTST DEPTH:   0           7 = DUSTSTORM OR SANDSTORM:
                                                       VSBY 1/2 MILE OR LESS
                                                   8 = SMOKE OR HAZE
[NO. OF DAYS WITH]      [WEATHER - DAYS WITH]      9 = BLOWING SNOW
                                                   X = TORNADO
MAX 32 OR BELOW:   0    0.01 INCH OR MORE:   4
MAX 90 OR ABOVE:  14    0.10 INCH OR MORE:   4
MIN 32 OR BELOW:   0    0.50 INCH OR MORE:   2
MIN  0 OR BELOW:   0    1.00 INCH OR MORE:   0

[HDD (BASE 65) ]
TOTAL THIS MO.     0    CLEAR  (SCALE 0-3)  23
DPTR FM NORMAL     0    PTCLDY (SCALE 4-7)   3
TOTAL FM JUL 1     0    CLOUDY (SCALE 8-10)  2
DPTR FM NORMAL     0

[CDD (BASE 65) ]
TOTAL THIS MO.   337
DPTR FM NORMAL  -113    [PRESSURE DATA]
TOTAL FM JAN 1   934    HIGHEST SLP M ON M
DPTR FM NORMAL   -47    LOWEST  SLP 29.81 ON  7

[REMARKS]
