878
CXUS53 KMPX 220700
CF6MKT
PRELIMINARY LOCAL CLIMATOLOGICAL DATA (WS FORM: F-6)

                                          STATION:   MANKATO MN
                                          MONTH:     OCTOBER
                                          YEAR:      2017
                                          LATITUDE:   44 13 N
                                          LONGITUDE:  93 55 W

  TEMPERATURE IN F:       :PCPN:    SNOW:  WIND      :SUNSHINE: SKY     :PK WND
================================================================================
1   2   3   4   5  6A  6B    7    8   9   10  11  12  13   14  15   16   17  18
                                     12Z  AVG MX 2MIN
DY MAX MIN AVG DEP HDD CDD  WTR  SNW DPTH SPD SPD DIR MIN PSBL S-S WX    SPD DR
================================================================================

 1  63  53  58   3   7   0 0.24    M    M 15.9 20 140   M    M   9 13     30 140
 2  68  55  62   8   3   0 1.09    M    M  6.5  9 180   M    M   7 13      M  M
 3  72  48  60   6   5   0 0.11    M    M  8.8 23 210   M    M   6 1      38 210
 4  61  43  52  -1  13   0 0.00    M    M  7.1 14 270   M    M   0        17 300
 5  63  48  56   3   9   0 0.15    M    M  5.5 12 120   M    M  10 13      M  M
 6  56  51  54   2  11   0 0.97    M    M  6.8 13  50   M    M  10 123     M  M
 7  67  53  60   8   5   0 0.18    M    M 10.2 15 280   M    M   5 1       M  M
 8  71  49  60   8   5   0 0.00    M    M  9.0 15 350   M    M   0        16 250
 9  55  36  46  -5  19   0 0.03    M    M 10.1 20 310   M    M   5        25 310
10  48  33  41 -10  24   0 0.00    M    M  5.6 12  20   M    M   3         M  M
11  56  34  45  -5  20   0 0.00    M    M  6.3 13 160   M    M   5 8       M  M
12  65  51  58   8   7   0 0.00    M    M 11.4 15 160   M    M   5        23 180
13  60  41  51   1  14   0    T    M    M  6.4 13  30   M    M   1         M  M
14  55  44  50   1  15   0 0.13    M    M  9.0 13  90   M    M   7 18     35 340
15  54  38  46  -3  19   0 0.01    M    M  9.6 21 330   M    M   7 1      32 330
16  69  33  51   3  14   0 0.00    M    M  7.7 16 210   M    M   0        23 210
17  76  42  59  11   6   0 0.00    M    M  6.6 10 240   M    M   0         M  M
18  72  46  59  11   6   0 0.00    M    M 10.0 17 270   M    M   0        23 190
19  73  38  56   9   9   0 0.00    M    M  8.9 16 180   M    M   0        27 180
20  78  54  66  19   0   1    M    M    M 14.2 22 180   M    M   0        33 180
21   M   M   M   M   M   M    M    M    M   M   M   M   M    M   M         M  M
================================================================================
SM 1282  890       211   1  2.91    M    175.6          M       80
================================================================================
AV 64.1 44.5                               8.8 FASTST   M    M   4    MAX(MPH)
                                 MISC ---->  # 23 210               # 38  210
================================================================================
NOTES:
# LAST OF SEVERAL OCCURRENCES

COLUMN 17 PEAK WIND IN M.P.H.

PRELIMINARY LOCAL CLIMATOLOGICAL DATA (WS FORM: F-6) , PAGE 2

                                          STATION:  MANKATO MN
                                          MONTH:    OCTOBER
                                          YEAR:     2017
                                          LATITUDE:   44 13 N
                                          LONGITUDE:  93 55 W

[TEMPERATURE DATA]      [PRECIPITATION DATA]       SYMBOLS USED IN COLUMN 16

AVERAGE MONTHLY: 54.3   TOTAL FOR MONTH:   2.91    1 = FOG OR MIST
DPTR FM NORMAL:   3.9   DPTR FM NORMAL:    1.15    2 = FOG REDUCING VISIBILITY
HIGHEST:    78 ON 20    GRTST 24HR  1.09 ON  2- 2      TO 1/4 MILE OR LESS
LOWEST:     33 ON 16,10                            3 = THUNDER
                        SNOW, ICE PELLETS, HAIL    4 = ICE PELLETS
                        TOTAL MONTH:    M          5 = HAIL
                        GRTST 24HR    M  ON   M    6 = FREEZING RAIN OR DRIZZLE
                        GRTST DEPTH:  M  ON   M    7 = DUSTSTORM OR SANDSTORM:
                                                       VSBY 1/2 MILE OR LESS
                                                   8 = SMOKE OR HAZE
[NO. OF DAYS WITH]      [WEATHER - DAYS WITH]      9 = BLOWING SNOW
                                                   X = TORNADO
MAX 32 OR BELOW:   0    0.01 INCH OR MORE:   9
MAX 90 OR ABOVE:   0    0.10 INCH OR MORE:   7
MIN 32 OR BELOW:   0    0.50 INCH OR MORE:   2
MIN  0 OR BELOW:   0    1.00 INCH OR MORE:   1

[HDD (BASE 65) ]
TOTAL THIS MO.   211    CLEAR  (SCALE 0-3)   8
DPTR FM NORMAL  -100    PTCLDY (SCALE 4-7)   9
TOTAL FM JUL 1   312    CLOUDY (SCALE 8-10)  3
DPTR FM NORMAL  -205

[CDD (BASE 65) ]
TOTAL THIS MO.     1
DPTR FM NORMAL    -2    [PRESSURE DATA]
TOTAL FM JAN 1   620    HIGHEST SLP M ON M
DPTR FM NORMAL   -30    LOWEST  SLP M ON M

[REMARKS]
