000
CXUS55 KBYZ 251055
CF6MLS
PRELIMINARY LOCAL CLIMATOLOGICAL DATA (WS FORM: F-6)

                                          STATION:   MILES CITY MT
                                          MONTH:     AUGUST
                                          YEAR:      2016
                                          LATITUDE:   46 25 N
                                          LONGITUDE: 105 53 W

  TEMPERATURE IN F:       :PCPN:    SNOW:  WIND      :SUNSHINE: SKY     :PK WND
================================================================================
1   2   3   4   5  6A  6B    7    8   9   10  11  12  13   14  15   16   17  18
                                     12Z  AVG MX 2MIN
DY MAX MIN AVG DEP HDD CDD  WTR  SNW DPTH SPD SPD DIR MIN PSBL S-S WX    SPD DR
================================================================================

 1  89  66  78   2   0  13 0.00    M    M 11.4 26  40   M    M   1        32  50
 2 100  61  81   6   0  16 0.00    M    M 11.4 22  60   M    M   1        37  50
 3  89  61  75   0   0  10 0.00    M    M 17.5 30 330   M    M   0        36 330
 4  82  57  70  -5   0   5 0.00    M    M 10.3 20 320   M    M   1        26 330
 5  93  54  74  -1   0   9 0.00    M    M  8.5 20  80   M    M   0        25  90
 6  94  64  79   4   0  14 0.00    M    M 12.8 25 160   M    M   0        32 140
 7  93  63  78   3   0  13 0.03    M    M  6.9 45 230   M    M   0 3      54 240
 8  91  61  76   1   0  11 0.00    M    M  8.5 22 320   M    M   0        30 300
 9  93  60  77   2   0  12    T    M    M 13.8 29  60   M    M   0 3      36  50
10  86  60  73  -1   0   8    T    M    M  8.6 18 330   M    M   0 3      24 320
11  84  54  69  -5   0   4 0.00    M    M  9.5 24 280   M    M   0        29 280
12  83  59  71  -3   0   6    T    M    M  7.8 36 330   M    M   3 38     42 330
13  85  55  70  -4   0   5 0.00    M    M  5.1 14 330   M    M   2        17 320
14  93  59  76   2   0  11 0.00    M    M  6.7 28  30   M    M   0 3      33  30
15  92  57  75   2   0  10    T    M    M  8.2 31 280   M    M   0 3      39 270
16  92  60  76   3   0  11 0.00    M    M  5.1 13  70   M    M   1        16 120
17  99  60  80   7   0  15 0.00    M    M  7.5 22 360   M    M   0        28 350
18  75  59  67  -6   0   2 0.02    M    M 12.3 28 340   M    M   4        35 350
19  69  53  61 -11   4   0 0.72    M    M 10.5 23 330   M    M   6 1      27 330
20  78  49  64  -8   1   0 0.00    M    M  4.1 14 240   M    M   0        20 240
21  92  52  72   0   0   7 0.00    M    M  8.8 16 190   M    M   0        22 160
22  95  56  76   5   0  11 0.00    M    M  7.1 18  10   M    M   0        24  20
23  80  55  68  -3   0   3 0.00    M    M 13.7 26 290   M    M   0        34 290
24  72  55  64  -7   1   0 0.00    M    M 16.1 32 320   M    M   5        42 320
================================================================================
SM 2099 1390         6 196  0.77    M    232.2          M       24
================================================================================
AV 87.5 57.9                               9.7 FASTST   M    M   1    MAX(MPH)
                                 MISC ---->  # 45 230               # 54  240
================================================================================
NOTES:
# LAST OF SEVERAL OCCURRENCES

COLUMN 17 PEAK WIND IN M.P.H.

PRELIMINARY LOCAL CLIMATOLOGICAL DATA (WS FORM: F-6) , PAGE 2

                                          STATION:  MILES CITY MT
                                          MONTH:    AUGUST
                                          YEAR:     2016
                                          LATITUDE:   46 25 N
                                          LONGITUDE: 105 53 W

[TEMPERATURE DATA]      [PRECIPITATION DATA]       SYMBOLS USED IN COLUMN 16

AVERAGE MONTHLY: 72.7   TOTAL FOR MONTH:   0.77    1 = FOG OR MIST
DPTR FM NORMAL:  -0.9   DPTR FM NORMAL:    0.04    2 = FOG REDUCING VISIBILITY
HIGHEST:   100 ON  2    GRTST 24HR  0.74 ON 18-19      TO 1/4 MILE OR LESS
LOWEST:     49 ON 20                               3 = THUNDER
                        SNOW, ICE PELLETS, HAIL    4 = ICE PELLETS
                        TOTAL MONTH:    M          5 = HAIL
                        GRTST 24HR    M  ON   M    6 = FREEZING RAIN OR DRIZZLE
                        GRTST DEPTH:  M  ON   M    7 = DUSTSTORM OR SANDSTORM:
                                                       VSBY 1/2 MILE OR LESS
                                                   8 = SMOKE OR HAZE
[NO. OF DAYS WITH]      [WEATHER - DAYS WITH]      9 = BLOWING SNOW
                                                   X = TORNADO
MAX 32 OR BELOW:   0    0.01 INCH OR MORE:   3
MAX 90 OR ABOVE:  12    0.10 INCH OR MORE:   1
MIN 32 OR BELOW:   0    0.50 INCH OR MORE:   1
MIN  0 OR BELOW:   0    1.00 INCH OR MORE:   0

[HDD (BASE 65) ]
TOTAL THIS MO.     6    CLEAR  (SCALE 0-3)  20
DPTR FM NORMAL    -2    PTCLDY (SCALE 4-7)   4
TOTAL FM JUL 1     8    CLOUDY (SCALE 8-10)  0
DPTR FM NORMAL   -12

[CDD (BASE 65) ]
TOTAL THIS MO.   196
DPTR FM NORMAL   -23    [PRESSURE DATA]
TOTAL FM JAN 1   755    HIGHEST SLP M ON M
DPTR FM NORMAL   121    LOWEST  SLP 29.56 ON 22

[REMARKS]
