000
CXUS55 KBYZ 011055
CF6MLS
PRELIMINARY LOCAL CLIMATOLOGICAL DATA (WS FORM: F-6)

                                          STATION:   MILES CITY MT
                                          MONTH:     MAY
                                          YEAR:      2015
                                          LATITUDE:   46 25 N
                                          LONGITUDE: 105 53 W

  TEMPERATURE IN F:       :PCPN:    SNOW:  WIND      :SUNSHINE: SKY     :PK WND
================================================================================
1   2   3   4   5  6A  6B    7    8   9   10  11  12  13   14  15   16   17  18
                                     12Z  AVG MX 2MIN
DY MAX MIN AVG DEP HDD CDD  WTR  SNW DPTH SPD SPD DIR MIN PSBL S-S WX    SPD DR
================================================================================

 1  75  39  57   6   8   0    T    M    M  8.0 17 270   M    M   1        27 270
 2  82  40  61   9   4   0    T    M    M 14.7 45  40   M    M   2        55  40
 3  64  44  54   2  11   0 0.00    M    M  7.9 18  20   M    M   3        23  30
 4  71  44  58   6   7   0 0.00    M    M 15.9 28 150   M    M   2        36 130
 5  82  49  66  14   0   1 0.00    M    M 15.0 22 140   M    M   0        29 130
 6  59  49  54   1  11   0 0.03    M    M 14.8 24 320   M    M   9 1      30 320
 7  53  39  46  -7  19   0 0.00    M    M 14.7 23 330   M    M   6        29 300
 8  52  38  45  -8  20   0 0.18    M    M 11.1 20  40   M    M  10 1      23  50
 9  48  37  43 -11  22   0 0.02    M    M  6.7 15  50   M    M   9 1      19  50
10  56  35  46  -8  19   0 0.00    M    M  6.9 16  60   M    M   1 1      19  80
11  65  29  47  -7  18   0 0.00    M    M  6.0 15 230   M    M   0        22 200
12  65  43  54  -1  11   0    T    M    M  9.1 15  30   M    M   6        18  60
13  68  40  54  -1  11   0 0.00    M    M 14.2 24  40   M    M   1        29  40
14  66  46  56   1   9   0 0.00    M    M 12.8 22  40   M    M   4 18     27  50
15  54  48  51  -5  14   0 0.06    M    M 11.4 18 100   M    M  10 1      24 100
16  68  50  59   3   6   0 0.22    M    M 10.9 21  10   M    M   6 18     27  10
17  50  38  44 -12  21   0 0.01    M    M 15.3 29 340   M    M  10 1      36 340
18  57  30  44 -12  21   0 0.00    M    M  7.3 16  50   M    M   1        20  70
19  64  32  48  -9  17   0 0.00    M    M 10.3 18 130   M    M   1        24  90
20  65  34  50  -7  15   0 0.00    M    M  6.9 17 160   M    M   0        23 150
21  73  37  55  -2  10   0 0.00    M    M 11.9 25 150   M    M   0        33 120
22  72  44  58   0   7   0    T    M    M 13.1 24 130   M    M   5        32 110
23  63  45  54  -4  11   0 0.07    M    M  8.2 21 140   M    M   6 1      24 140
24  67  50  59   1   6   0 0.02    M    M  9.1 16  50   M    M   9        21  70
25  70  50  60   1   5   0    T    M    M  5.7 15  30   M    M   5        20  90
26  78  47  63   4   2   0 0.00    M    M  6.5 15 150   M    M   1 12     18 140
27  69  54  62   3   3   0 0.38    M    M  4.7 20 320   M    M   5 13     26 320
28  77  49  63   3   2   0    T    M    M 12.5 35  10   M    M   5 12     43 350
29  63  42  53  -7  12   0 0.00    M    M  9.0 21  10   M    M   1        26  10
30  75  43  59  -1   6   0 0.83    M    M 14.6 24 140   M    M   3 13     32 150
31  79  50  65   5   0   0    T    M    M  4.8 17 150   M    M   1        22 160
================================================================================
SM 2050 1315       328   1  1.82    M    320.0          M      123
================================================================================
AV 66.1 42.4                              10.3 FASTST   M    M   4    MAX(MPH)
                                 MISC ---->  # 45  40               # 55   40
================================================================================
NOTES:
# LAST OF SEVERAL OCCURRENCES

COLUMN 17 PEAK WIND IN M.P.H.

PRELIMINARY LOCAL CLIMATOLOGICAL DATA (WS FORM: F-6) , PAGE 2

                                          STATION:  MILES CITY MT
                                          MONTH:    MAY
                                          YEAR:     2015
                                          LATITUDE:   46 25 N
                                          LONGITUDE: 105 53 W

[TEMPERATURE DATA]      [PRECIPITATION DATA]       SYMBOLS USED IN COLUMN 16

AVERAGE MONTHLY: 54.3   TOTAL FOR MONTH:   1.82    1 = FOG OR MIST
DPTR FM NORMAL:  -1.6   DPTR FM NORMAL:   -0.36    2 = FOG REDUCING VISIBILITY
HIGHEST:    82 ON  5, 2 GRTST 24HR  0.83 ON 30-30      TO 1/4 MILE OR LESS
LOWEST:     29 ON 11                               3 = THUNDER
                        SNOW, ICE PELLETS, HAIL    4 = ICE PELLETS
                        TOTAL MONTH:    M          5 = HAIL
                        GRTST 24HR    M  ON   M    6 = FREEZING RAIN OR DRIZZLE
                        GRTST DEPTH:  M  ON   M    7 = DUSTSTORM OR SANDSTORM:
                                                       VSBY 1/2 MILE OR LESS
                                                   8 = SMOKE OR HAZE
[NO. OF DAYS WITH]      [WEATHER - DAYS WITH]      9 = BLOWING SNOW
                                                   X = TORNADO
MAX 32 OR BELOW:   0    0.01 INCH OR MORE:  10
MAX 90 OR ABOVE:   0    0.10 INCH OR MORE:   4
MIN 32 OR BELOW:   3    0.50 INCH OR MORE:   1
MIN  0 OR BELOW:   0    1.00 INCH OR MORE:   0

[HDD (BASE 65) ]
TOTAL THIS MO.   328    CLEAR  (SCALE 0-3)  15
DPTR FM NORMAL    25    PTCLDY (SCALE 4-7)  10
TOTAL FM JUL 1  6985    CLOUDY (SCALE 8-10)  6
DPTR FM NORMAL  -564

[CDD (BASE 65) ]
TOTAL THIS MO.     1
DPTR FM NORMAL   -18    [PRESSURE DATA]
TOTAL FM JAN 1     1    HIGHEST SLP 30.50 ON 18
DPTR FM NORMAL   -19    LOWEST  SLP 29.58 ON 16

[REMARKS]
#FINAL-05-15#
