000
CXUS55 KBOU 270757
CF6MNH
PRELIMINARY LOCAL CLIMATOLOGICAL DATA (WS FORM: F-6)

                                          STATION:   ELBERT 6W CO
                                          MONTH:     AUGUST
                                          YEAR:      2016
                                          LATITUDE:   39 13 N
                                          LONGITUDE: 104 38 W

  TEMPERATURE IN F:       :PCPN:    SNOW:  WIND      :SUNSHINE: SKY     :PK WND
================================================================================
1   2   3   4   5  6A  6B    7    8   9   10  11  12  13   14  15   16   17  18
                                     12Z  AVG MX 2MIN
DY MAX MIN AVG DEP HDD CDD  WTR  SNW DPTH SPD SPD DIR MIN PSBL S-S WX    SPD DR
================================================================================

 1  82  57  70   M   0   5    M    M    M  8.2 18 360   M    M   1        23 360
 2  84  55  70   M   0   5    M    M    M  7.9 20 160   M    M   3        27 160
 3  84  54  69   M   0   4    M    M    M  9.2 13 180   M    M   1        21 160
 4  66  54  60   M   5   0    M    M    M  9.1 20 340   M    M   5        27 340
 5  72  46  59   M   6   0    M    M    M  9.0 16 170   M    M   8        20 180
 6  73  54  64   M   1   0    M    M    M  7.5 15 220   M    M   7 3      24 220
 7  79  52  66   M   0   1    M    M    M  8.2 17 180   M    M   1 3      23 180
 8  79  54  67   M   0   2    M    M    M  9.6 24 300   M    M   1 3      30 300
 9  84  54  69   M   0   4    M    M    M  8.4 17 160   M    M   2 3      31 210
10  84  54  69   M   0   4    M    M    M  6.1 10 290   M    M   3        18 330
11  79  52  66   M   0   1    M    M    M  5.8 13  10   M    M   3 3      17 350
12  73  46  60   M   5   0    M    M    M  5.5 15 200   M    M   2         M  M
13  79  50  65   M   0   0    M    M    M  8.4 28 190   M    M   1        32 190
14  79  46  63   M   2   0    M    M    M 10.7 20 200   M    M   2        27 200
15  82  52  67   M   0   2    M    M    M  8.2 15  30   M    M   1 3      28  30
16  81  50  66   M   0   1    M    M    M  8.4 15 180   M    M   2        23 200
17  77  50  64   M   1   0    M    M    M  7.2 15 160   M    M   0        20 160
18  79  46  63   M   2   0    M    M    M  9.3 22 320   M    M   2        30 320
19  73  43  58   M   7   0    M    M    M  8.9 17 360   M    M   6 12     33  20
20  70  41  56   M   9   0    M    M    M  5.7 15 100   M    M   4         M  M
21  79  46  63   M   2   0    M    M    M  9.6 17 170   M    M   0        22 160
22  81  52  67   M   0   2    M    M    M  7.3 16 350   M    M   2        23 350
23  77  52  65   M   0   0    M    M    M  8.7 18 260   M    M   5        25 220
24  59  45  52   M  13   0    M    M    M  6.2 13 110   M    M   8 3       M  M
25  68  41  55   M  10   0    M    M    M  7.4 17 310   M    M   2 3      27 310
26  70  45  58   M   7   0    M    M    M  5.6  9 330   M    M   3         M  M
================================================================================
SM 1993 1291        70  31    M     M    206.1          M       75
================================================================================
AV 76.7 49.7                               7.9 FASTST   M    M   3    MAX(MPH)
                                 MISC ---->    28   M                 33    M
================================================================================
NOTES:
# LAST OF SEVERAL OCCURRENCES

COLUMN 17 PEAK WIND IN M.P.H.

PRELIMINARY LOCAL CLIMATOLOGICAL DATA (WS FORM: F-6) , PAGE 2

                                          STATION:  ELBERT 6W CO
                                          MONTH:    AUGUST
                                          YEAR:     2016
                                          LATITUDE:   39 13 N
                                          LONGITUDE: 104 38 W

[TEMPERATURE DATA]      [PRECIPITATION DATA]       SYMBOLS USED IN COLUMN 16

AVERAGE MONTHLY: 63.2   TOTAL FOR MONTH:      M    1 = FOG OR MIST
DPTR FM NORMAL:     M   DPTR FM NORMAL:       M    2 = FOG REDUCING VISIBILITY
HIGHEST:    84 ON 10, 9 GRTST 24HR    M  ON   M        TO 1/4 MILE OR LESS
LOWEST:     41 ON 25,20                            3 = THUNDER
                        SNOW, ICE PELLETS, HAIL    4 = ICE PELLETS
                        TOTAL MONTH:    M          5 = HAIL
                        GRTST 24HR    M  ON   M    6 = FREEZING RAIN OR DRIZZLE
                        GRTST DEPTH:  M  ON   M    7 = DUSTSTORM OR SANDSTORM:
                                                       VSBY 1/2 MILE OR LESS
                                                   8 = SMOKE OR HAZE
[NO. OF DAYS WITH]      [WEATHER - DAYS WITH]      9 = BLOWING SNOW
                                                   X = TORNADO
MAX 32 OR BELOW:   0    0.01 INCH OR MORE:   0
MAX 90 OR ABOVE:   0    0.10 INCH OR MORE:   0
MIN 32 OR BELOW:   0    0.50 INCH OR MORE:   0
MIN  0 OR BELOW:   0    1.00 INCH OR MORE:   0

[HDD (BASE 65) ]
TOTAL THIS MO.    70    CLEAR  (SCALE 0-3)  17
DPTR FM NORMAL     M    PTCLDY (SCALE 4-7)   8
TOTAL FM JUL 1    80    CLOUDY (SCALE 8-10)  1
DPTR FM NORMAL     M

[CDD (BASE 65) ]
TOTAL THIS MO.    31
DPTR FM NORMAL     M    [PRESSURE DATA]
TOTAL FM JAN 1   138    HIGHEST SLP M ON M
DPTR FM NORMAL     M    LOWEST  SLP M ON M

[REMARKS]
