000
CXUS56 KSTO 241425
CF6MOD
PRELIMINARY LOCAL CLIMATOLOGICAL DATA (WS FORM: F-6)

                                          STATION:   MODESTO CA
                                          MONTH:     JUNE
                                          YEAR:      2017
                                          LATITUDE:   37 37 N
                                          LONGITUDE: 120 57 W

  TEMPERATURE IN F:       :PCPN:    SNOW:  WIND      :SUNSHINE: SKY     :PK WND
================================================================================
1   2   3   4   5  6A  6B    7    8   9   10  11  12  13   14  15   16   17  18
                                     12Z  AVG MX 2MIN
DY MAX MIN AVG DEP HDD CDD  WTR  SNW DPTH SPD SPD DIR MIN PSBL S-S WX    SPD DR
================================================================================

 1  87  60  74   2   0   9 0.00  0.0    0  9.8 20 290   M    M   0        86  90
 2  93  59  76   4   0  11 0.00  0.0    0  7.6 18 300   M    M   0        29  50
 3  94  65  80   8   0  15 0.00  0.0    0  8.3 17 320   M    M   0        22 280
 4  93  59  76   4   0  11 0.00  0.0    0 10.0 21 290   M    M   0        30  50
 5  93  55  74   1   0   9 0.00  0.0    0  8.1 16  70   M    M   0        25 290
 6  95  61  78   5   0  13 0.00  0.0    0  7.3 20 290   M    M   0        24  50
 7  89  61  75   2   0  10 0.00  0.0    0 10.1 22 310   M    M   0        33 300
 8  76  62  69  -4   0   4    T  0.0    0  5.2 12  10   M    M   6        66  90
 9  78  58  68  -6   0   3    T  0.0    0  9.6 22 320   M    M   7        38  60
10  79  54  67  -7   0   2 0.00  0.0    0 12.3 23 290   M    M   0        29 280
11  73  50  62 -12   3   0    T  0.0    0  8.3 28 290   M    M   3 8      65  90
12  76  48  62 -12   3   0 0.00  0.0    0  7.6 15 310   M    M   2        48 200
13  84  54  69  -5   0   4 0.00  0.0    0  8.8 18 310   M    M   0        25 320
14  93  57  75   1   0  10 0.00  0.0    0  7.7 18 300   M    M   0        48  80
15  95  63  79   4   0  14 0.00  0.0    0 11.5 22 310   M    M   0        37 270
16  99  68  84   9   0  19 0.00  0.0    0 10.4 18 320   M    M   0        26 230
17 102  73  88  13   0  23 0.00  0.0    0 11.9 22 310   M    M   0        31 330
18 106  72  89  14   0  24 0.00  0.0    0  7.0 14 310   M    M   2        22 310
19 109  75  92  16   0  27 0.00  0.0    0  6.4 16 330   M    M   2        30 130
20 109  73  91  15   0  26 0.00  0.0    0  7.6 17 320   M    M   1        31 330
21 106  72  89  13   0  24 0.00  0.0    0  8.3 15 360   M    M   1        25 290
22 108  75  92  16   0  27 0.00  0.0    0  7.6 15 290   M    M   2        24 300
23 103  74  89  13   0  24 0.00  0.0    0  9.8 17 320   M    M   1        29  80
================================================================================
SM 2140 1448         6 309    T      0.0 201.2          M       27
================================================================================
AV 93.0 63.0                               8.7 FASTST   M    M   1    MAX(MPH)
                                 MISC ---->  # 28 290               # 86   90
================================================================================
NOTES:
# LAST OF SEVERAL OCCURRENCES

COLUMN 17 PEAK WIND IN M.P.H.

PRELIMINARY LOCAL CLIMATOLOGICAL DATA (WS FORM: F-6) , PAGE 2

                                          STATION:  MODESTO CA
                                          MONTH:    JUNE
                                          YEAR:     2017
                                          LATITUDE:   37 37 N
                                          LONGITUDE: 120 57 W

[TEMPERATURE DATA]      [PRECIPITATION DATA]       SYMBOLS USED IN COLUMN 16

AVERAGE MONTHLY: 78.0   TOTAL FOR MONTH:      T    1 = FOG OR MIST
DPTR FM NORMAL:   3.9   DPTR FM NORMAL:   -0.11    2 = FOG REDUCING VISIBILITY
HIGHEST:   109 ON 20,19 GRTST 24HR  0.14 ON 31- 1      TO 1/4 MILE OR LESS
LOWEST:     48 ON 12                               3 = THUNDER
                        SNOW, ICE PELLETS, HAIL    4 = ICE PELLETS
                        TOTAL MONTH:   0.0 INCH    5 = HAIL
                        GRTST 24HR     0.0         6 = FREEZING RAIN OR DRIZZLE
                        GRTST DEPTH:   0           7 = DUSTSTORM OR SANDSTORM:
                                                       VSBY 1/2 MILE OR LESS
                                                   8 = SMOKE OR HAZE
[NO. OF DAYS WITH]      [WEATHER - DAYS WITH]      9 = BLOWING SNOW
                                                   X = TORNADO
MAX 32 OR BELOW:   0    0.01 INCH OR MORE:   0
MAX 90 OR ABOVE:  15    0.10 INCH OR MORE:   0
MIN 32 OR BELOW:   0    0.50 INCH OR MORE:   0
MIN  0 OR BELOW:   0    1.00 INCH OR MORE:   0

[HDD (BASE 65) ]
TOTAL THIS MO.     6    CLEAR  (SCALE 0-3)  21
DPTR FM NORMAL     6    PTCLDY (SCALE 4-7)   2
TOTAL FM JUL 1  1814    CLOUDY (SCALE 8-10)  0
DPTR FM NORMAL  -354

[CDD (BASE 65) ]
TOTAL THIS MO.   309
DPTR FM NORMAL    97    [PRESSURE DATA]
TOTAL FM JAN 1   531    HIGHEST SLP M ON M
DPTR FM NORMAL   120    LOWEST  SLP 29.60 ON 21

[REMARKS]
